{"id":6798,"date":"2018-08-21T16:12:04","date_gmt":"2018-08-21T14:12:04","guid":{"rendered":"https:\/\/www.topohvar.at\/?page_id=6798"},"modified":"2023-06-08T17:43:28","modified_gmt":"2023-06-08T15:43:28","slug":"vj-tg-01-1","status":"publish","type":"page","link":"https:\/\/www.topohvar.at\/topo\/orte\/vj\/vj-tg-01-1\/","title":{"rendered":"VRBANJ &#8211; Ku\u0107a \u00bbDom Matij Ivani\u0107\u00ab"},"content":{"rendered":"<p><a name=\"seite_oben\"><\/a><br \/>\n<strong><img loading=\"lazy\" decoding=\"async\" class=\"alignnone wp-image-6628 size-large\" src=\"https:\/\/www.topohvar.at\/wp-content\/uploads\/2018\/08\/VJ-TG-01-0-1024x503.jpg\" alt=\"\" width=\"640\" height=\"314\" srcset=\"https:\/\/www.topohvar.at\/wp-content\/uploads\/2018\/08\/VJ-TG-01-0-1024x503.jpg 1024w, https:\/\/www.topohvar.at\/wp-content\/uploads\/2018\/08\/VJ-TG-01-0-300x147.jpg 300w, https:\/\/www.topohvar.at\/wp-content\/uploads\/2018\/08\/VJ-TG-01-0-768x377.jpg 768w, https:\/\/www.topohvar.at\/wp-content\/uploads\/2018\/08\/VJ-TG-01-0.jpg 1080w\" sizes=\"auto, (max-width: 640px) 100vw, 640px\" \/><\/strong><\/p>\n<p><strong>Ime \/ Name<br \/>\n<\/strong>Ku\u0107a \u00bbDom Matij Ivani\u0107\u00ab \/ Kulturhaus Matij Ivani\u0107<\/p>\n<p><strong>Code: <\/strong>VJ-TG-01\u00a0 \u00a0 \u00a0 \u00a0 \u00a0 \u00a0 \u00a0 \u00a0<strong>\u00a0 \u00a0 \u00a0 \u00a0 \u00a0 \u00a0 \u00a0 \u00a0 \u00a0 \u00a0<a href=\"https:\/\/www.topohvar.at\/orte\/vj\/vj-tg-05-1\/\"><img loading=\"lazy\" decoding=\"async\" class=\"alignnone wp-image-533 size-full\" src=\"https:\/\/www.topohvar.at\/wp-content\/uploads\/2018\/07\/push-l-30.jpg\" alt=\"\" width=\"61\" height=\"30\" \/><\/a>\u00a0<a href=\"https:\/\/www.topohvar.at\/orte\/vj\/\"><img loading=\"lazy\" decoding=\"async\" class=\"alignnone wp-image-535 size-full\" src=\"https:\/\/www.topohvar.at\/wp-content\/uploads\/2018\/07\/push-o-30.jpg\" alt=\"\" width=\"61\" height=\"30\" \/><\/a>\u00a0<a href=\"https:\/\/www.topohvar.at\/orte\/vj\/vj-tg-02-1\/\"><img loading=\"lazy\" decoding=\"async\" class=\"alignnone wp-image-536 size-full\" src=\"https:\/\/www.topohvar.at\/wp-content\/uploads\/2018\/07\/push-r-30.jpg\" alt=\"\" width=\"61\" height=\"30\" \/><\/a><\/strong><\/p>\n<hr \/>\n<p><strong>Adresa \/ Adresse<br \/>\n<\/strong>Vrbanj, Pjaca<\/p>\n<p><strong>Lokalna polo\u017eaj \/ Position<a href=\"https:\/\/goo.gl\/maps\/6gJczN7rtnNN6HWp8\"><img loading=\"lazy\" decoding=\"async\" class=\"alignright wp-image-7037\" src=\"https:\/\/www.topohvar.at\/wp-content\/uploads\/2018\/08\/0904.jpg\" alt=\"\" width=\"134\" height=\"100\" \/><\/a><br \/>\n<\/strong><span style=\"color: #3366ff;\"><a style=\"color: #3366ff;\" href=\"https:\/\/goo.gl\/maps\/6gJczN7rtnNN6HWp8\">Latitude: N 43,16573\u00b0\u00a0 \u00a0 Longitude: E 16,64341\u00b0<\/a>\u00a0<\/span><strong><br \/>\n<\/strong>Visina \/ H\u00f6he: 89 m<\/p>\n<p><strong>Zemlji\u0161te \/ Grundst\u00fccke<br \/>\n<\/strong>*645<div class='content-column one_half'><div style=\"padding-right:6px;\"><p><strong>Datum snimanja \/ Erfassungsdatum<br \/>\n<\/strong>19.05.2014 17:10:00<\/p>\n<hr \/>\n<p><strong>Informacije<\/strong><\/p>\n<p>U Vrbanju je u Svibnju 1954 g. otvoren Dom kulture &#8222;Matija Ivani\u0107&#8220; koji je sagra\u0111en samodoprinosom i uglavnom dobrovoljim radom mje\u0161tana. Ogradne zidove oko \u201cbetuni\u0107a\u201d ispred Doma kasnije su sazidali radnici koji su zidali zgradu Zadruge.<\/p><\/div><\/div><div class='content-column one_half last_column'><div style=\"padding-right:0px;padding-left:6px;\"><p><strong>Za\u0161titni polo\u017eaj \/ Schutzstellung<br \/>\n<\/strong>&#8211;<\/p>\n<hr \/>\n<p><strong>Info<\/strong><\/p>\n<p>In Vrbanja wurde im Mai 1954 das Haus der Kultur \u201eMatija Ivani\u0107\u201c fertiggestellt, das durch Selbsthilfegruppen und vor allem durch freiwillige Arbeit Einheimischer errichtet wurde. Die Einfassungsmauern um die \u201eBetunica&#8220; vor dem Haus wurden sp\u00e4ter von Arbeitern, die das Genossenschaftsgeb\u00e4ude errichteten, gebaut.<\/p><\/div><\/div><div class='clear_column'><\/div><div class='content-column one_half'><div style=\"padding-right:6px;\"><p>Dom je osim za selo veoma va\u017enog prostora u prizemlju, bifea, kao okupljali\u0161ta svih generacija imao na gornjem katu kancelariju Mjesnog odbora, \u010ditaonicu \/\u010ditovnicu\/ u kojoj se je mogla pro\u010ditati tada\u0161nja \u0161tampa kao Slobodna Dalmacija, Borba,Vijesnik u srijedu, Vjesnik. Od 1964 ili 1965 mogao se je pogledati TV program na jednom od rijetkih televizora u selu a imala je i bogatu a danas potpuno uni\u0161tenu knji\u017enicu te prostoriju za vje\u017ebanje kulturno umjetni\u010dkih i sportskih dru\u0161tava.<\/p><\/div><\/div><div class='content-column one_half last_column'><div style=\"padding-right:0px;padding-left:6px;\"><p>Das Haus war f\u00fcr das Dorf sehr wichtig. Im Erdgeschoss befindet sich ein Buffet, ein Treffpunkt aller Generationen, in der oberen Etage war das B\u00fcro des Ortskomitees, Leseraum und B\u00fccherei wo man Zeitungen, wie Slobodna Dalmacija, Borba, Vijesnik etc. lesen konnte. Ab 1964 oder 1965 konnte man hier das Fernsehprogramm auf einem der wenigen Fernsehger\u00e4te des Dorfes verfolgen. Einst war hier eine reiche, sp\u00e4ter aber v\u00f6llig zerst\u00f6rte Bibliothek und ein Raum zur Ausbildung von Kultur- und Sportvereinen.<\/p><\/div><\/div><div class='clear_column'><\/div><div class='content-column one_half'><div style=\"padding-right:6px;\"><p>U 2003. godini je u toj prostoriji smje\u0161ten dje\u010dji vrti\u0107 sa sedmoro djece. U prizemlju je ure\u0111ena sala, za ono doba izvanredno opremljena, sa velikom pozornicom, prostranim gledali\u0161tem sa klupama za 250 sjeda\u0107ih mjesta te balkonom sa oko 30 sjeda\u0107ih mjesta. Pozornica je imala i garderobu (to je poznata &#8222;sobica&#8220; koja je danas prostorija NK &#8222;Varbonj&#8220;) sa svim potrebnim inventarom i kolekcijom vlasulja i brkova.<\/p><\/div><\/div><div class='content-column one_half last_column'><div style=\"padding-right:0px;padding-left:6px;\"><p>Im Jahr 2003 gab es hier einen Kindergarten mit sieben Kindern. Im Erdgeschoss befindet sich ein gut ausgestatteter Saal mit einer gro\u00dfen B\u00fchne, einem ger\u00e4umigen Sitzbereich mit 250 Sitzpl\u00e4tzen und einem Balkon mit etwa 30 Sitzpl\u00e4tzen. Die B\u00fchne hatte auch einen Garderobe (die als \u201ekleines Zimmer\u201c bekannt, und heute Platz des Fu\u00dfballklubs \u201eVarbonj\u201c ist) mit allen notwendigen Inventar und einer Sammlung von Per\u00fccken und Schnurrb\u00e4rte.<\/p><\/div><\/div><div class='clear_column'><\/div><div class='content-column one_half'><div style=\"padding-right:6px;\"><p>1958 na pozornicu se ugra\u0111uje ekran za projekciju cinemascop filmova \u0161to drasti\u010dno smanjuje mogu\u0107nosti pozornice kao dramske scene i aktivnost dramske dru\u017eine. Osim dramske dru\u017eine u Vrbanju je djelovala i limena glazba te tambura\u0161ki orkestar \u010diji je rad tokom vremena stagnirao i polovinom 60-ih se potpuno ugasio.<\/p><\/div><\/div><div class='content-column one_half last_column'><div style=\"padding-right:0px;padding-left:6px;\"><p>Im Jahr 1958 wurde eine Filmleinwand auf der B\u00fchne installiert, und die dramatischen Szenen und Aktivit\u00e4ten wurden deutlich reduziert. Neben einer Theatergruppe aus Vrbanj arbeiteten hier auch eine Blaskapelle und ein Tamburinorchester, deren Arbeit im Laufe der Zeit aber stagnierte und Mitte der 60er Jahre vollst\u00e4ndig erlosch.<\/p><\/div><\/div><div class='clear_column'><\/div><div class='content-column one_half'><div style=\"padding-right:6px;\"><p>Kino oprema je za ono doba bila veoma suvremena. Prvi cinemascop film u svijetu prikazan je 1954 g. a Vrbanj je 1958 imao opremu i adekvatno izra\u0111en ekran za reprodukciju filmova u toj tehnici. Kino predstave su 60-ih bile triput tjedno da bi se kasnije prorje\u0111ivale te sasvim prestale krajem 80-ih<\/p><\/div><\/div><div class='content-column one_half last_column'><div style=\"padding-right:0px;padding-left:6px;\"><p>Die Kinotechnik war f\u00fcr die damalige Zeit sehr modern. Der erste Cinemascope-Film wurde in der Welt im Jahr 1954 und Vrbanj bereits im Jahre 1958 mit der entsprechenden Technik f\u00fcr diese Filme gezeigt. In den 60er Jahren wurden dreimal pro Woche Filme vorgef\u00fchrt, in den sp\u00e4ten 80er Jahren die Filmvorf\u00fchrungen aber komplett eingestellt.<\/p><\/div><\/div><div class='clear_column'><\/div><div class='content-column one_half'><div style=\"padding-right:6px;\"><p>Ranih 60-ih zbog velikog broja djece a sku\u010denog prostora u \u0161koli jedan razred je bio smje\u0161ten u prostoru doma.<\/p><\/div><\/div><div class='content-column one_half last_column'><div style=\"padding-right:0px;padding-left:6px;\"><p>Anfang der 60er Jahre wurde aufgrund der gro\u00dfen Anzahl von Kindern und der Raumknappheit in der Schule eine Klasse hier im Haus untergebracht.<\/p><\/div><\/div><div class='clear_column'><\/div><div class='content-column one_half'><div style=\"padding-right:6px;\"><p>Obnova krova, kao i opse\u017ene obnove i rekonstrukcije, uklju\u010duju\u0107i zamjenu o\u0161te\u0107enog natpisa na pro\u010delju zgrade, napravljeni su u 2008. godini.<\/p><\/div><\/div><div class='content-column one_half last_column'><div style=\"padding-right:0px;padding-left:6px;\"><p>Die Erneuerung des Daches, sowie umfangreiche Renovierungs- und Umbauarbeiten einschlie\u00dflich des Ersatzes der besch\u00e4digten Inschrift an der Fassade des Geb\u00e4udes erfolgten im Jahr 2008.<\/p><\/div><\/div><div class='clear_column'><\/div><div class='content-column one_half'><div style=\"padding-right:6px;\"><p>Ku\u0107a preostaje jo\u0161 ure\u0111enje klupskih prostorija NK \u201eVarbonj\u201d u prizemlju te prekrasne kamene gra\u0111evine.<\/p><\/div><\/div><div class='content-column one_half last_column'><div style=\"padding-right:0px;padding-left:6px;\"><p>Im Erdgescho\u00df des sch\u00f6nen Steingeb\u00e4udes sind nach wie vor die Klubr\u00e4ume des Fu\u00dfballklubs \u201eVarbonj\u201c untgergebracht.<\/p><\/div><\/div><div class='clear_column'><\/div><\/p>\n<hr \/>\n<div class='content-column one_half'><div style=\"padding-right:6px;\"><p>Opse\u017eni radovi na obnovi zapo\u010det \u0107e 2020. godine. Tako \u0107e vrti\u0107 u sklopu Doma uskoro zasjati punim sjajem, a djeca i zaposlenici \u0107e uz suvremeno opremljen vrti\u0107 s popratnim prostorijama, dobiti i novo igrali\u0161te te vi\u0161enamjensku dvoranu za brojne sadr\u017eaje. U prizemlju Doma planirano je i ure\u0111enje spomen sobe Matije Ivani\u0107a s malim etnografskim postavom.<\/p><\/div><\/div><div class='content-column one_half last_column'><div style=\"padding-right:0px;padding-left:6px;\"><p>Im Jahr 2020 beginnen umfassende Renovierungsarbeiten. So wird der Kindergarten innerhalb des Heims bald in voller Pracht erstrahlen, und Kinder und Mitarbeiter werden neben dem modern ausgestatteten Kindergarten mit Nebenr\u00e4umen auch einen neuen Spielplatz und eine Mehrzweckhalle f\u00fcr zahlreiche Einrichtungen erhalten. Im Erdgeschoss des Hauses soll auch der Gedenkraum von Matija Ivani\u0107 mit einer kleinen ethnografischen Ausstellung dekoriert werden.<\/p><\/div><\/div><div class='clear_column'><\/div><\/p>\n<p style=\"text-align: center;\"><em>(izvor \/ Quelle: https:\/\/stari-grad.hr\/novosti\/)<\/em><\/p>\n<p style=\"text-align: right;\"><a href=\"#seite_oben\">natrag na vrh \/ Seitenanfang<\/a><\/p>\n<hr \/>\n<p><strong>Linkovi \/ Links<\/strong><\/p>\n<p><span style=\"color: #3366ff;\"><a style=\"color: #3366ff;\" href=\"https:\/\/www.topohvar.at\/topo\/orte\/vj\/vj-is-03-1\/\">Vrbanj &#8211; Spomen plo\u010da \u00bbKu\u010da Matij Ivani\u0107a\u00ab \/ Gedenktafel Haus Matij Ivani\u0107<\/a>\u00a0<\/span><br \/>\n<span style=\"color: #3366ff;\"><a style=\"color: #3366ff;\" href=\"https:\/\/www.topohvar.at\/topo\/orte\/vj\/vj-is-06-1\/\">Vrbanj &#8211; Spomen plo\u010da \u00bbMatij Ivani\u0107, na 444-tu godisnjicu pu\u010dana\u00ab \/ Gedenktafel Matij Ivani\u0107, zum 444. Jahrestag des Aufstandes<\/a>\u00a0<\/span><br \/>\n<span style=\"color: #3366ff;\"><a style=\"color: #3366ff;\" href=\"https:\/\/www.topohvar.at\/topo\/orte\/vj\/vj-is-05-1\/\">Vrbanj &#8211; Spomen plo\u010da \u00bbMatij Ivani\u0107, na 500-tu godisnjicu pu\u010dana\u00ab \/ Gedenktafel Matij Ivani\u0107, zum 500. Jahrestag des Aufstandes<\/a>\u00a0<\/span><br \/>\n<span style=\"color: #3366ff;\"><a style=\"color: #3366ff;\" href=\"https:\/\/www.topohvar.at\/topo\/orte\/vj\/vj-pu-01-1\/\">Vrbanj &#8211; Objekt \u00bbPut Matija Ivani\u0107a\u00ab \/ Ivani\u0107-Weg<\/a>\u00a0<\/span><br \/>\n<span style=\"color: #3366ff;\"><a style=\"color: #3366ff;\" href=\"https:\/\/www.topohvar.at\/topo\/orte\/vj\/vj-ip-01-1\/\">Vrbanj &#8211; Informativna plo\u010da \u00bbPut Matija Ivani\u0107a\u00ab \/ Infotafel Ivani\u0107-Weg<\/a><\/span><\/p>\n<p><span style=\"color: #3366ff;\"><strong><a style=\"color: #3366ff;\" href=\"https:\/\/www.topohvar.at\/topo\/orte\/vj\/vj-tg-08-1\/\">Mehr \u00fcber <\/a><a style=\"color: #3366ff;\" href=\"https:\/\/www.topohvar.at\/topo\/orte\/vj\/vj-tg-08-1\/\">Matij Ivani\u0107<\/a><a style=\"color: #3366ff;\" href=\"https:\/\/www.topohvar.at\/topo\/orte\/vj\/vj-tg-08-1\/\">\u00a0\/ vi\u0161e o Matiji Ivani\u0107u<\/a><\/strong><\/span><\/p>\n<p><a style=\"color: #3366ff;\" href=\"https:\/\/www.topohvar.at\/orte\/hv\/hv-ci-03-1\/\">Hvar &#8211; Pri\u010da o Hvarskom Svetom Kri\u017ei\u0107u \/\u00a0\u00a0die Geschichte vom Heiligen Kreuz in Hvar<\/a><br \/>\n<a href=\"https:\/\/www.topohvar.at\/topo\/orte\/hv\/hv-is-12-1\/\"><span style=\"color: #3366ff;\">Hvar &#8211; Spomen plo\u010da \u00bbMatij Ivani\u0107\u00ab \/ Gedenktafel \u00bbMatij Ivani\u0107\u00ab<\/span><\/a><span style=\"color: #3366ff;\">\u00a0<\/span><br \/>\n<span style=\"color: #3366ff;\"><a style=\"color: #3366ff;\" href=\"https:\/\/www.topohvar.at\/topo\/orte\/hv\/hv-ci-03\/\">Hvar &#8211; Crkva \u00bbGospa Anuncijata\u00ab \/ Kirche Maria Verk\u00fcndigung<\/a>\u00a0<\/span><\/p>\n<p><span style=\"color: #3366ff;\"><a style=\"color: #3366ff;\" href=\"https:\/\/www.topohvar.at\/topo\/orte\/je\/je-is-05-1\/\">Jelsa &#8211; Spomen plo\u010da \u00bb\u0106eta Matij Ivani\u0107\u00ab \/ Gedenktafel Partisaneneinheit Matij Ivani\u0107<\/a>\u00a0<\/span><\/p>\n<p><span style=\"color: #3366ff;\"><a style=\"color: #3366ff;\" href=\"https:\/\/www.topohvar.at\/topo\/orte\/sg\/sg-is-08-2\/\">Stari Grad &#8211; Spomen plo\u010da \u00bbMatij Ivani\u0107, napad 1510\u00ab\/ Gedenktafel an den Aufstand des\u00a0Matij Ivani\u0107 im Jahr 1510<\/a><\/span><\/p>\n<p><span style=\"color: #3366ff;\"><a style=\"color: #3366ff;\" href=\"https:\/\/www.topohvar.at\/topo\/orte\/sv\/sv-cp-07-1\/\">Svir\u010de &#8211; Kapela \u00bbSv. Nikole od Planine\u00ab \/ Kapelle des hl. Nikolaus am Berg<\/a><\/span><\/p>\n<p><span style=\"color: #3366ff;\"><a style=\"color: #3366ff;\" href=\"https:\/\/www.topohvar.at\/topo\/orte\/va\/va-tg-05-1\/\">Vrboska &#8211; Ku\u0107a \u00bbMatije Ivani\u0107a\u00ab \/ Haus des\u00a0Matij Ivani\u0107<\/a>\u00a0<\/span><br \/>\n<span style=\"color: #3366ff;\"><a style=\"color: #3366ff;\" href=\"https:\/\/www.topohvar.at\/topo\/orte\/va\/va-is-02-1\/\">Vrboska &#8211; Spomen plo\u010da \u00bbKu\u0107a Matije Ivani\u0107a\u00ab \/ Gedenktafel Haus des Matij Ivani\u0107<\/a><\/span><\/p>\n","protected":false},"excerpt":{"rendered":"<p>Ime \/ Name Ku\u0107a \u00bbDom Matij Ivani\u0107\u00ab \/ Kulturhaus Matij Ivani\u0107 Code: VJ-TG-01\u00a0 \u00a0 \u00a0 \u00a0 \u00a0 \u00a0 \u00a0 \u00a0\u00a0 \u00a0 \u00a0 \u00a0 \u00a0 \u00a0 \u00a0 \u00a0 \u00a0 \u00a0\u00a0\u00a0 Adresa \/ Adresse Vrbanj, Pjaca Lokalna polo\u017eaj \/ Position Latitude: N &hellip; <a href=\"https:\/\/www.topohvar.at\/topo\/orte\/vj\/vj-tg-01-1\/\">Weiterlesen <span class=\"meta-nav\">&rarr;<\/span><\/a><\/p>\n","protected":false},"author":1,"featured_media":0,"parent":111,"menu_order":0,"comment_status":"closed","ping_status":"closed","template":"","meta":{"footnotes":""},"class_list":["post-6798","page","type-page","status-publish","hentry"],"_links":{"self":[{"href":"https:\/\/www.topohvar.at\/topo\/wp-json\/wp\/v2\/pages\/6798","targetHints":{"allow":["GET"]}}],"collection":[{"href":"https:\/\/www.topohvar.at\/topo\/wp-json\/wp\/v2\/pages"}],"about":[{"href":"https:\/\/www.topohvar.at\/topo\/wp-json\/wp\/v2\/types\/page"}],"author":[{"embeddable":true,"href":"https:\/\/www.topohvar.at\/topo\/wp-json\/wp\/v2\/users\/1"}],"replies":[{"embeddable":true,"href":"https:\/\/www.topohvar.at\/topo\/wp-json\/wp\/v2\/comments?post=6798"}],"version-history":[{"count":17,"href":"https:\/\/www.topohvar.at\/topo\/wp-json\/wp\/v2\/pages\/6798\/revisions"}],"predecessor-version":[{"id":62919,"href":"https:\/\/www.topohvar.at\/topo\/wp-json\/wp\/v2\/pages\/6798\/revisions\/62919"}],"up":[{"embeddable":true,"href":"https:\/\/www.topohvar.at\/topo\/wp-json\/wp\/v2\/pages\/111"}],"wp:attachment":[{"href":"https:\/\/www.topohvar.at\/topo\/wp-json\/wp\/v2\/media?parent=6798"}],"curies":[{"name":"wp","href":"https:\/\/api.w.org\/{rel}","templated":true}]}}