{"id":68026,"date":"2024-06-04T18:00:32","date_gmt":"2024-06-04T16:00:32","guid":{"rendered":"https:\/\/www.topohvar.at\/topo\/?page_id=68026"},"modified":"2024-06-04T18:16:32","modified_gmt":"2024-06-04T16:16:32","slug":"je-in-10-1","status":"publish","type":"page","link":"https:\/\/www.topohvar.at\/topo\/orte\/je\/je-in-10-1\/","title":{"rendered":"JELSA &#8211; Natpis \u00bbZDRAVO KRI\u017dU\u00ab"},"content":{"rendered":"<p><a name=\"seite_oben\"><\/a><br \/>\n<strong><img loading=\"lazy\" decoding=\"async\" class=\"alignnone wp-image-68027 size-full\" src=\"https:\/\/www.topohvar.at\/wp-content\/uploads\/2024\/06\/je-in-10-1.jpg\" alt=\"\" width=\"1080\" height=\"530\" srcset=\"https:\/\/www.topohvar.at\/wp-content\/uploads\/2024\/06\/je-in-10-1.jpg 1080w, https:\/\/www.topohvar.at\/wp-content\/uploads\/2024\/06\/je-in-10-1-300x147.jpg 300w, https:\/\/www.topohvar.at\/wp-content\/uploads\/2024\/06\/je-in-10-1-1024x503.jpg 1024w, https:\/\/www.topohvar.at\/wp-content\/uploads\/2024\/06\/je-in-10-1-768x377.jpg 768w\" sizes=\"auto, (max-width: 1080px) 100vw, 1080px\" \/><\/strong><\/p>\n<p><strong>Ime \/ Name<br \/>\n<\/strong>Natpis \u00bbZDRAVO KRI\u017dU\u00ab \/ Inschrift \u00bbKreuz &#8211; zum Gru\u00df\u00ab<\/p>\n<p><strong>Code: <\/strong>JE-IN-10\u00a0 \u00a0 \u00a0 \u00a0 \u00a0 \u00a0 \u00a0 \u00a0 \u00a0 \u00a0 \u00a0 \u00a0 \u00a0 \u00a0 \u00a0 <strong><a href=\"https:\/\/www.topohvar.at\/orte\/je\/je-in-05-1\/\"><img loading=\"lazy\" decoding=\"async\" class=\"alignnone wp-image-533 size-full\" src=\"https:\/\/www.topohvar.at\/wp-content\/uploads\/2018\/07\/push-l-30.jpg\" alt=\"\" width=\"61\" height=\"30\" \/><\/a> <a href=\"https:\/\/www.topohvar.at\/orte\/je\/\"><img loading=\"lazy\" decoding=\"async\" class=\"alignnone wp-image-535 size-full\" src=\"https:\/\/www.topohvar.at\/wp-content\/uploads\/2018\/07\/push-o-30.jpg\" alt=\"\" width=\"61\" height=\"30\" \/><\/a> <a href=\"https:\/\/www.topohvar.at\/orte\/je\/je-in-08-1\/\"><img loading=\"lazy\" decoding=\"async\" class=\"alignnone wp-image-536 size-full\" src=\"https:\/\/www.topohvar.at\/wp-content\/uploads\/2018\/07\/push-r-30.jpg\" alt=\"\" width=\"61\" height=\"30\" \/><\/a><\/strong><\/p>\n<hr \/>\n<p><strong>Adresa \/ Adresse<br \/>\n<\/strong>Jelsa,\u00a0Trg Hrvatskog narodnog preporoda (Pjaca)<\/p>\n<p><strong>Lokacija<\/strong><strong> \/ Position<a href=\"https:\/\/maps.app.goo.gl\/PXNqmvACaiBhjiZRA\"><img loading=\"lazy\" decoding=\"async\" class=\"alignright wp-image-68028\" src=\"https:\/\/www.topohvar.at\/wp-content\/uploads\/2024\/06\/4161.jpg\" alt=\"\" width=\"133\" height=\"100\" \/><\/a><br \/>\n<\/strong><a href=\"https:\/\/maps.app.goo.gl\/PXNqmvACaiBhjiZRA\"><span style=\"color: #3366ff;\">Latitude: N 43,16148\u00b0\u00a0 \u00a0Longitude: E 16,69256\u00b0 <\/span><\/a><strong><br \/>\n<\/strong>Visina \/ H\u00f6he: 1 m<\/p>\n<p><strong>Katastarska \u010destica<\/strong><strong> \/ Grundst\u00fccke<br \/>\n<\/strong>5663\/1<div class='content-column one_half'><div style=\"padding-right:6px;\"><p><strong>Datum snimanja \/ Erfassungsdatum<br \/>\n<\/strong>19.05.2024 10:22:46<\/p>\n<hr \/>\n<p><strong>Informacije<\/strong><\/p>\n<p>Na po\u010detku Trga Hrvatskog narodnog preporoda (Pjaca) nalazi se kamena plo\u010da umetnita u zemlju s otiskom stopala i natpisom:<\/p><\/div><\/div><div class='content-column one_half last_column'><div style=\"padding-right:0px;padding-left:6px;\"><p><strong>Stupanj za\u0161tite <\/strong><strong>\/ Schutzstellung<br \/>\n<\/strong>&#8211;<\/p>\n<hr \/>\n<p><strong>Info<\/strong><\/p>\n<p>Am Anfang des Platzes \u201eTrg Hrvatskog narodnog preporoda (Pjaca)\u201c ist in den Boden eine Steinplatte eingelassen mit einem Fu\u00dfabdruck und folgender Inschrift:<\/p><\/div><\/div><div class='clear_column'><\/div><div class='content-column one_half'><div style=\"padding-right:6px;\"><p style=\"text-align: center;\">ZDRAVO KRI\u017dU<br \/>\nNADO JEDINA<\/p>\n<p style=\"text-align: center;\">UNESCO HERITAGE<\/p><\/div><\/div><div class='content-column one_half last_column'><div style=\"padding-right:0px;padding-left:6px;\"><p style=\"text-align: center;\">Kreuz &#8211; zum Gru\u00df<br \/>\ndie Hoffnung ist die Einzige<\/p>\n<p style=\"text-align: center;\">UNESCO Kulturerbe<\/p><\/div><\/div><div class='clear_column'><\/div><div class='content-column one_half'><div style=\"padding-right:6px;\"><p>Natpis je o\u010dito u znak sje\u0107anja na procesiju \u201cZa kri\u017een\u201d koja je uvr\u0161tena na UNESCO-ov popis nematerijalne kulturne ba\u0161tine i koja se ovdje odr\u017eava svake godine za Uskrs.<\/p><\/div><\/div><div class='content-column one_half last_column'><div style=\"padding-right:0px;padding-left:6px;\"><p>Die Inschrift erinnert offenbar an die, in die UNESCO-Liste des immateriellen Kulturerbes aufgenommenen Prozession &#8222;Folge dem Kreuz&#8220;, die j\u00e4hrlich zu Ostern hier stattfindet.<\/p><\/div><\/div><div class='clear_column'><\/div><\/p>\n<p style=\"text-align: right;\"><span style=\"color: #3366ff;\"><a style=\"color: #3366ff;\" href=\"#seite_oben\">natrag na vrh \/ Seitenanfang<\/a><\/span><\/p>\n<hr \/>\n<p><strong>Linkovi \/ Links<\/strong><\/p>\n<p><span style=\"color: #3366ff;\"><a style=\"color: #3366ff;\" href=\"https:\/\/www.topohvar.at\/orte\/je\/je-ci-01-1\/#za\"><span style=\"color: #3366ff;\">Procesija &#8220; Za Krizen&#8220; \/ Prozession &#8220; Folge dem Kreuz&#8220;<\/span><\/a><\/span><\/p>\n","protected":false},"excerpt":{"rendered":"<p>Ime \/ Name Natpis \u00bbZDRAVO KRI\u017dU\u00ab \/ Inschrift \u00bbKreuz &#8211; zum Gru\u00df\u00ab Code: JE-IN-10\u00a0 \u00a0 \u00a0 \u00a0 \u00a0 \u00a0 \u00a0 \u00a0 \u00a0 \u00a0 \u00a0 \u00a0 \u00a0 \u00a0 \u00a0 Adresa \/ Adresse Jelsa,\u00a0Trg Hrvatskog narodnog preporoda (Pjaca) Lokacija \/ Position Latitude: &hellip; <a href=\"https:\/\/www.topohvar.at\/topo\/orte\/je\/je-in-10-1\/\">Weiterlesen <span class=\"meta-nav\">&rarr;<\/span><\/a><\/p>\n","protected":false},"author":1,"featured_media":0,"parent":85,"menu_order":0,"comment_status":"closed","ping_status":"closed","template":"","meta":{"footnotes":""},"class_list":["post-68026","page","type-page","status-publish","hentry"],"_links":{"self":[{"href":"https:\/\/www.topohvar.at\/topo\/wp-json\/wp\/v2\/pages\/68026","targetHints":{"allow":["GET"]}}],"collection":[{"href":"https:\/\/www.topohvar.at\/topo\/wp-json\/wp\/v2\/pages"}],"about":[{"href":"https:\/\/www.topohvar.at\/topo\/wp-json\/wp\/v2\/types\/page"}],"author":[{"embeddable":true,"href":"https:\/\/www.topohvar.at\/topo\/wp-json\/wp\/v2\/users\/1"}],"replies":[{"embeddable":true,"href":"https:\/\/www.topohvar.at\/topo\/wp-json\/wp\/v2\/comments?post=68026"}],"version-history":[{"count":5,"href":"https:\/\/www.topohvar.at\/topo\/wp-json\/wp\/v2\/pages\/68026\/revisions"}],"predecessor-version":[{"id":68033,"href":"https:\/\/www.topohvar.at\/topo\/wp-json\/wp\/v2\/pages\/68026\/revisions\/68033"}],"up":[{"embeddable":true,"href":"https:\/\/www.topohvar.at\/topo\/wp-json\/wp\/v2\/pages\/85"}],"wp:attachment":[{"href":"https:\/\/www.topohvar.at\/topo\/wp-json\/wp\/v2\/media?parent=68026"}],"curies":[{"name":"wp","href":"https:\/\/api.w.org\/{rel}","templated":true}]}}