{"id":6830,"date":"2018-08-21T16:38:46","date_gmt":"2018-08-21T14:38:46","guid":{"rendered":"https:\/\/www.topohvar.at\/?page_id=6830"},"modified":"2025-04-04T19:00:40","modified_gmt":"2025-04-04T17:00:40","slug":"vj-tr-18-1","status":"publish","type":"page","link":"https:\/\/www.topohvar.at\/topo\/orte\/vj\/vj-tr-18-1\/","title":{"rendered":"VRBANJ &#8211; Trim \u00bbVJ-TR-18\u00ab"},"content":{"rendered":"<p><a name=\"seite_oben\"><\/a><br \/>\n<strong><img loading=\"lazy\" decoding=\"async\" class=\"alignnone wp-image-22495 size-large\" src=\"https:\/\/www.topohvar.at\/wp-content\/uploads\/2019\/05\/vj-tr-18-12-1024x503.jpg\" alt=\"\" width=\"640\" height=\"314\" srcset=\"https:\/\/www.topohvar.at\/wp-content\/uploads\/2019\/05\/vj-tr-18-12-1024x503.jpg 1024w, https:\/\/www.topohvar.at\/wp-content\/uploads\/2019\/05\/vj-tr-18-12-300x147.jpg 300w, https:\/\/www.topohvar.at\/wp-content\/uploads\/2019\/05\/vj-tr-18-12-768x377.jpg 768w, https:\/\/www.topohvar.at\/wp-content\/uploads\/2019\/05\/vj-tr-18-12.jpg 1080w\" sizes=\"auto, (max-width: 640px) 100vw, 640px\" \/><\/strong><\/p>\n<p><strong>Ime \/ Name<br \/>\n<\/strong>Trim \u00bbVJ-TR-18\u00ab<\/p>\n<p><strong>Code: <\/strong>VJ-TR-18\u00a0 \u00a0 \u00a0 \u00a0 \u00a0 \u00a0 \u00a0 \u00a0<strong>\u00a0 \u00a0 \u00a0 \u00a0 \u00a0 \u00a0 \u00a0 \u00a0 \u00a0 <a href=\"https:\/\/www.topohvar.at\/orte\/vj\/vj-tr-00-1\/\"><img loading=\"lazy\" decoding=\"async\" class=\"alignnone wp-image-12300 size-full\" src=\"https:\/\/www.topohvar.at\/wp-content\/uploads\/2018\/09\/push-vor-30.jpg\" alt=\"\" width=\"61\" height=\"30\" \/><\/a> <a href=\"https:\/\/www.topohvar.at\/orte\/vj\/vj-tr-38-1\/\"><img loading=\"lazy\" decoding=\"async\" class=\"alignnone wp-image-533 size-full\" src=\"https:\/\/www.topohvar.at\/wp-content\/uploads\/2018\/07\/push-l-30.jpg\" alt=\"\" width=\"61\" height=\"30\" \/><\/a>\u00a0<a href=\"https:\/\/www.topohvar.at\/orte\/vj\/\"><img loading=\"lazy\" decoding=\"async\" class=\"alignnone wp-image-535 size-full\" src=\"https:\/\/www.topohvar.at\/wp-content\/uploads\/2018\/07\/push-o-30.jpg\" alt=\"\" width=\"61\" height=\"30\" \/><\/a>\u00a0<a href=\"https:\/\/www.topohvar.at\/orte\/vj\/vj-tr-39-1\/\"><img loading=\"lazy\" decoding=\"async\" class=\"alignnone wp-image-536 size-full\" src=\"https:\/\/www.topohvar.at\/wp-content\/uploads\/2018\/07\/push-r-30.jpg\" alt=\"\" width=\"61\" height=\"30\" \/><\/a><\/strong><\/p>\n<hr \/>\n<p><strong>Adresa \/ Adresse<br \/>\n<\/strong>Vrbanj, Polje<\/p>\n<p><strong>Lokalna polo\u017eaj \/ Position<a href=\"https:\/\/goo.gl\/maps\/CLzCAvRRRKwvE5bn9\"><img loading=\"lazy\" decoding=\"async\" class=\"alignright wp-image-7200\" src=\"https:\/\/www.topohvar.at\/wp-content\/uploads\/2018\/08\/0713.jpg\" alt=\"\" width=\"133\" height=\"100\" \/><\/a><br \/>\n<\/strong><span style=\"color: #3366ff;\"><a style=\"color: #3366ff;\" href=\"https:\/\/goo.gl\/maps\/CLzCAvRRRKwvE5bn9\">Latitude: N 43,18968\u00b0\u00a0 \u00a0 Longitude: E 16,64001\u00b0\u00a0<\/a><\/span><strong><br \/>\n<\/strong>Visina \/ H\u00f6he: 22 m<\/p>\n<p><strong>Zemlji\u0161te \/ Grundst\u00fccke<br \/>\n<\/strong>58\/2<div class='content-column one_half'><div style=\"padding-right:6px;\"><p><strong>Datum snimanja \/ Erfassungsdatum<br \/>\n<\/strong>08.05.2015 10:55:12<\/p>\n<hr \/>\n<p><strong>Informacije<\/strong><\/p>\n<p>Trim s brojem &#8222;8&#8220; iz evidencije KO u Splitu. Teren sa studentima krajobrazne arhitekture UNIZG, studeni 2013.<\/p>\n<p>Trim je o\u0161te\u0107en na desnoj strani. Pristup je blokiran kamenjem.<\/p><\/div><\/div><div class='content-column one_half last_column'><div style=\"padding-right:0px;padding-left:6px;\"><p><strong>Za\u0161titni polo\u017eaj \/ Schutzstellung<br \/>\n<\/strong>&#8211;<\/p>\n<hr \/>\n<p><strong>Info<\/strong><\/p>\n<p>Der Trim ist mit der Nummer &#8222;8&#8220; in Evidenz bei KO in Split. Das Gel\u00e4nde wurde von Studenten der Landschaftsarchitektur UNIZG im November 2013 besucht.<\/p>\n<p>Der Trim ist an seiner rechten Seite besch\u00e4digt. Der Zugang wird durch Steine behindert.<\/p><\/div><\/div><div class='clear_column'><\/div><div class='content-column one_half'><div style=\"padding-right:6px;\"><div id=\"attachment_23219\" style=\"width: 310px\" class=\"wp-caption aligncenter\"><img loading=\"lazy\" decoding=\"async\" aria-describedby=\"caption-attachment-23219\" class=\"size-medium wp-image-23219\" src=\"https:\/\/www.topohvar.at\/wp-content\/uploads\/2019\/07\/vj-tr-18-11-300x300.jpg\" alt=\"\" width=\"300\" height=\"300\" srcset=\"https:\/\/www.topohvar.at\/wp-content\/uploads\/2019\/07\/vj-tr-18-11-300x300.jpg 300w, https:\/\/www.topohvar.at\/wp-content\/uploads\/2019\/07\/vj-tr-18-11-150x150.jpg 150w, https:\/\/www.topohvar.at\/wp-content\/uploads\/2019\/07\/vj-tr-18-11.jpg 450w\" sizes=\"auto, (max-width: 300px) 100vw, 300px\" \/><p id=\"caption-attachment-23219\" class=\"wp-caption-text\">Ulaz \/ Eingang<\/p><\/div>\n<p>Dana 03.05.2019 trim je posje\u0107en i prona\u0111en je sljede\u0107i<\/p>\n<p>Lokacija: \u0161uma<br \/>\nPodzemlje: ravan<br \/>\nSklop: nesre\u0111na kamena gomila<br \/>\nUpotreba: ne koristi<br \/>\nStanje izgradnje: mali dijelovi su se sru\u0161ili<br \/>\nBroj prstenova trima: jedan prsten<br \/>\nDodatni kameni prsten: nema kamenog prstena<br \/>\nStepeni\u0161te: nema stepenica<br \/>\nOblik kamena: uglast<br \/>\nPodru\u010dje ispred ulaza: kamena<br \/>\nVrata na stranicu: I (100\u00b0)<br \/>\nPromjer trima (cm): 420<br \/>\nVisina trima (cm): 230<br \/>\nVisina prstena (cm): 150<br \/>\nDebljina zida (cm): 95<br \/>\n\u0160irina vrata (cm): 75<br \/>\nVisina vrata (cm): 85<br \/>\n\u0160irina unutra (cm): 220 &#8211; 230<br \/>\nVisina unutra (cm): 210<br \/>\nVolumen iznutra (m3): 5,22<br \/>\nNema ni\u0161e<\/p><\/div><\/div><div class='content-column one_half last_column'><div style=\"padding-right:0px;padding-left:6px;\"><div id=\"attachment_23220\" style=\"width: 310px\" class=\"wp-caption aligncenter\"><img loading=\"lazy\" decoding=\"async\" aria-describedby=\"caption-attachment-23220\" class=\"size-medium wp-image-23220\" src=\"https:\/\/www.topohvar.at\/wp-content\/uploads\/2019\/07\/vj-tr-18-13-300x300.jpg\" alt=\"\" width=\"300\" height=\"300\" srcset=\"https:\/\/www.topohvar.at\/wp-content\/uploads\/2019\/07\/vj-tr-18-13-300x300.jpg 300w, https:\/\/www.topohvar.at\/wp-content\/uploads\/2019\/07\/vj-tr-18-13-150x150.jpg 150w, https:\/\/www.topohvar.at\/wp-content\/uploads\/2019\/07\/vj-tr-18-13.jpg 450w\" sizes=\"auto, (max-width: 300px) 100vw, 300px\" \/><p id=\"caption-attachment-23220\" class=\"wp-caption-text\">Pogled na sjever \/ Blick nach Norden<\/p><\/div>\n<p>Am 03.05.2019 wurde der Trim besucht und untersucht<\/p>\n<p>Standort: Wald<br \/>\nUntergrund: eben<br \/>\nVerbunden mit: Steinhaufen ungeordnet<br \/>\nNutzung: ungenutzt<br \/>\nZustand: kleine Teile abgest\u00fcrzt<br \/>\nRinge\/Stufen des Trim: einstufig<br \/>\nZus\u00e4tzlicher Steinring: kein Steinring<br \/>\nStiege: keine Stufen<br \/>\nSteinform: kantig<br \/>\nEingangsbereich: Steine<br \/>\nEingangsseite: O (100\u00b0)<br \/>\nTrimdurchmesser (cm): 420<br \/>\nTrimh\u00f6he (cm): 230<br \/>\nStufen\/Ringh\u00f6he (cm): 150<br \/>\nWandst\u00e4rke: 95<br \/>\nT\u00fcrbreite (cm): 75<br \/>\nT\u00fcrh\u00f6he (cm): 85<br \/>\nInnenraumbreite (cm): 220 &#8211; 230<br \/>\nInnenraumh\u00f6he (cm): 210<br \/>\nRaumvolumen (m3): 5,22<br \/>\nKeine Nische<\/p><\/div><\/div><div class='clear_column'><\/div><\/p>\n<p><img loading=\"lazy\" decoding=\"async\" class=\"aligncenter size-full wp-image-23221\" src=\"https:\/\/www.topohvar.at\/wp-content\/uploads\/2019\/07\/vj-tr-18-sca.jpg\" alt=\"\" width=\"640\" height=\"966\" srcset=\"https:\/\/www.topohvar.at\/wp-content\/uploads\/2019\/07\/vj-tr-18-sca.jpg 640w, https:\/\/www.topohvar.at\/wp-content\/uploads\/2019\/07\/vj-tr-18-sca-199x300.jpg 199w\" sizes=\"auto, (max-width: 640px) 100vw, 640px\" \/><\/p>\n<p style=\"text-align: right;\"><a href=\"#seite_oben\">gore \/ Seitenanfang<\/a><\/p>\n<hr \/>\n<p><strong>Linkovi \/ Links<\/strong><\/p>\n<p>&#8211;<\/p>\n","protected":false},"excerpt":{"rendered":"<p>Ime \/ Name Trim \u00bbVJ-TR-18\u00ab Code: VJ-TR-18\u00a0 \u00a0 \u00a0 \u00a0 \u00a0 \u00a0 \u00a0 \u00a0\u00a0 \u00a0 \u00a0 \u00a0 \u00a0 \u00a0 \u00a0 \u00a0 \u00a0 \u00a0\u00a0 Adresa \/ Adresse Vrbanj, Polje Lokalna polo\u017eaj \/ Position Latitude: N 43,18968\u00b0\u00a0 \u00a0 Longitude: E 16,64001\u00b0\u00a0 Visina &hellip; <a href=\"https:\/\/www.topohvar.at\/topo\/orte\/vj\/vj-tr-18-1\/\">Weiterlesen <span class=\"meta-nav\">&rarr;<\/span><\/a><\/p>\n","protected":false},"author":1,"featured_media":0,"parent":111,"menu_order":0,"comment_status":"closed","ping_status":"closed","template":"","meta":{"footnotes":""},"class_list":["post-6830","page","type-page","status-publish","hentry"],"_links":{"self":[{"href":"https:\/\/www.topohvar.at\/topo\/wp-json\/wp\/v2\/pages\/6830","targetHints":{"allow":["GET"]}}],"collection":[{"href":"https:\/\/www.topohvar.at\/topo\/wp-json\/wp\/v2\/pages"}],"about":[{"href":"https:\/\/www.topohvar.at\/topo\/wp-json\/wp\/v2\/types\/page"}],"author":[{"embeddable":true,"href":"https:\/\/www.topohvar.at\/topo\/wp-json\/wp\/v2\/users\/1"}],"replies":[{"embeddable":true,"href":"https:\/\/www.topohvar.at\/topo\/wp-json\/wp\/v2\/comments?post=6830"}],"version-history":[{"count":14,"href":"https:\/\/www.topohvar.at\/topo\/wp-json\/wp\/v2\/pages\/6830\/revisions"}],"predecessor-version":[{"id":71354,"href":"https:\/\/www.topohvar.at\/topo\/wp-json\/wp\/v2\/pages\/6830\/revisions\/71354"}],"up":[{"embeddable":true,"href":"https:\/\/www.topohvar.at\/topo\/wp-json\/wp\/v2\/pages\/111"}],"wp:attachment":[{"href":"https:\/\/www.topohvar.at\/topo\/wp-json\/wp\/v2\/media?parent=6830"}],"curies":[{"name":"wp","href":"https:\/\/api.w.org\/{rel}","templated":true}]}}

<p><a name="seite_oben"></a><br />
<strong><img loading="lazy" decoding="async" class="alignnone wp-image-22495 size-large" src="https://www.topohvar.at/wp-content/uploads/2019/05/vj-tr-18-12-1024x503.jpg" alt="" width="640" height="314" srcset="https://www.topohvar.at/wp-content/uploads/2019/05/vj-tr-18-12-1024x503.jpg 1024w, https://www.topohvar.at/wp-content/uploads/2019/05/vj-tr-18-12-300x147.jpg 300w, https://www.topohvar.at/wp-content/uploads/2019/05/vj-tr-18-12-768x377.jpg 768w, https://www.topohvar.at/wp-content/uploads/2019/05/vj-tr-18-12.jpg 1080w" sizes="auto, (max-width: 640px) 100vw, 640px" /></strong></p>
<p><strong>Ime / Name<br />
</strong>Trim »VJ-TR-18«</p>
<p><strong>Code: </strong>VJ-TR-18               <strong>                  <a href="https://www.topohvar.at/orte/vj/vj-tr-00-1/"><img loading="lazy" decoding="async" class="alignnone wp-image-12300 size-full" src="https://www.topohvar.at/wp-content/uploads/2018/09/push-vor-30.jpg" alt="" width="61" height="30" /></a> <a href="https://www.topohvar.at/orte/vj/vj-tr-38-1/"><img loading="lazy" decoding="async" class="alignnone wp-image-533 size-full" src="https://www.topohvar.at/wp-content/uploads/2018/07/push-l-30.jpg" alt="" width="61" height="30" /></a> <a href="https://www.topohvar.at/orte/vj/"><img loading="lazy" decoding="async" class="alignnone wp-image-535 size-full" src="https://www.topohvar.at/wp-content/uploads/2018/07/push-o-30.jpg" alt="" width="61" height="30" /></a> <a href="https://www.topohvar.at/orte/vj/vj-tr-39-1/"><img loading="lazy" decoding="async" class="alignnone wp-image-536 size-full" src="https://www.topohvar.at/wp-content/uploads/2018/07/push-r-30.jpg" alt="" width="61" height="30" /></a></strong></p>
<hr />
<p><strong>Adresa / Adresse<br />
</strong>Vrbanj, Polje</p>
<p><strong>Lokalna položaj / Position<a href="https://goo.gl/maps/CLzCAvRRRKwvE5bn9"><img loading="lazy" decoding="async" class="alignright wp-image-7200" src="https://www.topohvar.at/wp-content/uploads/2018/08/0713.jpg" alt="" width="133" height="100" /></a><br />
</strong><span style="color: #3366ff;"><a style="color: #3366ff;" href="https://goo.gl/maps/CLzCAvRRRKwvE5bn9">Latitude: N 43,18968°    Longitude: E 16,64001° </a></span><strong><br />
</strong>Visina / Höhe: 22 m</p>
<p><strong>Zemljište / Grundstücke<br />
</strong>58/2<div class='content-column one_half'><div style="padding-right:6px;"><p><strong>Datum snimanja / Erfassungsdatum<br />
</strong>08.05.2015 10:55:12</p>
<hr />
<p><strong>Informacije</strong></p>
<p>Trim s brojem &#8222;8&#8220; iz evidencije KO u Splitu. Teren sa studentima krajobrazne arhitekture UNIZG, studeni 2013.</p>
<p>Trim je oštećen na desnoj strani. Pristup je blokiran kamenjem.</p></div></div><div class='content-column one_half last_column'><div style="padding-right:0px;padding-left:6px;"><p><strong>Zaštitni položaj / Schutzstellung<br />
</strong>&#8211;</p>
<hr />
<p><strong>Info</strong></p>
<p>Der Trim ist mit der Nummer &#8222;8&#8220; in Evidenz bei KO in Split. Das Gelände wurde von Studenten der Landschaftsarchitektur UNIZG im November 2013 besucht.</p>
<p>Der Trim ist an seiner rechten Seite beschädigt. Der Zugang wird durch Steine behindert.</p></div></div><div class='clear_column'></div><div class='content-column one_half'><div style="padding-right:6px;"><div id="attachment_23219" style="width: 310px" class="wp-caption aligncenter"><img loading="lazy" decoding="async" aria-describedby="caption-attachment-23219" class="size-medium wp-image-23219" src="https://www.topohvar.at/wp-content/uploads/2019/07/vj-tr-18-11-300x300.jpg" alt="" width="300" height="300" srcset="https://www.topohvar.at/wp-content/uploads/2019/07/vj-tr-18-11-300x300.jpg 300w, https://www.topohvar.at/wp-content/uploads/2019/07/vj-tr-18-11-150x150.jpg 150w, https://www.topohvar.at/wp-content/uploads/2019/07/vj-tr-18-11.jpg 450w" sizes="auto, (max-width: 300px) 100vw, 300px" /><p id="caption-attachment-23219" class="wp-caption-text">Ulaz / Eingang</p></div>
<p>Dana 03.05.2019 trim je posjećen i pronađen je sljedeći</p>
<p>Lokacija: šuma<br />
Podzemlje: ravan<br />
Sklop: nesređna kamena gomila<br />
Upotreba: ne koristi<br />
Stanje izgradnje: mali dijelovi su se srušili<br />
Broj prstenova trima: jedan prsten<br />
Dodatni kameni prsten: nema kamenog prstena<br />
Stepenište: nema stepenica<br />
Oblik kamena: uglast<br />
Područje ispred ulaza: kamena<br />
Vrata na stranicu: I (100°)<br />
Promjer trima (cm): 420<br />
Visina trima (cm): 230<br />
Visina prstena (cm): 150<br />
Debljina zida (cm): 95<br />
Širina vrata (cm): 75<br />
Visina vrata (cm): 85<br />
Širina unutra (cm): 220 &#8211; 230<br />
Visina unutra (cm): 210<br />
Volumen iznutra (m3): 5,22<br />
Nema niše</p></div></div><div class='content-column one_half last_column'><div style="padding-right:0px;padding-left:6px;"><div id="attachment_23220" style="width: 310px" class="wp-caption aligncenter"><img loading="lazy" decoding="async" aria-describedby="caption-attachment-23220" class="size-medium wp-image-23220" src="https://www.topohvar.at/wp-content/uploads/2019/07/vj-tr-18-13-300x300.jpg" alt="" width="300" height="300" srcset="https://www.topohvar.at/wp-content/uploads/2019/07/vj-tr-18-13-300x300.jpg 300w, https://www.topohvar.at/wp-content/uploads/2019/07/vj-tr-18-13-150x150.jpg 150w, https://www.topohvar.at/wp-content/uploads/2019/07/vj-tr-18-13.jpg 450w" sizes="auto, (max-width: 300px) 100vw, 300px" /><p id="caption-attachment-23220" class="wp-caption-text">Pogled na sjever / Blick nach Norden</p></div>
<p>Am 03.05.2019 wurde der Trim besucht und untersucht</p>
<p>Standort: Wald<br />
Untergrund: eben<br />
Verbunden mit: Steinhaufen ungeordnet<br />
Nutzung: ungenutzt<br />
Zustand: kleine Teile abgestürzt<br />
Ringe/Stufen des Trim: einstufig<br />
Zusätzlicher Steinring: kein Steinring<br />
Stiege: keine Stufen<br />
Steinform: kantig<br />
Eingangsbereich: Steine<br />
Eingangsseite: O (100°)<br />
Trimdurchmesser (cm): 420<br />
Trimhöhe (cm): 230<br />
Stufen/Ringhöhe (cm): 150<br />
Wandstärke: 95<br />
Türbreite (cm): 75<br />
Türhöhe (cm): 85<br />
Innenraumbreite (cm): 220 &#8211; 230<br />
Innenraumhöhe (cm): 210<br />
Raumvolumen (m3): 5,22<br />
Keine Nische</p></div></div><div class='clear_column'></div></p>
<p><img loading="lazy" decoding="async" class="aligncenter size-full wp-image-23221" src="https://www.topohvar.at/wp-content/uploads/2019/07/vj-tr-18-sca.jpg" alt="" width="640" height="966" srcset="https://www.topohvar.at/wp-content/uploads/2019/07/vj-tr-18-sca.jpg 640w, https://www.topohvar.at/wp-content/uploads/2019/07/vj-tr-18-sca-199x300.jpg 199w" sizes="auto, (max-width: 640px) 100vw, 640px" /></p>
<p style="text-align: right;"><a href="#seite_oben">gore / Seitenanfang</a></p>
<hr />
<p><strong>Linkovi / Links</strong></p>
<p>&#8211;</p>

<p>Ime / Name Trim »VJ-TR-18« Code: VJ-TR-18                                    Adresa / Adresse Vrbanj, Polje Lokalna položaj / Position Latitude: N 43,18968°    Longitude: E 16,64001°  Visina &hellip; <a href="https://www.topohvar.at/topo/orte/vj/vj-tr-18-1/">Weiterlesen <span class="meta-nav">&rarr;</span></a></p>
