{"id":68598,"date":"2024-06-12T11:04:06","date_gmt":"2024-06-12T09:04:06","guid":{"rendered":"https:\/\/www.topohvar.at\/topo\/?page_id=68598"},"modified":"2024-06-12T12:32:02","modified_gmt":"2024-06-12T10:32:02","slug":"op-op-00-0","status":"publish","type":"page","link":"https:\/\/www.topohvar.at\/topo\/orte\/op\/op-op-00-0\/","title":{"rendered":"PAKLENI ARHIPELOG \u2013 Bunari, cisterne i to\u010dke za vodu &#8211; detaljno"},"content":{"rendered":"<p style=\"text-align: center;\"><a name=\"seite_oben\"><\/a><a href=\"https:\/\/www.topohvar.at\/wp-content\/uploads\/2024\/06\/op-op-00-2024-05.jpg\"><img loading=\"lazy\" decoding=\"async\" class=\"alignnone wp-image-68610 size-full\" src=\"https:\/\/www.topohvar.at\/wp-content\/uploads\/2024\/06\/op-op-00-2024-05.jpg\" alt=\"\" width=\"2330\" height=\"907\" srcset=\"https:\/\/www.topohvar.at\/wp-content\/uploads\/2024\/06\/op-op-00-2024-05.jpg 2330w, https:\/\/www.topohvar.at\/wp-content\/uploads\/2024\/06\/op-op-00-2024-05-300x117.jpg 300w, https:\/\/www.topohvar.at\/wp-content\/uploads\/2024\/06\/op-op-00-2024-05-1024x399.jpg 1024w, https:\/\/www.topohvar.at\/wp-content\/uploads\/2024\/06\/op-op-00-2024-05-768x299.jpg 768w, https:\/\/www.topohvar.at\/wp-content\/uploads\/2024\/06\/op-op-00-2024-05-1536x598.jpg 1536w, https:\/\/www.topohvar.at\/wp-content\/uploads\/2024\/06\/op-op-00-2024-05-2048x797.jpg 2048w\" sizes=\"auto, (max-width: 2330px) 100vw, 2330px\" \/><\/a><br \/>\n<span style=\"color: #3366ff;\"><a style=\"color: #3366ff;\" href=\"https:\/\/www.topohvar.at\/wp-content\/uploads\/2024\/06\/op-op-00-2024-05.jpg\">Pove\u0107aj sliku \u2013 klikni! \/ Bild vergr\u00f6\u00dfern \u2013 klicken!<\/a><\/span><\/p>\n<p><strong>Ime \/ Name<br \/>\n<\/strong>Bunari, cisterne i to\u010dke za vodu &#8211; detaljno<\/p>\n<p><strong>Code: <\/strong>OP-OP-01\/11\u00a0 \u00a0 \u00a0 \u00a0 \u00a0 \u00a0 \u00a0 \u00a0 \u00a0 \u00a0 \u00a0 \u00a0 \u00a0 \u00a0 \u00a0 \u00a0 \u00a0 \u00a0 \u00a0<strong><a href=\"https:\/\/www.topohvar.at\/orte\/op\/op-op-00-1\/\"><img loading=\"lazy\" decoding=\"async\" class=\"alignnone wp-image-533 size-full\" src=\"https:\/\/www.topohvar.at\/wp-content\/uploads\/2018\/07\/push-l-30.jpg\" alt=\"\" width=\"61\" height=\"30\" \/><\/a> <a href=\"https:\/\/www.topohvar.at\/orte\/op\/\"><img loading=\"lazy\" decoding=\"async\" class=\"alignnone wp-image-535 size-full\" src=\"https:\/\/www.topohvar.at\/wp-content\/uploads\/2018\/07\/push-o-30.jpg\" alt=\"\" width=\"61\" height=\"30\" \/><\/a> <\/strong><\/p>\n<hr \/>\n<div class='content-column one_half'><div style=\"padding-right:6px;\"><p><strong>Informacije<\/strong><\/p>\n<p>Na podru\u010dju Paklenom arhipelagu nalaze se brojni bunari, cisterne i lokve.<\/p><\/div><\/div><div class='content-column one_half last_column'><div style=\"padding-right:0px;padding-left:6px;\"><p><strong>Info<\/strong><\/p>\n<p>Im Bereich des Archipels Pakleni Inseln befinden sich zahlreiche Brunnen, Zisternen und Wasserstellen.<\/p><\/div><\/div><div class='clear_column'><\/div><\/p>\n<hr \/>\n<p><strong>Pojedina\u010dni objekti od \/ die einzelnen Objekte<\/strong><\/p>\n<p><strong>OP-OP-<br \/>\n<\/strong><span style=\"color: #ff0000;\"><span style=\"color: #000000;\"><a style=\"color: #000000;\" href=\"#op-01\">01<\/a>\u00a0 <a style=\"color: #000000;\" href=\"#op-02\">02<\/a><\/span>\u00a0 03\u00a0 04\u00a0 05\u00a0 06\u00a0 07\u00a0 08\u00a0 09\u00a0 10\u00a0 11\u00a0\u00a0<\/span><a name=\"op-01\"><\/a><\/p>\n<hr \/>\n<h3><strong>Ime \/ Name<br \/>\n<\/strong>Objekt \u2013 \u00bbGustirna (1)\u00ab \/ Zisterne (1)<\/h3>\n<p><strong><img loading=\"lazy\" decoding=\"async\" class=\"alignnone wp-image-12682 size-large\" src=\"https:\/\/www.topohvar.at\/wp-content\/uploads\/2018\/10\/op-op-01-0-1024x503.jpg\" alt=\"\" width=\"640\" height=\"314\" srcset=\"https:\/\/www.topohvar.at\/wp-content\/uploads\/2018\/10\/op-op-01-0-1024x503.jpg 1024w, https:\/\/www.topohvar.at\/wp-content\/uploads\/2018\/10\/op-op-01-0-300x147.jpg 300w, https:\/\/www.topohvar.at\/wp-content\/uploads\/2018\/10\/op-op-01-0-768x377.jpg 768w, https:\/\/www.topohvar.at\/wp-content\/uploads\/2018\/10\/op-op-01-0.jpg 1080w\" sizes=\"auto, (max-width: 640px) 100vw, 640px\" \/><\/strong><\/p>\n<p><strong>Code:\u00a0<\/strong>OP-OP-01<\/p>\n<p><strong>Adresa \/ Adresse<br \/>\n<\/strong>Pakleni otoci, otok Sv. Klement, Vlaka<\/p>\n<p><strong>Lokacija \/ Position<img loading=\"lazy\" decoding=\"async\" class=\"alignright wp-image-12743\" src=\"https:\/\/www.topohvar.at\/wp-content\/uploads\/2018\/10\/1354.jpg\" alt=\"\" width=\"132\" height=\"100\" \/><br \/>\n<\/strong>Latitude: N 43,16509\u00b0\u00a0 \u00a0Longitude: E 16,36446\u00b0 (neto\u010dno\/ungenau)<strong><br \/>\n<\/strong>Visina \/ H\u00f6he: 15 m (neto\u010dno\/ungenau)<\/p>\n<p><strong>Katastarska \u010destica <\/strong><strong>\/ Grundst\u00fccke: <\/strong>&#8211;<br \/>\n<strong>Datum snimanja \/ Erfassungsdatum: <\/strong>01.01.2000 00:00:00<\/p>\n<div class='content-column one_half'><div style=\"padding-right:6px;\"><p><strong>Informacije<\/strong><\/p>\n<p><strong>Gustirna na \u0161kolu Sv. Klement-Vlaka.<\/strong><\/p>\n<p>O gustirni je zapisano sljede\u0107e: Od gustirni na Pjaci treba spomenuti i onu mau, sagra\u0111enu 1825. Pokraj Fontika (\u201emala gustirna ispred Fontika\u201c) za potrebe obli\u017enje austrijske vojarne (vidi sliku gore desno). Dr\u017eava ju je prodala Op\u0107ini 1892., a uklonjena je 1947\/48. (kruna na \u0161kolu Sv. Klement-Vlaka). Njezinim je nestankom velika ploha trga ipak osiroma\u0161ena.<\/p><\/div><\/div><div class='content-column one_half last_column'><div style=\"padding-right:0px;padding-left:6px;\"><p><strong>Info<\/strong><\/p>\n<p><strong>Zisterne bei der Schule von Sv. Klenemt-Vlaka.<br \/>\n<\/strong>Die Geschichte dieser Zisterne: \u00dcber die Zisterne auf der Piazza der Stadt Hvar wird berichtet, dass sie im Jahr 1825 neben der Fontika (\u201eder kleine Brunnen neben Fontik\u201c) f\u00fcr die Bed\u00fcrfnisse der nahegelegenen \u00f6sterreichischen Kaserne errichtet wurde (siehe Bild oben rechts). Der Staat verkaufte es 1892 an die Gemeinde. In den Jahren 1947\/48 wurde sie entfernt und die Krone nach St. Klement-Vlaka zur Schule gebracht.<\/p><\/div><\/div><div class='clear_column'><\/div><div class='content-column one_half'><div style=\"padding-right:6px;\"><p>Kruna je od jednog komada kamena, dimenzija 108 x 108 cm, visine 75 cm. Pokrev \u017eeljezni. Filter je neredan, obrastao travom. Vode je u gustirni do visine 30 cm. Pjover je betonski, 12 x 15 m. Uklo\u0161en. Ima i mehani\u010dku pumpu za vodu, na\u017ealost razbijenu. Na kruni nema utora.<\/p><\/div><\/div><div class='content-column one_half last_column'><div style=\"padding-right:0px;padding-left:6px;\"><p>Die Krone ist aus einem St\u00fcck Stein. Sie misst 108 x 108 cm, ihre H\u00f6he betr\u00e4gt 75 cm. Sie besitzt einen Eisendeckel. Der Filter ist nicht gewartet und mit Gras bewachsen. Das Wasser ist 30 cm hoch. Das Sammelbecken ist betoniert und 12 x 15 m gro\u00df. Es gibt auch eine mechanische Wasserpumpe, die leider kaputt ist. Auf der Krone sind keine Schlitze.<\/div><\/div><div class='clear_column'><\/div><\/p>\n<p style=\"text-align: center;\"><em>(Kruvenica br. 23)<\/em><\/p>\n<p style=\"text-align: right;\"><a name=\"op-02\"><\/a><a style=\"color: #3366ff;\" href=\"#seite_oben\">natrag na vrh \/ Seitenanfang<\/a><\/p>\n<hr \/>\n<h3><strong>Ime \/ Name<br \/>\n<\/strong>Objekt \u2013 \u00bbGustirna (2)\u00ab \/ Zisterne (2)<\/h3>\n<p><strong><img loading=\"lazy\" decoding=\"async\" class=\"alignnone wp-image-46791 size-full\" src=\"https:\/\/www.topohvar.at\/wp-content\/uploads\/2021\/02\/op-op-02-1.jpg\" alt=\"\" width=\"1080\" height=\"530\" srcset=\"https:\/\/www.topohvar.at\/wp-content\/uploads\/2021\/02\/op-op-02-1.jpg 1080w, https:\/\/www.topohvar.at\/wp-content\/uploads\/2021\/02\/op-op-02-1-300x147.jpg 300w, https:\/\/www.topohvar.at\/wp-content\/uploads\/2021\/02\/op-op-02-1-1024x503.jpg 1024w, https:\/\/www.topohvar.at\/wp-content\/uploads\/2021\/02\/op-op-02-1-768x377.jpg 768w\" sizes=\"auto, (max-width: 1080px) 100vw, 1080px\" \/><\/strong><\/p>\n<p><strong>Code:\u00a0<\/strong>OP-OP-02<\/p>\n<p><strong>Adresa \/ Adresse<br \/>\n<\/strong>Pakleni otoci, oto\u010di\u0107 Gale\u0161nik<\/p>\n<p><strong>Lokacija \/ Position<a href=\"https:\/\/goo.gl\/maps\/itrp3skGAsKQJnRw9\"><img loading=\"lazy\" decoding=\"async\" class=\"alignright wp-image-12827\" src=\"https:\/\/www.topohvar.at\/wp-content\/uploads\/2018\/10\/0313.jpg\" alt=\"\" width=\"134\" height=\"100\" \/><\/a><br \/>\n<\/strong><span style=\"color: #3366ff;\"><a style=\"color: #3366ff;\" href=\"https:\/\/goo.gl\/maps\/itrp3skGAsKQJnRw9\">Latitude: N 43,16632\u00b0\u00a0 \u00a0Longitude: E 16,43798\u00b0<\/a><\/span> <strong><br \/>\n<\/strong>Visina \/ H\u00f6he: 6 m<\/p>\n<p><strong>Katastarska \u010destica <\/strong><strong>\/ Grundst\u00fccke: <\/strong>*489, *582, 3910<br \/>\n<strong>Datum snimanja \/ Erfassungsdatum: <\/strong>01.01.2000 00:00:00<\/p>\n<div class='content-column one_half'><div style=\"padding-right:6px;\"><p><strong>Informacije<\/strong><\/p>\n<p>Zapadno od zgrade vojarne izvedena je kamenom obzidana cisterna za vodu. Na najvi\u0161oj to\u010dki otoka izveden je ravni betonirani plato na kojem je jarbol sa zastavom. Ispod ova platoa je jo\u0161 jedna cisterna za vodu.<\/p><\/div><\/div><div class='content-column one_half last_column'><div style=\"padding-right:0px;padding-left:6px;\"><p><strong>Info<\/strong><\/p>\n<p>Westlich des Kasernengeb\u00e4udes befindet sich eine von Steinmauern umgebene Zisterne. Am h\u00f6chsten Punkt der Insel befindet sich ein flaches Betonplateau mit einem Fahnenmast. Unter diesem Plateau befindet sich ein weitere Zisterne.<\/p><\/div><\/div><div class='clear_column'><\/div><\/p>\n<p style=\"text-align: center;\"><em>(Izvor\/Quelle:Konzervatorski elaborat otok Gale\u0161nik \u2013 Hvar,\u00a0Ured Ovla\u0161tenog Arhitekta Vlasta Mari\u010di\u0107 dipl.ing.arh.)<\/em><\/p>\n<p style=\"text-align: right;\"><a name=\"op-02\"><\/a><a style=\"color: #3366ff;\" href=\"#seite_oben\">natrag na vrh \/ Seitenanfang<\/a><\/p>\n<hr \/>\n<h3><strong>Linkovi \/ Links<\/strong><\/h3>\n","protected":false},"excerpt":{"rendered":"<p>Pove\u0107aj sliku \u2013 klikni! \/ Bild vergr\u00f6\u00dfern \u2013 klicken! Ime \/ Name Bunari, cisterne i to\u010dke za vodu &#8211; detaljno Code: OP-OP-01\/11\u00a0 \u00a0 \u00a0 \u00a0 \u00a0 \u00a0 \u00a0 \u00a0 \u00a0 \u00a0 \u00a0 \u00a0 \u00a0 \u00a0 \u00a0 \u00a0 \u00a0 \u00a0 \u00a0 &hellip; <a href=\"https:\/\/www.topohvar.at\/topo\/orte\/op\/op-op-00-0\/\">Weiterlesen <span class=\"meta-nav\">&rarr;<\/span><\/a><\/p>\n","protected":false},"author":1,"featured_media":0,"parent":123,"menu_order":0,"comment_status":"closed","ping_status":"closed","template":"","meta":{"footnotes":""},"class_list":["post-68598","page","type-page","status-publish","hentry"],"_links":{"self":[{"href":"https:\/\/www.topohvar.at\/topo\/wp-json\/wp\/v2\/pages\/68598","targetHints":{"allow":["GET"]}}],"collection":[{"href":"https:\/\/www.topohvar.at\/topo\/wp-json\/wp\/v2\/pages"}],"about":[{"href":"https:\/\/www.topohvar.at\/topo\/wp-json\/wp\/v2\/types\/page"}],"author":[{"embeddable":true,"href":"https:\/\/www.topohvar.at\/topo\/wp-json\/wp\/v2\/users\/1"}],"replies":[{"embeddable":true,"href":"https:\/\/www.topohvar.at\/topo\/wp-json\/wp\/v2\/comments?post=68598"}],"version-history":[{"count":11,"href":"https:\/\/www.topohvar.at\/topo\/wp-json\/wp\/v2\/pages\/68598\/revisions"}],"predecessor-version":[{"id":68611,"href":"https:\/\/www.topohvar.at\/topo\/wp-json\/wp\/v2\/pages\/68598\/revisions\/68611"}],"up":[{"embeddable":true,"href":"https:\/\/www.topohvar.at\/topo\/wp-json\/wp\/v2\/pages\/123"}],"wp:attachment":[{"href":"https:\/\/www.topohvar.at\/topo\/wp-json\/wp\/v2\/media?parent=68598"}],"curies":[{"name":"wp","href":"https:\/\/api.w.org\/{rel}","templated":true}]}}