{"id":6870,"date":"2018-08-21T17:08:37","date_gmt":"2018-08-21T15:08:37","guid":{"rendered":"https:\/\/www.topohvar.at\/?page_id=6870"},"modified":"2021-12-27T10:04:34","modified_gmt":"2021-12-27T09:04:34","slug":"vj-tr-31-1","status":"publish","type":"page","link":"https:\/\/www.topohvar.at\/topo\/orte\/vj\/vj-tr-31-1\/","title":{"rendered":"VRBANJ &#8211; Trim \u00bbVJ-TR-31\u00ab"},"content":{"rendered":"<p><a name=\"seite_oben\"><\/a><br \/>\n<strong><img loading=\"lazy\" decoding=\"async\" class=\"alignnone wp-image-6658 size-large\" src=\"https:\/\/www.topohvar.at\/wp-content\/uploads\/2018\/08\/VJ-TR-31-0-1024x503.jpg\" alt=\"\" width=\"640\" height=\"314\" srcset=\"https:\/\/www.topohvar.at\/wp-content\/uploads\/2018\/08\/VJ-TR-31-0-1024x503.jpg 1024w, https:\/\/www.topohvar.at\/wp-content\/uploads\/2018\/08\/VJ-TR-31-0-300x147.jpg 300w, https:\/\/www.topohvar.at\/wp-content\/uploads\/2018\/08\/VJ-TR-31-0-768x377.jpg 768w, https:\/\/www.topohvar.at\/wp-content\/uploads\/2018\/08\/VJ-TR-31-0.jpg 1080w\" sizes=\"auto, (max-width: 640px) 100vw, 640px\" \/><\/strong><\/p>\n<p><strong>Ime \/ Name<br \/>\n<\/strong>Trim \u00bbVJ-TR-31\u00ab<\/p>\n<p><strong>Code: <\/strong>VJ-TR-31\u00a0 \u00a0 \u00a0 \u00a0 \u00a0 \u00a0 \u00a0 \u00a0 \u00a0 \u00a0 \u00a0 \u00a0 \u00a0<strong>\u00a0 \u00a0 \u00a0 \u00a0 <a href=\"https:\/\/www.topohvar.at\/orte\/vj\/vj-tr-00-1\/\"><img loading=\"lazy\" decoding=\"async\" class=\"alignnone wp-image-12300 size-full\" src=\"https:\/\/www.topohvar.at\/wp-content\/uploads\/2018\/09\/push-vor-30.jpg\" alt=\"\" width=\"61\" height=\"30\" \/><\/a> <a href=\"https:\/\/www.topohvar.at\/orte\/vj\/vj-tr-30-1\/\"><img loading=\"lazy\" decoding=\"async\" class=\"alignnone wp-image-533 size-full\" src=\"https:\/\/www.topohvar.at\/wp-content\/uploads\/2018\/07\/push-l-30.jpg\" alt=\"\" width=\"61\" height=\"30\" \/><\/a>\u00a0<a href=\"https:\/\/www.topohvar.at\/orte\/vj\/\"><img loading=\"lazy\" decoding=\"async\" class=\"alignnone wp-image-535 size-full\" src=\"https:\/\/www.topohvar.at\/wp-content\/uploads\/2018\/07\/push-o-30.jpg\" alt=\"\" width=\"61\" height=\"30\" \/><\/a>\u00a0<a href=\"https:\/\/www.topohvar.at\/orte\/vj\/vj-tr-03-1\/\"><img loading=\"lazy\" decoding=\"async\" class=\"alignnone wp-image-536 size-full\" src=\"https:\/\/www.topohvar.at\/wp-content\/uploads\/2018\/07\/push-r-30.jpg\" alt=\"\" width=\"61\" height=\"30\" \/><\/a><\/strong><\/p>\n<hr \/>\n<p><strong>Adresa \/ Adresse<br \/>\n<\/strong>Vrbanj,\u00a0Vrbanjske Rudine,\u00a0Kre\u0161avac<\/p>\n<p><strong>Lokalna polo\u017eaj \/ Position<a href=\"https:\/\/goo.gl\/maps\/tn66k2QtwyHTPwaX6\"><img loading=\"lazy\" decoding=\"async\" class=\"alignright wp-image-7271\" src=\"https:\/\/www.topohvar.at\/wp-content\/uploads\/2018\/08\/1104.jpg\" alt=\"\" width=\"133\" height=\"100\" \/><\/a><br \/>\n<\/strong><span style=\"color: #3366ff;\"><a style=\"color: #3366ff;\" href=\"https:\/\/goo.gl\/maps\/tn66k2QtwyHTPwaX6\">Latitude: N 43,19997\u00b0\u00a0 \u00a0 Longitude: E 16,65230\u00b0\u00a0<\/a><\/span><strong><br \/>\n<\/strong>Visina \/ H\u00f6he: 73 m<\/p>\n<p><strong>Zemlji\u0161te \/ Grundst\u00fccke<br \/>\n<\/strong>464\/1<div class='content-column one_half'><div style=\"padding-right:6px;\"><p><strong>Datum snimanja \/ Erfassungsdatum<br \/>\n<\/strong>26.05.2016 09:42:26<\/p>\n<hr \/>\n<p><strong>Informacije<\/strong><\/p>\n<p>Trim iznad Mudrskog Dolca povezana je s drugom trimom (VJ-TR-30), oronulim poljoprivrednim zgradama, kamenim zidovima i hrpa s kamenom. Podru\u010dje pred trimom je ogra\u0111eno zidovima, a pravom stranom nalazi se u hrpi kamenja. Trim je dobro o\u010duvan, ali se vi\u0161e ne koristi.<\/p><\/div><\/div><div class='content-column one_half last_column'><div style=\"padding-right:0px;padding-left:6px;\"><p><strong>Za\u0161titni polo\u017eaj \/ Schutzstellung<br \/>\n<\/strong>&#8211;<\/p>\n<hr \/>\n<p><strong>Info<\/strong><\/p>\n<p>Der Trim oberhalb von Modri Dolac ist im Verband mit einem zweiten Trim (VJ-TR-30), landwirtschaftichen Bauten, Steinmauern und Steinhaufen. Der Bereich vor dem Trim ist mit Mauern eingez\u00e4unt, die rechte Seite befindet sich in einem Steinhaufen. Der Trim ist gut erhalten, wird aber nicht mehr genutzt.<\/p><\/div><\/div><div class='clear_column'><\/div><div class='content-column one_half'><div style=\"padding-right:6px;\"><div id=\"attachment_23282\" style=\"width: 310px\" class=\"wp-caption aligncenter\"><img loading=\"lazy\" decoding=\"async\" aria-describedby=\"caption-attachment-23282\" class=\"wp-image-23282 size-medium\" src=\"https:\/\/www.topohvar.at\/wp-content\/uploads\/2019\/07\/vj-tr-31-11-300x300.jpg\" alt=\"\" width=\"300\" height=\"300\" srcset=\"https:\/\/www.topohvar.at\/wp-content\/uploads\/2019\/07\/vj-tr-31-11-300x300.jpg 300w, https:\/\/www.topohvar.at\/wp-content\/uploads\/2019\/07\/vj-tr-31-11-150x150.jpg 150w, https:\/\/www.topohvar.at\/wp-content\/uploads\/2019\/07\/vj-tr-31-11.jpg 450w\" sizes=\"auto, (max-width: 300px) 100vw, 300px\" \/><p id=\"caption-attachment-23282\" class=\"wp-caption-text\">Ulaz \/ Eingang<\/p><\/div>\n<p>Dana 05.05.2019 trim je posje\u0107en i prona\u0111en je sljede\u0107i<\/p>\n<p>Lokacija: poljoprivredni sklop<br \/>\nPodzemlje: ravan<br \/>\nSklop: nesre\u0111na kamena gomila , kameni zid<br \/>\nUpotreba: malo se koristi<br \/>\nStanje izgradnje: dobro sa\u010duvan<br \/>\nBroj prstenova trima: jedan prsten<br \/>\nDodatni kameni prsten: nema kamenog prstena<br \/>\nStepeni\u0161te: nema stepenica<br \/>\nOblik kamena: uglast<br \/>\nPodru\u010dje ispred ulaza: lako dostupni<br \/>\nVrata na stranicu: J (180\u00b0)<br \/>\nPromjer trima (cm): 490<br \/>\nVisina trima (cm): 290<br \/>\nVisina prstena (cm): 240<br \/>\nDebljina zida (cm): 80<br \/>\n\u0160irina vrata (cm): 90<br \/>\nVisina vrata (cm): 135<br \/>\n\u0160irina unutra (cm): 300 &#8211; 330<br \/>\nVisina unutra (cm): 270<br \/>\nVolumen iznutra (m3): 14,14<br \/>\nNema ni\u0161e<\/p><\/div><\/div><div class='content-column one_half last_column'><div style=\"padding-right:0px;padding-left:6px;\"><div id=\"attachment_23283\" style=\"width: 310px\" class=\"wp-caption aligncenter\"><img loading=\"lazy\" decoding=\"async\" aria-describedby=\"caption-attachment-23283\" class=\"size-medium wp-image-23283\" src=\"https:\/\/www.topohvar.at\/wp-content\/uploads\/2019\/07\/vj-tr-31-14-300x300.jpg\" alt=\"\" width=\"300\" height=\"300\" srcset=\"https:\/\/www.topohvar.at\/wp-content\/uploads\/2019\/07\/vj-tr-31-14-300x300.jpg 300w, https:\/\/www.topohvar.at\/wp-content\/uploads\/2019\/07\/vj-tr-31-14-150x150.jpg 150w, https:\/\/www.topohvar.at\/wp-content\/uploads\/2019\/07\/vj-tr-31-14.jpg 450w\" sizes=\"auto, (max-width: 300px) 100vw, 300px\" \/><p id=\"caption-attachment-23283\" class=\"wp-caption-text\">Pogled na zapad \/ Blick nach Westen<\/p><\/div>\n<p>Am 05.05.2019 wurde der Trim besucht und untersucht<\/p>\n<p>Standort: landwirtsch. Gemenge<br \/>\nUntergrund: eben<br \/>\nVerbunden mit: Steinhaufen ungeordnet , Steinmauer<br \/>\nNutzung: kaum genutzt<br \/>\nZustand: gut erhalten<br \/>\nRinge\/Stufen des Trim: einstufig<br \/>\nZus\u00e4tzlicher Steinring: kein Steinring<br \/>\nStiege: keine Stufen<br \/>\nSteinform: kantig<br \/>\nEingangsbereich: frei<br \/>\nEingangsseite: S (180\u00b0)<br \/>\nTrimdurchmesser (cm): 490<br \/>\nTrimh\u00f6he (cm): 290<br \/>\nStufen\/Ringh\u00f6he (cm): 240<br \/>\nWandst\u00e4rke: 80<br \/>\nT\u00fcrbreite (cm): 90<br \/>\nT\u00fcrh\u00f6he (cm): 135<br \/>\nInnenraumbreite (cm): 300 &#8211; 330<br \/>\nInnenraumh\u00f6he (cm): 270<br \/>\nRaumvolumen (m3): 14,14<br \/>\nKeine Nische<\/p><\/div><\/div><div class='clear_column'><\/div><\/p>\n<p><img loading=\"lazy\" decoding=\"async\" class=\"aligncenter size-full wp-image-23284\" src=\"https:\/\/www.topohvar.at\/wp-content\/uploads\/2019\/07\/vj-tr-31-sca-1.jpg\" alt=\"\" width=\"640\" height=\"965\" srcset=\"https:\/\/www.topohvar.at\/wp-content\/uploads\/2019\/07\/vj-tr-31-sca-1.jpg 640w, https:\/\/www.topohvar.at\/wp-content\/uploads\/2019\/07\/vj-tr-31-sca-1-199x300.jpg 199w\" sizes=\"auto, (max-width: 640px) 100vw, 640px\" \/><\/p>\n<p style=\"text-align: right;\"><a href=\"#seite_oben\">gore \/ Seitenanfang<\/a><\/p>\n<hr \/>\n<p><strong>Linkovi \/ Links<\/strong><\/p>\n<p><span style=\"color: #3366ff;\"><a style=\"color: #3366ff;\" href=\"https:\/\/www.topohvar.at\/orte\/vj\/vj-tr-30-1\/\">Trim \u00bbVJ-TR-30\u00ab<\/a><\/span><\/p>\n","protected":false},"excerpt":{"rendered":"<p>Ime \/ Name Trim \u00bbVJ-TR-31\u00ab Code: VJ-TR-31\u00a0 \u00a0 \u00a0 \u00a0 \u00a0 \u00a0 \u00a0 \u00a0 \u00a0 \u00a0 \u00a0 \u00a0 \u00a0\u00a0 \u00a0 \u00a0 \u00a0 \u00a0\u00a0 Adresa \/ Adresse Vrbanj,\u00a0Vrbanjske Rudine,\u00a0Kre\u0161avac Lokalna polo\u017eaj \/ Position Latitude: N 43,19997\u00b0\u00a0 \u00a0 Longitude: E 16,65230\u00b0\u00a0 Visina &hellip; <a href=\"https:\/\/www.topohvar.at\/topo\/orte\/vj\/vj-tr-31-1\/\">Weiterlesen <span class=\"meta-nav\">&rarr;<\/span><\/a><\/p>\n","protected":false},"author":1,"featured_media":0,"parent":111,"menu_order":0,"comment_status":"closed","ping_status":"closed","template":"","meta":{"footnotes":""},"class_list":["post-6870","page","type-page","status-publish","hentry"],"_links":{"self":[{"href":"https:\/\/www.topohvar.at\/topo\/wp-json\/wp\/v2\/pages\/6870","targetHints":{"allow":["GET"]}}],"collection":[{"href":"https:\/\/www.topohvar.at\/topo\/wp-json\/wp\/v2\/pages"}],"about":[{"href":"https:\/\/www.topohvar.at\/topo\/wp-json\/wp\/v2\/types\/page"}],"author":[{"embeddable":true,"href":"https:\/\/www.topohvar.at\/topo\/wp-json\/wp\/v2\/users\/1"}],"replies":[{"embeddable":true,"href":"https:\/\/www.topohvar.at\/topo\/wp-json\/wp\/v2\/comments?post=6870"}],"version-history":[{"count":14,"href":"https:\/\/www.topohvar.at\/topo\/wp-json\/wp\/v2\/pages\/6870\/revisions"}],"predecessor-version":[{"id":55698,"href":"https:\/\/www.topohvar.at\/topo\/wp-json\/wp\/v2\/pages\/6870\/revisions\/55698"}],"up":[{"embeddable":true,"href":"https:\/\/www.topohvar.at\/topo\/wp-json\/wp\/v2\/pages\/111"}],"wp:attachment":[{"href":"https:\/\/www.topohvar.at\/topo\/wp-json\/wp\/v2\/media?parent=6870"}],"curies":[{"name":"wp","href":"https:\/\/api.w.org\/{rel}","templated":true}]}}

<p><a name="seite_oben"></a><br />
<strong><img loading="lazy" decoding="async" class="alignnone wp-image-6658 size-large" src="https://www.topohvar.at/wp-content/uploads/2018/08/VJ-TR-31-0-1024x503.jpg" alt="" width="640" height="314" srcset="https://www.topohvar.at/wp-content/uploads/2018/08/VJ-TR-31-0-1024x503.jpg 1024w, https://www.topohvar.at/wp-content/uploads/2018/08/VJ-TR-31-0-300x147.jpg 300w, https://www.topohvar.at/wp-content/uploads/2018/08/VJ-TR-31-0-768x377.jpg 768w, https://www.topohvar.at/wp-content/uploads/2018/08/VJ-TR-31-0.jpg 1080w" sizes="auto, (max-width: 640px) 100vw, 640px" /></strong></p>
<p><strong>Ime / Name<br />
</strong>Trim »VJ-TR-31«</p>
<p><strong>Code: </strong>VJ-TR-31                         <strong>        <a href="https://www.topohvar.at/orte/vj/vj-tr-00-1/"><img loading="lazy" decoding="async" class="alignnone wp-image-12300 size-full" src="https://www.topohvar.at/wp-content/uploads/2018/09/push-vor-30.jpg" alt="" width="61" height="30" /></a> <a href="https://www.topohvar.at/orte/vj/vj-tr-30-1/"><img loading="lazy" decoding="async" class="alignnone wp-image-533 size-full" src="https://www.topohvar.at/wp-content/uploads/2018/07/push-l-30.jpg" alt="" width="61" height="30" /></a> <a href="https://www.topohvar.at/orte/vj/"><img loading="lazy" decoding="async" class="alignnone wp-image-535 size-full" src="https://www.topohvar.at/wp-content/uploads/2018/07/push-o-30.jpg" alt="" width="61" height="30" /></a> <a href="https://www.topohvar.at/orte/vj/vj-tr-03-1/"><img loading="lazy" decoding="async" class="alignnone wp-image-536 size-full" src="https://www.topohvar.at/wp-content/uploads/2018/07/push-r-30.jpg" alt="" width="61" height="30" /></a></strong></p>
<hr />
<p><strong>Adresa / Adresse<br />
</strong>Vrbanj, Vrbanjske Rudine, Krešavac</p>
<p><strong>Lokalna položaj / Position<a href="https://goo.gl/maps/tn66k2QtwyHTPwaX6"><img loading="lazy" decoding="async" class="alignright wp-image-7271" src="https://www.topohvar.at/wp-content/uploads/2018/08/1104.jpg" alt="" width="133" height="100" /></a><br />
</strong><span style="color: #3366ff;"><a style="color: #3366ff;" href="https://goo.gl/maps/tn66k2QtwyHTPwaX6">Latitude: N 43,19997°    Longitude: E 16,65230° </a></span><strong><br />
</strong>Visina / Höhe: 73 m</p>
<p><strong>Zemljište / Grundstücke<br />
</strong>464/1<div class='content-column one_half'><div style="padding-right:6px;"><p><strong>Datum snimanja / Erfassungsdatum<br />
</strong>26.05.2016 09:42:26</p>
<hr />
<p><strong>Informacije</strong></p>
<p>Trim iznad Mudrskog Dolca povezana je s drugom trimom (VJ-TR-30), oronulim poljoprivrednim zgradama, kamenim zidovima i hrpa s kamenom. Područje pred trimom je ograđeno zidovima, a pravom stranom nalazi se u hrpi kamenja. Trim je dobro očuvan, ali se više ne koristi.</p></div></div><div class='content-column one_half last_column'><div style="padding-right:0px;padding-left:6px;"><p><strong>Zaštitni položaj / Schutzstellung<br />
</strong>&#8211;</p>
<hr />
<p><strong>Info</strong></p>
<p>Der Trim oberhalb von Modri Dolac ist im Verband mit einem zweiten Trim (VJ-TR-30), landwirtschaftichen Bauten, Steinmauern und Steinhaufen. Der Bereich vor dem Trim ist mit Mauern eingezäunt, die rechte Seite befindet sich in einem Steinhaufen. Der Trim ist gut erhalten, wird aber nicht mehr genutzt.</p></div></div><div class='clear_column'></div><div class='content-column one_half'><div style="padding-right:6px;"><div id="attachment_23282" style="width: 310px" class="wp-caption aligncenter"><img loading="lazy" decoding="async" aria-describedby="caption-attachment-23282" class="wp-image-23282 size-medium" src="https://www.topohvar.at/wp-content/uploads/2019/07/vj-tr-31-11-300x300.jpg" alt="" width="300" height="300" srcset="https://www.topohvar.at/wp-content/uploads/2019/07/vj-tr-31-11-300x300.jpg 300w, https://www.topohvar.at/wp-content/uploads/2019/07/vj-tr-31-11-150x150.jpg 150w, https://www.topohvar.at/wp-content/uploads/2019/07/vj-tr-31-11.jpg 450w" sizes="auto, (max-width: 300px) 100vw, 300px" /><p id="caption-attachment-23282" class="wp-caption-text">Ulaz / Eingang</p></div>
<p>Dana 05.05.2019 trim je posjećen i pronađen je sljedeći</p>
<p>Lokacija: poljoprivredni sklop<br />
Podzemlje: ravan<br />
Sklop: nesređna kamena gomila , kameni zid<br />
Upotreba: malo se koristi<br />
Stanje izgradnje: dobro sačuvan<br />
Broj prstenova trima: jedan prsten<br />
Dodatni kameni prsten: nema kamenog prstena<br />
Stepenište: nema stepenica<br />
Oblik kamena: uglast<br />
Područje ispred ulaza: lako dostupni<br />
Vrata na stranicu: J (180°)<br />
Promjer trima (cm): 490<br />
Visina trima (cm): 290<br />
Visina prstena (cm): 240<br />
Debljina zida (cm): 80<br />
Širina vrata (cm): 90<br />
Visina vrata (cm): 135<br />
Širina unutra (cm): 300 &#8211; 330<br />
Visina unutra (cm): 270<br />
Volumen iznutra (m3): 14,14<br />
Nema niše</p></div></div><div class='content-column one_half last_column'><div style="padding-right:0px;padding-left:6px;"><div id="attachment_23283" style="width: 310px" class="wp-caption aligncenter"><img loading="lazy" decoding="async" aria-describedby="caption-attachment-23283" class="size-medium wp-image-23283" src="https://www.topohvar.at/wp-content/uploads/2019/07/vj-tr-31-14-300x300.jpg" alt="" width="300" height="300" srcset="https://www.topohvar.at/wp-content/uploads/2019/07/vj-tr-31-14-300x300.jpg 300w, https://www.topohvar.at/wp-content/uploads/2019/07/vj-tr-31-14-150x150.jpg 150w, https://www.topohvar.at/wp-content/uploads/2019/07/vj-tr-31-14.jpg 450w" sizes="auto, (max-width: 300px) 100vw, 300px" /><p id="caption-attachment-23283" class="wp-caption-text">Pogled na zapad / Blick nach Westen</p></div>
<p>Am 05.05.2019 wurde der Trim besucht und untersucht</p>
<p>Standort: landwirtsch. Gemenge<br />
Untergrund: eben<br />
Verbunden mit: Steinhaufen ungeordnet , Steinmauer<br />
Nutzung: kaum genutzt<br />
Zustand: gut erhalten<br />
Ringe/Stufen des Trim: einstufig<br />
Zusätzlicher Steinring: kein Steinring<br />
Stiege: keine Stufen<br />
Steinform: kantig<br />
Eingangsbereich: frei<br />
Eingangsseite: S (180°)<br />
Trimdurchmesser (cm): 490<br />
Trimhöhe (cm): 290<br />
Stufen/Ringhöhe (cm): 240<br />
Wandstärke: 80<br />
Türbreite (cm): 90<br />
Türhöhe (cm): 135<br />
Innenraumbreite (cm): 300 &#8211; 330<br />
Innenraumhöhe (cm): 270<br />
Raumvolumen (m3): 14,14<br />
Keine Nische</p></div></div><div class='clear_column'></div></p>
<p><img loading="lazy" decoding="async" class="aligncenter size-full wp-image-23284" src="https://www.topohvar.at/wp-content/uploads/2019/07/vj-tr-31-sca-1.jpg" alt="" width="640" height="965" srcset="https://www.topohvar.at/wp-content/uploads/2019/07/vj-tr-31-sca-1.jpg 640w, https://www.topohvar.at/wp-content/uploads/2019/07/vj-tr-31-sca-1-199x300.jpg 199w" sizes="auto, (max-width: 640px) 100vw, 640px" /></p>
<p style="text-align: right;"><a href="#seite_oben">gore / Seitenanfang</a></p>
<hr />
<p><strong>Linkovi / Links</strong></p>
<p><span style="color: #3366ff;"><a style="color: #3366ff;" href="https://www.topohvar.at/orte/vj/vj-tr-30-1/">Trim »VJ-TR-30«</a></span></p>

<p>Ime / Name Trim »VJ-TR-31« Code: VJ-TR-31                                    Adresa / Adresse Vrbanj, Vrbanjske Rudine, Krešavac Lokalna položaj / Position Latitude: N 43,19997°    Longitude: E 16,65230°  Visina &hellip; <a href="https://www.topohvar.at/topo/orte/vj/vj-tr-31-1/">Weiterlesen <span class="meta-nav">&rarr;</span></a></p>
