{"id":688,"date":"2018-07-27T04:13:14","date_gmt":"2018-07-27T02:13:14","guid":{"rendered":"https:\/\/www.topohvar.at\/?page_id=688"},"modified":"2024-04-23T07:57:23","modified_gmt":"2024-04-23T05:57:23","slug":"bo-mo-02-2","status":"publish","type":"page","link":"https:\/\/www.topohvar.at\/topo\/orte\/bo\/bo-mo-02-2\/","title":{"rendered":"BOGOMOLJE &#8211; Spomenik na grobu Dr. Krste Rudana"},"content":{"rendered":"<p><a name=\"seite_oben\"><\/a><br \/>\n<strong><img loading=\"lazy\" decoding=\"async\" class=\"alignnone wp-image-387 size-full\" src=\"https:\/\/www.topohvar.at\/wp-content\/uploads\/2018\/07\/00-00-00-1.jpg\" alt=\"\" width=\"114\" height=\"56\" \/><\/strong><\/p>\n<p><strong>Ime \/ Name<br \/>\n<\/strong>Spomenik na grobu Dr. Krste Rudana \/ Denkmal\u00a0am Grab des Dr. Krste Rudan<\/p>\n<p><strong>Code: <\/strong>BO-MO-02\u00a0 \u00a0 \u00a0 \u00a0 \u00a0 \u00a0 \u00a0 \u00a0 \u00a0 \u00a0 \u00a0 \u00a0 \u00a0 \u00a0 \u00a0 \u00a0<strong><a href=\"https:\/\/www.topohvar.at\/orte\/bo\/bo-mo-01-2\/\"><img loading=\"lazy\" decoding=\"async\" class=\"alignnone wp-image-533 size-full\" src=\"https:\/\/www.topohvar.at\/wp-content\/uploads\/2018\/07\/push-l-30.jpg\" alt=\"\" width=\"61\" height=\"30\" \/><\/a> <a href=\"https:\/\/www.topohvar.at\/orte\/bo\/\"><img loading=\"lazy\" decoding=\"async\" class=\"alignnone wp-image-535 size-full\" src=\"https:\/\/www.topohvar.at\/wp-content\/uploads\/2018\/07\/push-o-30.jpg\" alt=\"\" width=\"61\" height=\"30\" \/><\/a> <\/strong><\/p>\n<hr \/>\n<p><strong>Adresa \/ Adresse<br \/>\n<\/strong>Bogomolje, Selo, groblje \/ Friedhof<\/p>\n<p><strong>Lokacija<\/strong><strong>\/ Position<a href=\"https:\/\/goo.gl\/maps\/aHn3UKA3V6N9cBR48\"><img loading=\"lazy\" decoding=\"async\" class=\"alignright wp-image-460\" src=\"https:\/\/www.topohvar.at\/wp-content\/uploads\/2018\/07\/0003.jpg\" alt=\"\" width=\"134\" height=\"100\" \/><\/a><br \/>\n<\/strong><a href=\"https:\/\/goo.gl\/maps\/aHn3UKA3V6N9cBR48\">Latitude: N 43,13056\u00b0\u00a0 \u00a0Longitude: E 16,99322\u00b0<\/a> <strong><br \/>\n<\/strong>Visina \/ H\u00f6he: 231 m<\/p>\n<p><strong>Katastarska \u010destica<\/strong><strong> \/ Grundst\u00fccke<br \/>\n<\/strong>*259, 650\/1<div class='content-column one_half'><div style=\"padding-right:6px;\"><p><strong>Datum snimanja \/ Erfassungsdatum<br \/>\n<\/strong>10.05.2018 10:30:00<\/p>\n<hr \/>\n<p><strong>Informacije<\/strong><\/p>\n<p>Spomenik na grobu Dr. Krste Rudana nalazi se na zapadnoj strani groblja u Bogomolju. Dr. Krsto Rudan je istaknuti i zaslu\u017eni partizanski lije\u010dnik. Organizirao je prvu partizansku bolnicu na Hvaru, u augustu 1942. godine i to u Bogomolju. Po\u010detkom 1943. g. nakon organiziranja IV dalmatiinske brigade, Dr. Krsto Rudan postaje referent saniteta, a u velja\u010di preuzima rukovo\u0111enje bolnicom IX dalmatinske divizije u Imotskom. Umro je u toku bitke na Sutjesci iznuren i bolestan, nakon po\u017ertvovnog i nesebi\u010dnog rada na spa\u0161avanju ranjenika i bolesniika.<\/p><\/div><\/div><div class='content-column one_half last_column'><div style=\"padding-right:0px;padding-left:6px;\"><p><strong>Stupanj za\u0161tite<\/strong><strong> \/ Schutzstellung<br \/>\n<\/strong>&#8211;<\/p>\n<hr \/>\n<p><strong>Info<\/strong><\/p>\n<p>Das Denkmal am Grab des Dr. Krste Rudan befindet sich an der Westseite des Bogomoljer Friedhofs. Dr. Krsto Rudan war ein prominenter und verdienter Arzt der Partisanen. Er organisierte das erste Partisanenkrankenhaus auf der Insel Hvar im August 1942 in Bogomolje. Anfang 1943, nach der Organisation der IV Dalmatinischen Brigade, wird Dr. Krsto Rudan Sanit\u00e4tsreferent, und \u00fcbernimmt im Februar die Leitung des Krankenhauses der IX dalmatinische Division in Imotski. Er starb w\u00e4hrend der Schlacht von Sutjeska abgestumpft und krank nach ergebener und aufopfernder Arbeit um Verwundete und Kranke zu retten.<\/p><\/div><\/div><div class='clear_column'><\/div><div class='content-column one_half'><div style=\"padding-right:6px;\"><p>Spomenik na grobu izra\u0111en je u obliku masivne kamene plo\u010de sa reljefom borca koji pridr\u017eava ranjenika.<\/p><\/div><\/div><div class='content-column one_half last_column'><div style=\"padding-right:0px;padding-left:6px;\"><p>Das Grabmal wurde in Form einer massiven Steinplatte gefertigt, mit einem Relief das einen Soldaten zeigt, der einen Verwundeten st\u00fctzt.<\/p><\/div><\/div><div class='clear_column'><\/div><div class='content-column one_half'><div style=\"padding-right:6px;\"><p>Natpis:<\/p>\n<p>DRU\u017dE, SRETNE\u0160 LI MOJU MAJKU, KA\u017dI JOJ DA SAM U V OFANZIVI U TOKU BITKE NA SUTJESCI DANA 19. SVIBNJA 1943. GODINE U BORBI PROTIV FA\u0160ISTA ZA SLOBODU SVOG NARODA POLO\u017dIO SVOJ \u017dIVOT.<\/p><\/div><\/div><div class='content-column one_half last_column'><div style=\"padding-right:0px;padding-left:6px;\"><p>Inschrift:<\/p>\n<p>Genosse, wenn du meine Mutter triffst, sag ihr, dass ich in der Schlacht am Sabbattag des 19. Mai 1943 im Kampf gegen die Faschisten f\u00fcr die Freiheit meines Volkes mein Leben verlor.<\/p><\/div><\/div><div class='clear_column'><\/div><div class='content-column one_half'><div style=\"padding-right:6px;\"><p>Spomenik je postavila majka Pavica Dr. Krste Rudana, 1947. g. Nadgrobna plo\u010da sa spomenikom rad je kipara Slavka Mileti\u0107a iz Zagreba. Natpis na spomeniku je sastavila majka Dr. Rudana, inspirirana porukom koju joj je uputio sin prelw svog pomo\u010dnika u bolnici IX dalmatinske divizije, Dr. Nikole Jaik\u0161i\u0107a.<\/p><\/div><\/div><div class='content-column one_half last_column'><div style=\"padding-right:0px;padding-left:6px;\"><p>Das Denkmal wurde von der Mutter Pavica des Dr. Krste Rudan im Jahr 1947 errichtet. Der Grabstein mit dem Denkmal ist ein Werk des Bildhauers Slavko Mileti\u0107 aus Zagreb. Die Inschrift auf dem Denkmal wurde von Dr. Rudans Mutter ausgearbeitet, inspiriert von der Nachricht die der Sohn seines Assistenten im Krankenhaus der IX Dalmatinischen Division, Dr. Niikola Jaik\u0161i\u0107, ihr \u00fcberbrachte.<\/p><\/div><\/div><div class='clear_column'><\/div><div class='content-column one_half'><div style=\"padding-right:6px;\"><p>Zdravstvena stanica Hvar dobio je ime Dr. Krste Rudana.<\/p><\/div><\/div><div class='content-column one_half last_column'><div style=\"padding-right:0px;padding-left:6px;\"><p>Das Gesundheitszentrum in Hvar wurde nach Dr. Krste Rudan benannt.<\/p><\/div><\/div><div class='clear_column'><\/div><\/p>\n<p style=\"text-align: right;\"><a href=\"#seite_oben\">natrag na vrh \/ Seitenanfang<\/a><\/p>\n<hr \/>\n<p><strong>Linkovi \/ Links<\/strong><\/p>\n<p><span style=\"color: #3366ff;\"><a style=\"color: #3366ff;\" href=\"https:\/\/www.topohvar.at\/topo\/orte\/bo\/bo-og-01-1\/\">Groblje \/ Friedhof<\/a><\/span><\/p>\n","protected":false},"excerpt":{"rendered":"<p>Ime \/ Name Spomenik na grobu Dr. Krste Rudana \/ Denkmal\u00a0am Grab des Dr. Krste Rudan Code: BO-MO-02\u00a0 \u00a0 \u00a0 \u00a0 \u00a0 \u00a0 \u00a0 \u00a0 \u00a0 \u00a0 \u00a0 \u00a0 \u00a0 \u00a0 \u00a0 \u00a0 Adresa \/ Adresse Bogomolje, Selo, groblje \/ &hellip; <a href=\"https:\/\/www.topohvar.at\/topo\/orte\/bo\/bo-mo-02-2\/\">Weiterlesen <span class=\"meta-nav\">&rarr;<\/span><\/a><\/p>\n","protected":false},"author":1,"featured_media":0,"parent":63,"menu_order":0,"comment_status":"closed","ping_status":"closed","template":"","meta":{"footnotes":""},"class_list":["post-688","page","type-page","status-publish","hentry"],"_links":{"self":[{"href":"https:\/\/www.topohvar.at\/topo\/wp-json\/wp\/v2\/pages\/688","targetHints":{"allow":["GET"]}}],"collection":[{"href":"https:\/\/www.topohvar.at\/topo\/wp-json\/wp\/v2\/pages"}],"about":[{"href":"https:\/\/www.topohvar.at\/topo\/wp-json\/wp\/v2\/types\/page"}],"author":[{"embeddable":true,"href":"https:\/\/www.topohvar.at\/topo\/wp-json\/wp\/v2\/users\/1"}],"replies":[{"embeddable":true,"href":"https:\/\/www.topohvar.at\/topo\/wp-json\/wp\/v2\/comments?post=688"}],"version-history":[{"count":15,"href":"https:\/\/www.topohvar.at\/topo\/wp-json\/wp\/v2\/pages\/688\/revisions"}],"predecessor-version":[{"id":66721,"href":"https:\/\/www.topohvar.at\/topo\/wp-json\/wp\/v2\/pages\/688\/revisions\/66721"}],"up":[{"embeddable":true,"href":"https:\/\/www.topohvar.at\/topo\/wp-json\/wp\/v2\/pages\/63"}],"wp:attachment":[{"href":"https:\/\/www.topohvar.at\/topo\/wp-json\/wp\/v2\/media?parent=688"}],"curies":[{"name":"wp","href":"https:\/\/api.w.org\/{rel}","templated":true}]}}

<p><a name="seite_oben"></a><br />
<strong><img loading="lazy" decoding="async" class="alignnone wp-image-387 size-full" src="https://www.topohvar.at/wp-content/uploads/2018/07/00-00-00-1.jpg" alt="" width="114" height="56" /></strong></p>
<p><strong>Ime / Name<br />
</strong>Spomenik na grobu Dr. Krste Rudana / Denkmal am Grab des Dr. Krste Rudan</p>
<p><strong>Code: </strong>BO-MO-02                               <strong><a href="https://www.topohvar.at/orte/bo/bo-mo-01-2/"><img loading="lazy" decoding="async" class="alignnone wp-image-533 size-full" src="https://www.topohvar.at/wp-content/uploads/2018/07/push-l-30.jpg" alt="" width="61" height="30" /></a> <a href="https://www.topohvar.at/orte/bo/"><img loading="lazy" decoding="async" class="alignnone wp-image-535 size-full" src="https://www.topohvar.at/wp-content/uploads/2018/07/push-o-30.jpg" alt="" width="61" height="30" /></a> </strong></p>
<hr />
<p><strong>Adresa / Adresse<br />
</strong>Bogomolje, Selo, groblje / Friedhof</p>
<p><strong>Lokacija</strong><strong>/ Position<a href="https://goo.gl/maps/aHn3UKA3V6N9cBR48"><img loading="lazy" decoding="async" class="alignright wp-image-460" src="https://www.topohvar.at/wp-content/uploads/2018/07/0003.jpg" alt="" width="134" height="100" /></a><br />
</strong><a href="https://goo.gl/maps/aHn3UKA3V6N9cBR48">Latitude: N 43,13056°   Longitude: E 16,99322°</a> <strong><br />
</strong>Visina / Höhe: 231 m</p>
<p><strong>Katastarska čestica</strong><strong> / Grundstücke<br />
</strong>*259, 650/1<div class='content-column one_half'><div style="padding-right:6px;"><p><strong>Datum snimanja / Erfassungsdatum<br />
</strong>10.05.2018 10:30:00</p>
<hr />
<p><strong>Informacije</strong></p>
<p>Spomenik na grobu Dr. Krste Rudana nalazi se na zapadnoj strani groblja u Bogomolju. Dr. Krsto Rudan je istaknuti i zaslužni partizanski liječnik. Organizirao je prvu partizansku bolnicu na Hvaru, u augustu 1942. godine i to u Bogomolju. Početkom 1943. g. nakon organiziranja IV dalmatiinske brigade, Dr. Krsto Rudan postaje referent saniteta, a u veljači preuzima rukovođenje bolnicom IX dalmatinske divizije u Imotskom. Umro je u toku bitke na Sutjesci iznuren i bolestan, nakon požrtvovnog i nesebičnog rada na spašavanju ranjenika i bolesniika.</p></div></div><div class='content-column one_half last_column'><div style="padding-right:0px;padding-left:6px;"><p><strong>Stupanj zaštite</strong><strong> / Schutzstellung<br />
</strong>&#8211;</p>
<hr />
<p><strong>Info</strong></p>
<p>Das Denkmal am Grab des Dr. Krste Rudan befindet sich an der Westseite des Bogomoljer Friedhofs. Dr. Krsto Rudan war ein prominenter und verdienter Arzt der Partisanen. Er organisierte das erste Partisanenkrankenhaus auf der Insel Hvar im August 1942 in Bogomolje. Anfang 1943, nach der Organisation der IV Dalmatinischen Brigade, wird Dr. Krsto Rudan Sanitätsreferent, und übernimmt im Februar die Leitung des Krankenhauses der IX dalmatinische Division in Imotski. Er starb während der Schlacht von Sutjeska abgestumpft und krank nach ergebener und aufopfernder Arbeit um Verwundete und Kranke zu retten.</p></div></div><div class='clear_column'></div><div class='content-column one_half'><div style="padding-right:6px;"><p>Spomenik na grobu izrađen je u obliku masivne kamene ploče sa reljefom borca koji pridržava ranjenika.</p></div></div><div class='content-column one_half last_column'><div style="padding-right:0px;padding-left:6px;"><p>Das Grabmal wurde in Form einer massiven Steinplatte gefertigt, mit einem Relief das einen Soldaten zeigt, der einen Verwundeten stützt.</p></div></div><div class='clear_column'></div><div class='content-column one_half'><div style="padding-right:6px;"><p>Natpis:</p>
<p>DRUŽE, SRETNEŠ LI MOJU MAJKU, KAŽI JOJ DA SAM U V OFANZIVI U TOKU BITKE NA SUTJESCI DANA 19. SVIBNJA 1943. GODINE U BORBI PROTIV FAŠISTA ZA SLOBODU SVOG NARODA POLOŽIO SVOJ ŽIVOT.</p></div></div><div class='content-column one_half last_column'><div style="padding-right:0px;padding-left:6px;"><p>Inschrift:</p>
<p>Genosse, wenn du meine Mutter triffst, sag ihr, dass ich in der Schlacht am Sabbattag des 19. Mai 1943 im Kampf gegen die Faschisten für die Freiheit meines Volkes mein Leben verlor.</p></div></div><div class='clear_column'></div><div class='content-column one_half'><div style="padding-right:6px;"><p>Spomenik je postavila majka Pavica Dr. Krste Rudana, 1947. g. Nadgrobna ploča sa spomenikom rad je kipara Slavka Miletića iz Zagreba. Natpis na spomeniku je sastavila majka Dr. Rudana, inspirirana porukom koju joj je uputio sin prelw svog pomočnika u bolnici IX dalmatinske divizije, Dr. Nikole Jaikšića.</p></div></div><div class='content-column one_half last_column'><div style="padding-right:0px;padding-left:6px;"><p>Das Denkmal wurde von der Mutter Pavica des Dr. Krste Rudan im Jahr 1947 errichtet. Der Grabstein mit dem Denkmal ist ein Werk des Bildhauers Slavko Miletić aus Zagreb. Die Inschrift auf dem Denkmal wurde von Dr. Rudans Mutter ausgearbeitet, inspiriert von der Nachricht die der Sohn seines Assistenten im Krankenhaus der IX Dalmatinischen Division, Dr. Niikola Jaikšić, ihr überbrachte.</p></div></div><div class='clear_column'></div><div class='content-column one_half'><div style="padding-right:6px;"><p>Zdravstvena stanica Hvar dobio je ime Dr. Krste Rudana.</p></div></div><div class='content-column one_half last_column'><div style="padding-right:0px;padding-left:6px;"><p>Das Gesundheitszentrum in Hvar wurde nach Dr. Krste Rudan benannt.</p></div></div><div class='clear_column'></div></p>
<p style="text-align: right;"><a href="#seite_oben">natrag na vrh / Seitenanfang</a></p>
<hr />
<p><strong>Linkovi / Links</strong></p>
<p><span style="color: #3366ff;"><a style="color: #3366ff;" href="https://www.topohvar.at/topo/orte/bo/bo-og-01-1/">Groblje / Friedhof</a></span></p>
