{"id":69936,"date":"2024-11-04T18:35:43","date_gmt":"2024-11-04T17:35:43","guid":{"rendered":"https:\/\/www.topohvar.at\/topo\/?page_id=69936"},"modified":"2024-11-05T12:34:23","modified_gmt":"2024-11-05T11:34:23","slug":"ru-ip-03-1","status":"publish","type":"page","link":"https:\/\/www.topohvar.at\/topo\/orte\/ru\/ru-ip-03-1\/","title":{"rendered":"RUDINA &#8211; Informativna plo\u0107a \u00bbNaselja morska cvjetnica posidonija\u00ab"},"content":{"rendered":"<p><a name=\"seite_oben\"><\/a><br \/>\n<strong><img loading=\"lazy\" decoding=\"async\" class=\"aligncenter wp-image-69939 size-full\" src=\"https:\/\/www.topohvar.at\/wp-content\/uploads\/2024\/11\/ru-ip-03-0.jpg\" alt=\"\" width=\"1080\" height=\"530\" srcset=\"https:\/\/www.topohvar.at\/wp-content\/uploads\/2024\/11\/ru-ip-03-0.jpg 1080w, https:\/\/www.topohvar.at\/wp-content\/uploads\/2024\/11\/ru-ip-03-0-300x147.jpg 300w, https:\/\/www.topohvar.at\/wp-content\/uploads\/2024\/11\/ru-ip-03-0-1024x503.jpg 1024w, https:\/\/www.topohvar.at\/wp-content\/uploads\/2024\/11\/ru-ip-03-0-768x377.jpg 768w\" sizes=\"auto, (max-width: 1080px) 100vw, 1080px\" \/><\/strong><\/p>\n<p><strong>Ime \/ Name<br \/>\n<\/strong>Informativna plo\u0107a \u00bbNaselja morska cvjetnica posidonija\u00ab \/ Population der Meeresblume Posidonia<\/p>\n<p><strong>Code: <\/strong>RU-IP-03\u00a0 \u00a0 \u00a0 \u00a0 \u00a0 \u00a0 \u00a0 \u00a0 \u00a0 \u00a0 \u00a0 \u00a0<strong>\u00a0 \u00a0 \u00a0 \u00a0 \u00a0<a href=\"https:\/\/www.topohvar.at\/topo\/orte\/ru\/ru-ip-11-1\/\"><img loading=\"lazy\" decoding=\"async\" class=\"alignnone wp-image-533 size-full\" src=\"https:\/\/www.topohvar.at\/wp-content\/uploads\/2018\/07\/push-l-30.jpg\" alt=\"\" width=\"61\" height=\"30\" \/><\/a>\u00a0<a href=\"https:\/\/www.topohvar.at\/orte\/ru\/\"><img loading=\"lazy\" decoding=\"async\" class=\"alignnone wp-image-535 size-full\" src=\"https:\/\/www.topohvar.at\/wp-content\/uploads\/2018\/07\/push-o-30.jpg\" alt=\"\" width=\"61\" height=\"30\" \/><\/a>\u00a0<a href=\"https:\/\/www.topohvar.at\/orte\/ru\/ru-ip-12-1\/\"><img loading=\"lazy\" decoding=\"async\" class=\"alignnone wp-image-536 size-full\" src=\"https:\/\/www.topohvar.at\/wp-content\/uploads\/2018\/07\/push-r-30.jpg\" alt=\"\" width=\"61\" height=\"30\" \/><\/a><\/strong><\/p>\n<hr \/>\n<p><strong>Adresa \/ Adresse<br \/>\n<\/strong>Rudina, Poluotok \/ Halbinsel Kabal<\/p>\n<p><strong>Lokacija \/ Position<a href=\"https:\/\/maps.app.goo.gl\/CwTkDAgo38nhZ4cA9\"><img loading=\"lazy\" decoding=\"async\" class=\"alignright wp-image-69921\" src=\"https:\/\/www.topohvar.at\/wp-content\/uploads\/2024\/11\/4205-1.jpg\" alt=\"\" width=\"134\" height=\"100\" \/><\/a><br \/>\n<\/strong><span style=\"color: #3366ff;\"><a style=\"color: #3366ff;\" href=\"https:\/\/maps.app.goo.gl\/CwTkDAgo38nhZ4cA9\">Latitude: N 43,20317\u00b0\u00a0 \u00a0 Longitude: E 16,57736\u00b0<\/a>\u00a0<\/span><strong><br \/>\n<\/strong>Visina \/ H\u00f6he: 43 m<\/p>\n<p><strong>Katastarska \u010destica \/ Grundst\u00fccke<br \/>\n<\/strong>10416\/600 (Stari Grad, Rudine)<div class='content-column one_half'><div style=\"padding-right:6px;\"><p><strong>Datum snimanja \/ Erfassungsdatum<br \/>\n<\/strong>12.10.2024 12:23:31<\/p>\n<hr \/>\n<p><strong>Informacije<\/strong><\/p>\n<p>Godine 2023.\/2024. na poluotoku Kabal uz potporu EU postavljeno je 13 plo\u010da. Daju informacije na engleskom i hrvatskom jeziku o topografiji poluotoka<\/p><\/div><\/div><div class='content-column one_half last_column'><div style=\"padding-right:0px;padding-left:6px;\"><p><strong>Stupanj za\u0161tite \/ Schutzstellung<br \/>\n<\/strong>&#8211;<\/p>\n<hr \/>\n<p><strong>Info<\/strong><\/p>\n<p>In den Jahren 2023\/2024 wurden mit Unterst\u00fctzung der EU auf der Halbinsel Kabal 13 Tafeln aufgestellt. Sie Informieren in englischer und kroatischer Sprache \u00fcber Topographie, Flora und Fauna der Halbinsel<\/p><\/div><\/div><div class='clear_column'><\/div><\/p>\n<hr \/>\n<div class='content-column one_half'><div style=\"padding-right:6px;\"><p>Naselja morska cvjetnica posidonija<\/p>\n<p>Naselje posidonije gradi morska cvjetnica posidonija (<em>Posidonia oceanica<\/em>), endemi\u010dna sredozemna vrsta. \u010cesto je cijelo naselje, koje se prote\u017ee stotinama metara du\u017e obale, nastalo rastom samo jedne biljke koja je na to mjesto dospjela prije vi\u0161e tisu\u0107a godina. Rast njezinih stabalaca je iznimno spor, tek izme\u0111u 1 i 5 cm godi\u0161nje. Zato ih sediment neprestano zatrpava pa su ve\u0107im dijelom svoje du\u017eine ukopana. Ponekad zbog odrona morskog dna\u00a0 mo\u017eemo vidjeti zatrpana stabalca duga\u010dka nekoliko metara, a takva mogu biti stara i nekoliko stotina godina. Posidonija je zapravo najdugovje\u010dniji plitkovodni organizam u Sredozemnome more, a pojedine biljke po\u010dele su rasti prije vi\u0161e od tisu\u0107u godina.<\/p><\/div><\/div><div class='content-column one_half last_column'><div style=\"padding-right:0px;padding-left:6px;\"><p>Siedlungen der Meeresblume Posidonia<\/p>\n<p>Die Posidonia-Ansammlung wird von der im Meer bl\u00fchenden Posidonia (<em>Posidonia Oceanica<\/em>) gebildet, einer endemischen Mittelmeerart. Oftmals entstand die gesamte Ansiedlung, die sich \u00fcber Hunderte von Metern entlang der K\u00fcste erstreckt, durch das Wachstum nur einer Pflanze, die vor Tausenden von Jahren an diesen Ort gelangte. Das Wachstum seiner St\u00e4ngel ist \u00e4u\u00dferst langsam, nur zwischen 1 und 5 cm pro Jahr. Deshalb werden sie st\u00e4ndig von Sedimenten begraben, sodass sie \u00fcber den gr\u00f6\u00dften Teil ihrer L\u00e4nge begraben liegen. Aufgrund des Absinkens des Meeresbodens k\u00f6nnen wir manchmal mehrere Meter lange vergrabene Pflanzen sehen, die mehrere hundert Jahre alt sein k\u00f6nnen. Posidonia ist tats\u00e4chlich der langlebigste Flachwasserorganismus im Mittelmeer, und einige Pflanzen begannen bereits vor mehr als tausend Jahren zu wachsen.<\/p><\/div><\/div><div class='clear_column'><\/div><div class='content-column one_half'><div style=\"padding-right:6px;\"><p><img loading=\"lazy\" decoding=\"async\" class=\"aligncenter wp-image-69940 size-full\" src=\"https:\/\/www.topohvar.at\/wp-content\/uploads\/2024\/11\/RU-iP-03-10.jpg\" alt=\"\" width=\"315\" height=\"1080\" srcset=\"https:\/\/www.topohvar.at\/wp-content\/uploads\/2024\/11\/RU-iP-03-10.jpg 315w, https:\/\/www.topohvar.at\/wp-content\/uploads\/2024\/11\/RU-iP-03-10-299x1024.jpg 299w\" sizes=\"auto, (max-width: 315px) 100vw, 315px\" \/><\/p><\/div><\/div><div class='content-column one_half last_column'><div style=\"padding-right:0px;padding-left:6px;\"><p>&nbsp;<\/p>\n<p>Posidonija pripada travama, a kao i trave na kopnu, gra\u0111ena je od stabalca, listova i korijena te se razmno\u017eava cvatom. Pelud prenose morske struje, a nakon opl\u00f6dnje razvija se plod sli\u010dan maslini. Posidonija cvate ujesen, a plodovi sazrijevaju u prolje\u0107e. Tada se otki\u0111aju od stapke, isplivaju na povr\u0161inu i plutaju nekoliko dana. Potom se raspuknu, a iz njih ispadne sjemenka koja tone na dno. Potone li na pogodno mjesto, izrast \u0107e u novu biljku. Za desetak godina njezino stabalce bit \u0107e duga\u010dko tek pola metra. Nastavi li rasti, u vi\u0161e stotina godina iz nje \u0107e se razviti naselje posidonije, a protezat \u0107e se od povr\u0161ine do dubine od oko 30 metara.<\/p>\n<p style=\"text-align: center;\">-\/-<\/p>\n<p>Posidonia geh\u00f6rt zu den Gr\u00e4sern und besteht wie die Gr\u00e4ser am Land aus St\u00e4ngeln, Bl\u00e4ttern und Wurzeln und vermehrt sich durch Bl\u00fcten. Pollen werden von Meeresstr\u00f6mungen getragen und nach der Befruchtung entwickelt sich eine Frucht, die einer Olive \u00e4hnelt. Posidonia bl\u00fcht im Herbst und die Fr\u00fcchte reifen im Fr\u00fchling. Dann l\u00f6sen sie sich vom Stiel, schwimmen an die Oberfl\u00e4che und schwimmen mehrere Tage lang. Dann spalten sie sich und ein Samenkorn f\u00e4llt aus ihnen heraus und sinkt auf den Boden. Wenn es an einen geeigneten Ort sinkt, w\u00e4chst daraus eine neue Pflanze heran. In zehn Jahren werden seine St\u00e4ngel erst einen halben Meter lang sein. Wenn es weiter w\u00e4chst, wird es sich in Hunderten von Jahren zu einer Posidonia-Siedlung entwickeln, die sich von der Oberfl\u00e4che bis zu einer Tiefe von etwa 30 Metern erstreckt.<\/p><\/div><\/div><div class='clear_column'><\/div><div class='content-column one_half'><div style=\"padding-right:6px;\"><p>Naselja posidonije su podru\u010dja najve\u0107e biolo\u0161ke raznolikosti u Sredozemnome moru. Listovi posidonije pro\u010di\u0161\u0107uju vodeni stupac i smanjuju energiju valova koji udaraju o obalu. Posidinija proizvodi organsku tvar i bitno pridonosi proizvodnji kisika na obalnom podru\u010dju. U dugo\u017eivu\u0107im stabalcima pohranjuje atmosferski ugljik, djeluju\u0107i na smanjenje globalnog zagrijavanje. Naselja posidonije mjesta su zadr\u017eavanja i mrije\u0161\u0107enja brojinih komercijalnih vrsta riba. Riba modrak ili lokalno tragalj (<em>Spicara maena<\/em>) mrijesti se u posidoniji. Zbok razmno\u017eavanje, u samo jednu uvalu mogu doplivati tisu\u0107e jedinki. Mu\u017ejaci iskopaju rupe izme\u0111u \u010duperska posidonije u koje \u017eenke pola\u017eujaja.<\/p>\n<p style=\"text-align: left;\"><\/div><\/div><div class='content-column one_half last_column'><div style=\"padding-right:0px;padding-left:6px;\"><p>Posidonia-Siedlungen sind Gebiete mit der gr\u00f6\u00dften biologischen Vielfalt im Mittelmeer. Posidonia-Bl\u00e4tter reinigen das Wasser und reduzieren die Energie der Wellen, die auf das Ufer treffen. Posidinija produziert organische Stoffe und tr\u00e4gt wesentlich zur Sauerstoffproduktion im K\u00fcstengebiet bei. Die langlebigen Pflanzen speichern atmosph\u00e4rischen Kohlenstoff und reduzieren so die globale Erw\u00e4rmung. Posidonia-Siedlungen sind die Aufenthalts- und Laichgr\u00fcnde vieler kommerziell genutzter Fischarten. Blaubarsche oder lokal Tragalj (<em>Spicara maena<\/em>) laichen in Posidonia. Aufgrund der Fortpflanzung k\u00f6nnen Tausende von Individuen in nur einer Bucht schwimmen. Die M\u00e4nnchen graben L\u00f6cher zwischen Posidoniab\u00fcscheln, in die die Weibchen ihre Eier legen.<\/p><\/div><\/div><div class='clear_column'><\/div><div class='content-column one_half'><div style=\"padding-right:6px;\"><p>Podmorje poluotoka Kabla za\u0161ti\u0107enje je kao stani\u0161te <em>Natura 2000<\/em>, izme\u0111u ostaloga i zbog naselja posidonije, \u010dime bi se trebao o\u010duvati taj vrijedni sredozemni ekosustav.<br \/>\nU naseljima posidonije \u017eivi iplenenita periska (<em>Pinna nobilis<\/em>), danas kriti\u010dno ugro\u017eeni \u0161koljka\u0161 Sredozemnoga mora.<\/p>\n<p style=\"text-align: left;\"><\/div><\/div><div class='content-column one_half last_column'><div style=\"padding-right:0px;padding-left:6px;\"><p>Der Unterwasserteil der Halbinsel Kabla ist als <em>Natura-2000<\/em>-Lebensraum unter anderem wegen der Posidonia-Ansiedlung gesch\u00fctzt, die dieses wertvolle mediterrane \u00d6kosystem erhalten soll.<br \/>\nIn den Siedlungen von Posidonia lebt die Iplenit-Periska (<em>Pinna nobilis<\/em>), heute eine vom Aussterben bedrohte Muschel des Mittelmeers.<\/p><\/div><\/div><div class='clear_column'><\/div><div class='content-column one_half'><div style=\"padding-right:6px;\"><p>Mnoge ljudske aktivnosti danas ugro\u017eavanju posidoniju, u Hrvatskoj zakonom za\u0161ti\u0107enu vratu. Smatra se daje u posljednjih 50 godina do\u0161lo do smanjenja naselja posidonije za vi\u0161e od 30 % na razini cijeloga Sredozemlja. Posidonija je vrlo osjetljiva na svako uni\u0161tavanje, zbog iznimno sporog rasta. Najve\u0107a opasnost za opstanak livada posidonije sigurno \u0107e uni\u0161titi desetke ili stotine biljaka te uzrokovati \u0161tetu za koju je potrebno desetije\u0107e da se ukloni.<\/p>\n<p style=\"text-align: left;\"><\/div><\/div><div class='content-column one_half last_column'><div style=\"padding-right:0px;padding-left:6px;\"><p>Heutzutage gef\u00e4hrden viele menschliche Aktivit\u00e4ten die Posidonia, die in Kroatien gesetzlich gesch\u00fctzt ist. Man geht davon aus, dass es in den letzten 50 Jahren im gesamten Mittelmeerraum zu einem R\u00fcckgang der Posidonia-Population um mehr als 30 % kam. Posidonia ist aufgrund ihres extrem langsamen Wachstums sehr empfindlich gegen\u00fcber jeglicher Zerst\u00f6rung. Die gr\u00f6\u00dfte Bedrohung f\u00fcr das \u00dcberleben von Posidonia-Wiesen wird sicherlich die Zerst\u00f6rung von Dutzenden oder Hunderten Pflanzen sein, das Sch\u00e4den verursacht, deren Beseitigung Jahrzehnte dauern wird.<\/p><\/div><\/div><div class='clear_column'><\/div><\/p>\n<hr \/>\n<div class='content-column one_half'><div style=\"padding-right:6px;\"><p>U blizini je informativna plo\u0107a \u00bbKabal (2)\u00ab<\/p><\/div><\/div><div class='content-column one_half last_column'><div style=\"padding-right:0px;padding-left:6px;\"><p>In der N\u00e4he befindet sich die Informatiinstafel \u00bbKabal (2)\u00ab<\/p><\/div><\/div><div class='clear_column'><\/div><\/p>\n<p style=\"text-align: right;\"><span style=\"color: #3366ff;\"><a style=\"color: #3366ff;\" href=\"#seite_oben\">natrag na vrh \/ Seitenanfang<\/a><\/span><\/p>\n<hr \/>\n<p><strong>Linkovi \/ Links<\/strong><\/p>\n<p><span style=\"color: #3366ff;\"><a style=\"color: #3366ff;\" href=\"https:\/\/www.topohvar.at\/topo\/orte\/ru\/ru-ip-11-1\/\">Informativna plo\u0107a \/ Infotafel \u00bbKabal (2)\u00ab<\/a><\/span><\/p>\n","protected":false},"excerpt":{"rendered":"<p>Ime \/ Name Informativna plo\u0107a \u00bbNaselja morska cvjetnica posidonija\u00ab \/ Population der Meeresblume Posidonia Code: RU-IP-03\u00a0 \u00a0 \u00a0 \u00a0 \u00a0 \u00a0 \u00a0 \u00a0 \u00a0 \u00a0 \u00a0 \u00a0\u00a0 \u00a0 \u00a0 \u00a0 \u00a0\u00a0\u00a0 Adresa \/ Adresse Rudina, Poluotok \/ Halbinsel Kabal Lokacija &hellip; <a href=\"https:\/\/www.topohvar.at\/topo\/orte\/ru\/ru-ip-03-1\/\">Weiterlesen <span class=\"meta-nav\">&rarr;<\/span><\/a><\/p>\n","protected":false},"author":1,"featured_media":0,"parent":93,"menu_order":0,"comment_status":"closed","ping_status":"closed","template":"","meta":{"footnotes":""},"class_list":["post-69936","page","type-page","status-publish","hentry"],"_links":{"self":[{"href":"https:\/\/www.topohvar.at\/topo\/wp-json\/wp\/v2\/pages\/69936","targetHints":{"allow":["GET"]}}],"collection":[{"href":"https:\/\/www.topohvar.at\/topo\/wp-json\/wp\/v2\/pages"}],"about":[{"href":"https:\/\/www.topohvar.at\/topo\/wp-json\/wp\/v2\/types\/page"}],"author":[{"embeddable":true,"href":"https:\/\/www.topohvar.at\/topo\/wp-json\/wp\/v2\/users\/1"}],"replies":[{"embeddable":true,"href":"https:\/\/www.topohvar.at\/topo\/wp-json\/wp\/v2\/comments?post=69936"}],"version-history":[{"count":12,"href":"https:\/\/www.topohvar.at\/topo\/wp-json\/wp\/v2\/pages\/69936\/revisions"}],"predecessor-version":[{"id":69954,"href":"https:\/\/www.topohvar.at\/topo\/wp-json\/wp\/v2\/pages\/69936\/revisions\/69954"}],"up":[{"embeddable":true,"href":"https:\/\/www.topohvar.at\/topo\/wp-json\/wp\/v2\/pages\/93"}],"wp:attachment":[{"href":"https:\/\/www.topohvar.at\/topo\/wp-json\/wp\/v2\/media?parent=69936"}],"curies":[{"name":"wp","href":"https:\/\/api.w.org\/{rel}","templated":true}]}}