{"id":69966,"date":"2024-11-05T13:24:57","date_gmt":"2024-11-05T12:24:57","guid":{"rendered":"https:\/\/www.topohvar.at\/topo\/?page_id=69966"},"modified":"2024-11-05T15:17:59","modified_gmt":"2024-11-05T14:17:59","slug":"ru-ip-05-1","status":"publish","type":"page","link":"https:\/\/www.topohvar.at\/topo\/orte\/ru\/ru-ip-05-1\/","title":{"rendered":"RUDINA &#8211; Informativna plo\u0107a \u00bbPrstaci\u00ab"},"content":{"rendered":"<p><a name=\"seite_oben\"><\/a><br \/>\n<strong><img loading=\"lazy\" decoding=\"async\" class=\"aligncenter wp-image-69970 size-full\" src=\"https:\/\/www.topohvar.at\/wp-content\/uploads\/2024\/11\/ru-ip-05-0.jpg\" alt=\"\" width=\"1080\" height=\"530\" srcset=\"https:\/\/www.topohvar.at\/wp-content\/uploads\/2024\/11\/ru-ip-05-0.jpg 1080w, https:\/\/www.topohvar.at\/wp-content\/uploads\/2024\/11\/ru-ip-05-0-300x147.jpg 300w, https:\/\/www.topohvar.at\/wp-content\/uploads\/2024\/11\/ru-ip-05-0-1024x503.jpg 1024w, https:\/\/www.topohvar.at\/wp-content\/uploads\/2024\/11\/ru-ip-05-0-768x377.jpg 768w\" sizes=\"auto, (max-width: 1080px) 100vw, 1080px\" \/><\/strong><\/p>\n<p><strong>Ime \/ Name<br \/>\n<\/strong>Informativna plo\u0107a \u00bbPrstaci\u00ab \/ Steindatteln, Dattelmuscheln<\/p>\n<p><strong>Code: <\/strong>RU-IP-05\u00a0 \u00a0 \u00a0 \u00a0 \u00a0 \u00a0 \u00a0 \u00a0 \u00a0 \u00a0 \u00a0 \u00a0<strong>\u00a0 \u00a0 \u00a0 \u00a0 \u00a0<a href=\"https:\/\/www.topohvar.at\/orte\/ru\/ru-ip-16-1\/\"><img loading=\"lazy\" decoding=\"async\" class=\"alignnone wp-image-533 size-full\" src=\"https:\/\/www.topohvar.at\/wp-content\/uploads\/2018\/07\/push-l-30.jpg\" alt=\"\" width=\"61\" height=\"30\" \/><\/a>\u00a0<a href=\"https:\/\/www.topohvar.at\/orte\/ru\/\"><img loading=\"lazy\" decoding=\"async\" class=\"alignnone wp-image-535 size-full\" src=\"https:\/\/www.topohvar.at\/wp-content\/uploads\/2018\/07\/push-o-30.jpg\" alt=\"\" width=\"61\" height=\"30\" \/><\/a>\u00a0<a href=\"https:\/\/www.topohvar.at\/orte\/ru\/ru-ip-06-1\/\"><img loading=\"lazy\" decoding=\"async\" class=\"alignnone wp-image-536 size-full\" src=\"https:\/\/www.topohvar.at\/wp-content\/uploads\/2018\/07\/push-r-30.jpg\" alt=\"\" width=\"61\" height=\"30\" \/><\/a><\/strong><\/p>\n<hr \/>\n<p><strong>Adresa \/ Adresse<br \/>\n<\/strong>Rudina, Poluotok \/ Halbinsel Kabal<\/p>\n<p><strong>Lokacija \/ Position<a href=\"https:\/\/maps.app.goo.gl\/FdAkeRUL2VbT7a2C9\"><img loading=\"lazy\" decoding=\"async\" class=\"alignright wp-image-69959\" src=\"https:\/\/www.topohvar.at\/wp-content\/uploads\/2024\/11\/4202.jpg\" alt=\"\" width=\"134\" height=\"100\" \/><\/a><br \/>\n<\/strong><span style=\"color: #3366ff;\"><a style=\"color: #3366ff;\" href=\"https:\/\/maps.app.goo.gl\/FdAkeRUL2VbT7a2C9\">Latitude: N 43,21987\u00b0\u00a0 \u00a0 Longitude: E 16,53818\u00b0\u00a0<\/a><\/span><strong><br \/>\n<\/strong>Visina \/ H\u00f6he: 75 m<\/p>\n<p><strong>Katastarska \u010destica \/ Grundst\u00fccke<br \/>\n<\/strong>10416\/135 (Stari Grad, Rudine)<div class='content-column one_half'><div style=\"padding-right:6px;\"><p><strong>Datum snimanja \/ Erfassungsdatum<br \/>\n<\/strong>12.10.2024 11:29:20<\/p>\n<hr \/>\n<p><strong>Informacije<\/strong><\/p>\n<p>Godine 2023.\/2024. na poluotoku Kabal uz potporu EU postavljeno je 13 plo\u010da. Daju informacije na engleskom i hrvatskom jeziku o topografiji poluotoka.<\/p><\/div><\/div><div class='content-column one_half last_column'><div style=\"padding-right:0px;padding-left:6px;\"><p><strong>Stupanj za\u0161tite \/ Schutzstellung<br \/>\n<\/strong>&#8211;<\/p>\n<hr \/>\n<p><strong>Info<\/strong><\/p>\n<p>In den Jahren 2023\/2024 wurden mit Unterst\u00fctzung der EU auf der Halbinsel Kabal 13 Tafeln aufgestellt. Sie Informieren in englischer und kroatischer Sprache \u00fcber Topographie, Flora und Fauna der Halbinsel.<\/p><\/div><\/div><div class='clear_column'><\/div><\/p>\n<hr \/>\n<div class='content-column one_half'><div style=\"padding-right:6px;\"><p>Prstaci<\/p>\n<p>Prstac (Lithodomus lithophagus) je jedan od naj\u010de\u0161\u0107ih \u0161koljka\u0161a plitkoga stjenovitog dna, a vjerojatno i naj\u010de\u0161\u0107i oko poluotoka Kabla. Premda mo\u017ee narasti do desetak centimetera, za \u0161to mu treba vi\u0161e od 50 godina, u moru ga se rijetko mo\u017ee vidjeti, zato \u0161to \u017eivi unutar kamena. Na povr\u0161ini od \u010detvornog metra mo\u017ee ih biti i vi\u0161e\u00a0 od tisu\u0107u.<\/p><\/div><\/div><div class='content-column one_half last_column'><div style=\"padding-right:0px;padding-left:6px;\"><p>Steindatteln\/Dattelmuscheln<\/p>\n<p>Die Steindattel\/Dattelmuschel (Lithodomus lithophagus) ist eine der h\u00e4ufigsten Muscheln des flachen Felsbodens und wahrscheinlich die h\u00e4ufigste auf der Halbinsel Kabal. Obwohl sie bis zu zehn Zentimeter gro\u00df werden kann, was mehr als 50 Jahre dauert, wird sie im Meer selten gesehen, da sie im Inneren eines Steins lebt. Auf einem Quadratmeter Fl\u00e4che k\u00f6nnen sich dabei mehr als tausend befinden.<\/p><\/div><\/div><div class='clear_column'><\/div><\/p>\n<hr \/>\n<div class='content-column one_half'><div style=\"padding-right:6px;\"><p><img loading=\"lazy\" decoding=\"async\" class=\"aligncenter wp-image-69971 size-full\" src=\"https:\/\/www.topohvar.at\/wp-content\/uploads\/2024\/11\/RU-IP-05-10.jpg\" alt=\"\" width=\"315\" height=\"1072\" srcset=\"https:\/\/www.topohvar.at\/wp-content\/uploads\/2024\/11\/RU-IP-05-10.jpg 315w, https:\/\/www.topohvar.at\/wp-content\/uploads\/2024\/11\/RU-IP-05-10-88x300.jpg 88w, https:\/\/www.topohvar.at\/wp-content\/uploads\/2024\/11\/RU-IP-05-10-301x1024.jpg 301w\" sizes=\"auto, (max-width: 315px) 100vw, 315px\" \/><\/p><\/div><\/div><div class='content-column one_half last_column'><div style=\"padding-right:0px;padding-left:6px;\"><p>Prstac je zakonom za\u0161ti\u0107ena vrsta. U pro\u0161losti je konzumiran jer je vrhunska delicija. Za\u0161ti\u0107en je ne zato \u0161to je ugro\u017eena sama vrsta, nego zato \u0161to se zbog njegova vadenja uni\u0161tava stjenovita obala. Razbijanjem stijene uni\u0161te se i svi nepokretni organizmi koji su stijenu naseljavali: alge, spu\u017eve i \u017earnjaci, a s njima nestaju i brojne pokretne vrste: ribice, ra\u010di\u0107i i mnogo\u010detina\u0161i. Umjesto njih naseljavaju se brojni je\u017einci koji, hrane\u0107i se algama, onemogu\u0107avaju obnuvu biolo\u0161ke raznilokosti.<br \/>\nPrstaci se razmno\u017eavaju potkraj ljeta u vrijeme punog mjeseca, kad svi zajedno ispu\u0161taju spolne stanice. Zbog golemoga broja prstaca koji se razmno\u017eavaju, more uz obali poprimi bijelo-sivu boju i postane potpuno nepruzirno. Na\u010din njihova razmno\u017eavanja otkriven je upravo na poluotoku Kablu.<\/p>\n<p style=\"text-align: center;\">-\/-<\/p>\n<p>Die Steindattel\/Dattelmuschel ist eine gesetzlich gesch\u00fctzte Art. Fr\u00fcher wurde sie verzehrt, weil es eine Spitzendelikatesse ist. Sie ist nicht deshalb gesch\u00fctzt, weil die Art selbst gef\u00e4hrdet ist, sondern weil die felsige K\u00fcste durch ihren Abbau zerst\u00f6rt wird. Durch das Brechen des Gesteins werden alle unbeweglichen Organismen zerst\u00f6rt, die im Gestein lebten: Algen, Schw\u00e4mme und Anemonen, und mit ihnen verschwinden auch zahlreiche mobile Arten: Fische, Krebse und Polychaeten. An ihrer Stelle siedeln sich zahlreiche Seeigel an, die mit ihrem Algenfra\u00df die Wiederherstellung der biologischen Vielfalt verhindern.<br \/>\nDie Dattelmuscheln vermehren sich am Ende des Sommers zur Zeit des Vollmonds, wenn sie alle gemeinsam Spermien freisetzen. Durch ihre gro\u00dfe Zahl, die sich vermehren, nimmt das Meer entlang der K\u00fcste eine wei\u00dfgraue Farbe an und wird v\u00f6llig tr\u00fcb. Diese Methode ihrer Reproduktion wurde genau auf der Halbinsel Kabal entdeckt.<\/p><\/div><\/div><div class='clear_column'><\/div><div class='content-column one_half'><div style=\"padding-right:6px;\"><p>Trpovi<\/p>\n<p>U Jadranu je zabilje\u017eeno 39 vrsta trpova. Neki su sitni, duga\u010dki tek oko 1 cm, ali je du\u017eina ve\u0107ine vrsta do 30 centimetera. Vecina trpova guta sediment i iz njega izvla\u010di organsku tvar. smatra se da time uvelike pridonose prozra\u010divanju sedimenta. Neke vrste lovkama skupljaju organske \u010destice iz stupca mora.<\/p><\/div><\/div><div class='content-column one_half last_column'><div style=\"padding-right:0px;padding-left:6px;\"><p style=\"text-align: left;\">Seegurken<\/p>\n<p style=\"text-align: left;\">In der Adria wurden 39 Seegurkenarten nachgewiesen. Einige sind winzig, nur etwa 1 cm lang, aber die meisten Arten erreichen eine L\u00e4nge von bis zu 30 Zentimetern. Die meisten\u00a0 schlucken das Sediment und extrahieren daraus organische Stoffe. Es wird davon ausgegangen, dass sie wesentlich zur Bel\u00fcftung des Sediments beitragen. Einige Arten sammeln mit Tentakeln organische Partikel aus dem Meerwasser.<\/p>\n<p style=\"text-align: left;\"><\/div><\/div><div class='clear_column'><\/div><div class='content-column one_half'><div style=\"padding-right:6px;\"><p>Trpovi \u017eive le\u017ee\u0107i na morskom dnu. Kad se razmno\u017eavaju, izdi\u017eu se na stra\u017enji dioi tjela kako bi ispustili spolne stanice u stupac mora.<br \/>\nU Hrvatskoj se trpovi ne konzumiraju, ali je velika potra\u017enja za njima na primjer na azijskom tr\u017ei\u0161tu. Zbog toga je devedesetih godina pro\u0161loga stolje\u0107a do\u0161lo do njihova prelova na nelim podru\u010djima pa je danas njihovo va\u0111enje zabranjeno. Uvala poluotoka Kabal bogate su trpovima.<\/p><\/div><\/div><div class='content-column one_half last_column'><div style=\"padding-right:0px;padding-left:6px;\"><p>Seegurken leben liegend auf dem Meeresboden. Bei der Fortpflanzung erheben sie sich auf den R\u00fccken ihres K\u00f6rpers, um ihre Spermien in das Meerwasser abzugeben.<br \/>\nSeegurken werden in Kroatien nicht gegessen, es besteht jedoch eine gro\u00dfe Nachfrage, beispielsweise auf dem asiatischen Markt. Aus diesem Grund wurden sie in den neunziger Jahren des letzten Jahrhunderts in flachen Gebieten \u00fcberfischt, so dass ihr Abbau heute verboten ist. Die Buchten der Halbinsel Kabal sind reich an Seegurken.<\/p><\/div><\/div><div class='clear_column'><\/div><\/p>\n<hr \/>\n<div class='content-column one_half'><div style=\"padding-right:6px;\"><p>U blizini se nalaze informativne table &#8222;Kabal (7)&#8220; i &#8222;Biljke uz morsku obalu&#8220;.<\/p><\/div><\/div><div class='content-column one_half last_column'><div style=\"padding-right:0px;padding-left:6px;\"><p>In der N\u00e4he befinden sich die Infotafeln &#8222;Kabal (7)&#8220; und &#8222;Pflanzen entlang der K\u00fcste&#8220;-<\/p><\/div><\/div><div class='clear_column'><\/div><\/p>\n<p style=\"text-align: right;\"><span style=\"color: #3366ff;\"><a style=\"color: #3366ff;\" href=\"#seite_oben\">natrag na vrh \/ Seitenanfang<\/a><\/span><\/p>\n<hr \/>\n<p><strong>Linkovi \/ Links<\/strong><\/p>\n<p><span style=\"color: #3366ff;\"><a style=\"color: #3366ff;\" href=\"https:\/\/www.topohvar.at\/orte\/ru\/ru-ip-16-1\/\">Informativna plo\u0107a \u00bbKabal (7)\u00ab<\/a><br \/>\n<a style=\"color: #3366ff;\" href=\"https:\/\/www.topohvar.at\/topo\/orte\/ru\/ru-ip-06-1\/\">Informativna plo\u0107a \u00bbBiljke uz morsku obalu\u00ab \/ Pflanzen entlang der K\u00fcste<\/a><br \/>\n<\/span><\/p>\n","protected":false},"excerpt":{"rendered":"<p>Ime \/ Name Informativna plo\u0107a \u00bbPrstaci\u00ab \/ Steindatteln, Dattelmuscheln Code: RU-IP-05\u00a0 \u00a0 \u00a0 \u00a0 \u00a0 \u00a0 \u00a0 \u00a0 \u00a0 \u00a0 \u00a0 \u00a0\u00a0 \u00a0 \u00a0 \u00a0 \u00a0\u00a0\u00a0 Adresa \/ Adresse Rudina, Poluotok \/ Halbinsel Kabal Lokacija \/ Position Latitude: N 43,21987\u00b0\u00a0 &hellip; <a href=\"https:\/\/www.topohvar.at\/topo\/orte\/ru\/ru-ip-05-1\/\">Weiterlesen <span class=\"meta-nav\">&rarr;<\/span><\/a><\/p>\n","protected":false},"author":1,"featured_media":0,"parent":93,"menu_order":0,"comment_status":"closed","ping_status":"closed","template":"","meta":{"footnotes":""},"class_list":["post-69966","page","type-page","status-publish","hentry"],"_links":{"self":[{"href":"https:\/\/www.topohvar.at\/topo\/wp-json\/wp\/v2\/pages\/69966","targetHints":{"allow":["GET"]}}],"collection":[{"href":"https:\/\/www.topohvar.at\/topo\/wp-json\/wp\/v2\/pages"}],"about":[{"href":"https:\/\/www.topohvar.at\/topo\/wp-json\/wp\/v2\/types\/page"}],"author":[{"embeddable":true,"href":"https:\/\/www.topohvar.at\/topo\/wp-json\/wp\/v2\/users\/1"}],"replies":[{"embeddable":true,"href":"https:\/\/www.topohvar.at\/topo\/wp-json\/wp\/v2\/comments?post=69966"}],"version-history":[{"count":8,"href":"https:\/\/www.topohvar.at\/topo\/wp-json\/wp\/v2\/pages\/69966\/revisions"}],"predecessor-version":[{"id":69982,"href":"https:\/\/www.topohvar.at\/topo\/wp-json\/wp\/v2\/pages\/69966\/revisions\/69982"}],"up":[{"embeddable":true,"href":"https:\/\/www.topohvar.at\/topo\/wp-json\/wp\/v2\/pages\/93"}],"wp:attachment":[{"href":"https:\/\/www.topohvar.at\/topo\/wp-json\/wp\/v2\/media?parent=69966"}],"curies":[{"name":"wp","href":"https:\/\/api.w.org\/{rel}","templated":true}]}}