{"id":69983,"date":"2024-11-05T16:27:56","date_gmt":"2024-11-05T15:27:56","guid":{"rendered":"https:\/\/www.topohvar.at\/topo\/?page_id=69983"},"modified":"2024-11-05T18:20:13","modified_gmt":"2024-11-05T17:20:13","slug":"ru-ip-06-1","status":"publish","type":"page","link":"https:\/\/www.topohvar.at\/topo\/orte\/ru\/ru-ip-06-1\/","title":{"rendered":"RUDINA &#8211; Informativna plo\u0107a \u00bbBiljke uz morsku obalu\u00ab"},"content":{"rendered":"<p><a name=\"seite_oben\"><\/a><br \/>\n<strong><img loading=\"lazy\" decoding=\"async\" class=\"aligncenter wp-image-69984 size-full\" src=\"https:\/\/www.topohvar.at\/wp-content\/uploads\/2024\/11\/ru-ip-06-0.jpg\" alt=\"\" width=\"1080\" height=\"530\" srcset=\"https:\/\/www.topohvar.at\/wp-content\/uploads\/2024\/11\/ru-ip-06-0.jpg 1080w, https:\/\/www.topohvar.at\/wp-content\/uploads\/2024\/11\/ru-ip-06-0-300x147.jpg 300w, https:\/\/www.topohvar.at\/wp-content\/uploads\/2024\/11\/ru-ip-06-0-1024x503.jpg 1024w, https:\/\/www.topohvar.at\/wp-content\/uploads\/2024\/11\/ru-ip-06-0-768x377.jpg 768w\" sizes=\"auto, (max-width: 1080px) 100vw, 1080px\" \/><\/strong><\/p>\n<p><strong>Ime \/ Name<br \/>\n<\/strong>Informativna plo\u0107a \u00bbBiljke uz morsku obalu\u00ab \/ Pflanzen an der K\u00fcste<\/p>\n<p><strong>Code: <\/strong>RU-IP-06\u00a0 \u00a0 \u00a0 \u00a0 \u00a0 \u00a0 \u00a0 \u00a0 \u00a0 \u00a0 \u00a0 \u00a0<strong>\u00a0 \u00a0 \u00a0 \u00a0 \u00a0<a href=\"https:\/\/www.topohvar.at\/orte\/ru\/ru-ip-05-1\/\"><img loading=\"lazy\" decoding=\"async\" class=\"alignnone wp-image-533 size-full\" src=\"https:\/\/www.topohvar.at\/wp-content\/uploads\/2018\/07\/push-l-30.jpg\" alt=\"\" width=\"61\" height=\"30\" \/><\/a>\u00a0<a href=\"https:\/\/www.topohvar.at\/orte\/ru\/\"><img loading=\"lazy\" decoding=\"async\" class=\"alignnone wp-image-535 size-full\" src=\"https:\/\/www.topohvar.at\/wp-content\/uploads\/2018\/07\/push-o-30.jpg\" alt=\"\" width=\"61\" height=\"30\" \/><\/a>\u00a0<a href=\"https:\/\/www.topohvar.at\/orte\/ru\/ru-ip-17-1\/\"><img loading=\"lazy\" decoding=\"async\" class=\"alignnone wp-image-536 size-full\" src=\"https:\/\/www.topohvar.at\/wp-content\/uploads\/2018\/07\/push-r-30.jpg\" alt=\"\" width=\"61\" height=\"30\" \/><\/a><\/strong><\/p>\n<hr \/>\n<p><strong>Adresa \/ Adresse<br \/>\n<\/strong>Rudina, Poluotok \/ Halbinsel Kabal<\/p>\n<p><strong>Lokacija \/ Position<a href=\"https:\/\/maps.app.goo.gl\/Gt5U2mR3nEwMw9rW9\"><img loading=\"lazy\" decoding=\"async\" class=\"alignright wp-image-69959\" src=\"https:\/\/www.topohvar.at\/wp-content\/uploads\/2024\/11\/4202.jpg\" alt=\"\" width=\"134\" height=\"100\" \/><\/a><br \/>\n<\/strong><span style=\"color: #3366ff;\"><a style=\"color: #3366ff;\" href=\"https:\/\/maps.app.goo.gl\/Gt5U2mR3nEwMw9rW9\">Latitude: N 43,21989\u00b0\u00a0 \u00a0 Longitude: E 16,53787\u00b0<\/a>\u00a0<\/span><strong><br \/>\n<\/strong>Visina \/ H\u00f6he: 77 m<\/p>\n<p><strong>Katastarska \u010destica \/ Grundst\u00fccke<br \/>\n<\/strong>10416\/118 (Stari Grad, Rudine)<div class='content-column one_half'><div style=\"padding-right:6px;\"><p><strong>Datum snimanja \/ Erfassungsdatum<br \/>\n<\/strong>12.10.2024 11:29:58<\/p>\n<hr \/>\n<p><strong>Informacije<\/strong><\/p>\n<p>Godine 2023.\/2024. na poluotoku Kabal uz potporu EU postavljeno je 13 plo\u010da. Daju informacije na engleskom i hrvatskom jeziku o topografiji poluotoka.<\/p><\/div><\/div><div class='content-column one_half last_column'><div style=\"padding-right:0px;padding-left:6px;\"><p><strong>Stupanj za\u0161tite \/ Schutzstellung<br \/>\n<\/strong>&#8211;<\/p>\n<hr \/>\n<p><strong>Info<\/strong><\/p>\n<p>In den Jahren 2023\/2024 wurden mit Unterst\u00fctzung der EU auf der Halbinsel Kabal 13 Tafeln aufgestellt. Sie Informieren in englischer und kroatischer Sprache \u00fcber Topographie, Flora und Fauna der Halbinsel.<\/p><\/div><\/div><div class='clear_column'><\/div><\/p>\n<hr \/>\n<div class='content-column one_half'><div style=\"padding-right:6px;\"><p>Biljke uz morsku obalu<\/p>\n<p>Neposredno iznad morske razine je zona rijetke vegetacije. Gledana iz daljine, vidi se kao bijeli pojas, visok od jednoga do tri metra. Ovo stani\u0161te naseljava mali broj biljaka, tzv. halofita, vrsta koje mogu rasti na slanim podru\u010djima. U uvali Glavna mogu se prona\u0107i tri vrste halofita: motar (<em>Crithmum maritimum<\/em>), re\u0161etkasta mri\u017eica (<em>Limonium cancellatum<\/em>) i primorski oman (<em>Inula crithmoides<\/em>). Na poluotoku Kablu zabilje\u017eena je i primorska pepeljuga (<em>Halimione portulacoides<\/em>).<\/p><\/div><\/div><div class='content-column one_half last_column'><div style=\"padding-right:0px;padding-left:6px;\"><p>Pflanzen an der K\u00fcste<\/p>\n<p>Knapp \u00fcber dem Meeresspiegel liegt eine Zone mit sp\u00e4rlicher Vegetation. Aus der Ferne ist er als ein bis drei Meter hoher wei\u00dfer G\u00fcrtel zu erkennen. Dieser Lebensraum wird von einer kleinen Anzahl von Pflanzen bewohnt, den sogenannten Halophyten, Arten, die in salzhaltigen Gebieten wachsen k\u00f6nnen. In der Bucht Glavna kommen drei Arten von Halophyten vor: Meerfenchel (Crithmum maritimum), Gitternessel (Limonium cancellatum) und K\u00fcstennessel (Inula crithmoides). Auf der Halbinsel Kabal wurde auch Salz-Ampfer (Halimione portulacoides) nachgewiesen.<\/p><\/div><\/div><div class='clear_column'><\/div><\/p>\n<hr \/>\n<div class='content-column one_half'><div style=\"padding-right:6px;\"><p>&nbsp;<\/p>\n<p>&nbsp;<\/p>\n<p>&nbsp;<\/p>\n<p><img loading=\"lazy\" decoding=\"async\" class=\"aligncenter wp-image-69985 size-full\" src=\"https:\/\/www.topohvar.at\/wp-content\/uploads\/2024\/11\/RU-IP-06-10.jpg\" alt=\"\" width=\"315\" height=\"1152\" srcset=\"https:\/\/www.topohvar.at\/wp-content\/uploads\/2024\/11\/RU-IP-06-10.jpg 315w, https:\/\/www.topohvar.at\/wp-content\/uploads\/2024\/11\/RU-IP-06-10-82x300.jpg 82w, https:\/\/www.topohvar.at\/wp-content\/uploads\/2024\/11\/RU-IP-06-10-280x1024.jpg 280w\" sizes=\"auto, (max-width: 315px) 100vw, 315px\" \/><\/p><\/div><\/div><div class='content-column one_half last_column'><div style=\"padding-right:0px;padding-left:6px;\"><p>Motar (<em>Crithmum maritimum<\/em>) je niska trajnica mesnatog, zelenog i razgranatog stabalca s prstolikim, mesnatim listi\u0107ima, Raste uz more, iz procijela u stijenama. Razvija cvjeti\u0107e \u017eu\u0107kastozelene boje, skupljenje u gustim cvatovima. Cvate tjekom ljeta i jeseni, izrazito aromati\u010dni listovi upotrebljavaju se od davnina u oto\u010dnom kulinarstvu. Kuhani ili ukiseljeni. Jedna su od hvarskih delicija.<\/p>\n<p style=\"text-align: center;\">-\/-<\/p>\n<p>Meerfenchel (<em>Crithmum maritimum<\/em>) ist eine niedrige, mehrj\u00e4hrige, fleischige, gr\u00fcne und verzweigte Pflanze mit fingerartigen, fleischigen Bl\u00e4ttern. Er w\u00e4chst am Meer, meist in Felsen. Er entwickelt gelbgr\u00fcne Bl\u00fcten, die in dichten Bl\u00fctenst\u00e4nden zusammengefasst sind. Er bl\u00fcht im Sommer und Herbst. Die \u00e4u\u00dferst aromatischen Bl\u00e4tter werden seit der Antike in der Inselk\u00fcche verwendet. Gekocht oder eingelegt sind sie eine der Delikatessen von Hvar.<\/p>\n<hr \/>\n<p>Primorski oman (<em>Inula crithmoides<\/em>) je grmolika trajnica mesnatih listova, visoka do 1 m; na vrhovima grana razvija \u017euto-narencasti cvijet promjera do 3 cm. cvato tjekom ljeta i jeseni. Na poluotoku Kablu \u010desto je pronalazimo na najvisim podru\u010djima sijuri\u010danih pla\u017ea. Iako su mladi listovi i stabljike jestivi, na podru\u010dju otoka Hvara ta se biljka ne upotrebljava u kulinarskoj tradiciji. Poput svih vrsta roda inula, sadr\u017ei inulin i eteri\u010dna ulja koji poma\u017eu u prevenciji i lije\u010denju raznih bolesti.<\/p>\n<p style=\"text-align: center;\">-\/-<\/p>\n<p>Die K\u00fcstennessel (<em>Inula crithmoides<\/em>) ist eine buschige Staude mit fleischigen Bl\u00e4ttern, die bis zu 1 m hoch wird. An den Spitzen der Zweige entwickelt sie eine gelb-orange Bl\u00fcte mit einem Durchmesser von bis zu 3 cm. Sie bl\u00fcht im Sommer und Herbst. Auf der Halbinsel Kabla finden wir sie oft an den h\u00f6chsten Stellen der Sandstr\u00e4nde. Obwohl die jungen Bl\u00e4tter und St\u00e4ngel essbar sind, wird diese Pflanze in der kulinarischen Tradition auf der Insel Hvar nicht verwendet. Wie alle Arten der Gattung Inula enth\u00e4lt es Inulin und \u00e4therische \u00d6le, die zur Vorbeugung und Behandlung verschiedener Krankheiten beitragen.<\/p>\n<p style=\"text-align: left;\"><\/div><\/div><div class='clear_column'><\/div><\/p>\n<hr \/>\n<p style=\"text-align: left;\"><div class='content-column one_half'><div style=\"padding-right:6px;\"><p>Re\u0161etkasta mri\u017eica (<em>Limonium cancellatum<\/em>) gra\u0111ena je od prizemnih, kratkih listova i uspravnih tankih stabalaca koja se granaju u mre\u017easto raspore\u0111ene ogranke na kojima su sitni ljubi\u010dasti cvjetovi. Biljka, visoka do dvadesetak centimetara, cvate tijekom prolje\u0107a, ljeta i jeseni. Naseljama sljenovite obale, iz \u010dijih pukotina raste tik uz more. Endemi\u010dni je organizam isto\u010dne strane Jadrana i zakonom strogo za\u0161ti\u010dena vrsta.<\/p><\/div><\/div><div class='content-column one_half last_column'><div style=\"padding-right:0px;padding-left:6px;\"><p>Die Gitternessel (<em>Limonium cancellatum<\/em>) besteht aus bodennahen, kurzen Bl\u00e4ttern und aufrechten, d\u00fcnnen St\u00e4ngeln, die sich in netzartige Zweige verzweigen und winzige violette Bl\u00fcten tragen. Die bis zu zwanzig Zentimeter hohe Pflanze bl\u00fcht im Fr\u00fchling, Sommer und Herbst. Aus den Ritzen besiedelter Sandstr\u00e4nde w\u00e4chst sie direkt am Meer. Es ist ein endemischer Organismus der Ostseite der Adria und eine gesetzlich streng gesch\u00fctzte Art.<\/p><\/div><\/div><div class='clear_column'><\/div><\/p>\n<hr \/>\n<div class='content-column one_half'><div style=\"padding-right:6px;\"><p>Primorska pepeljuga (<em>Halimione portulacoides<\/em>) cvate tijekom ljeta \u017eu\u0107kastozelenim, neuglednim cvjeti\u0107ima. Ta jednogodi\u0161nja jestiva biljka raste uz samu obalu na mjestima gdje je more mo\u017ee dijelom poplaviti u vrijeme plime. Rasprostranjena je na umjerenim podrucjima Azije i Europe te dijelovima Afrike. Na poluotoku Kablu zabilje\u017eena je jo\u0161 i u uvali \u017dukova.<\/p><\/div><\/div><div class='content-column one_half last_column'><div style=\"padding-right:0px;padding-left:6px;\"><p>Der Salz-Ampfer (Halimione portulacoides) bl\u00fcht im Sommer mit gelbgr\u00fcnen, unansehnlichen Bl\u00fcten. Diese einj\u00e4hrige essbare Pflanze w\u00e4chst entlang der K\u00fcste an Orten, an denen das Meer sie bei Flut teilweise \u00fcberschwemmen kann. Er ist in den gem\u00e4\u00dfigten Regionen Asiens und Europas sowie Teilen Afrikas weit verbreitet. Auf der Halbinsel Kabal wurde er auch in der Bucht \u017dukova nachgewiesen.<\/p><\/div><\/div><div class='clear_column'><\/div><\/p>\n<hr \/>\n<div class='content-column one_half'><div style=\"padding-right:6px;\"><p>U blizini se nalaze informativne table &#8222;Kabal (7)&#8220; i &#8222;Prstaci&#8220;.<\/p><\/div><\/div><div class='content-column one_half last_column'><div style=\"padding-right:0px;padding-left:6px;\"><p>In der N\u00e4he befinden sich die Infotafeln &#8222;Kabal (7)&#8220; und &#8222;Steindatteln, Dattelmuscheln&#8220;-<\/p><\/div><\/div><div class='clear_column'><\/div><\/p>\n<p style=\"text-align: right;\"><span style=\"color: #3366ff;\"><a style=\"color: #3366ff;\" href=\"#seite_oben\">natrag na vrh \/ Seitenanfang<\/a><\/span><\/p>\n<hr \/>\n<p><strong>Linkovi \/ Links<\/strong><\/p>\n<p><span style=\"color: #3366ff;\"><a style=\"color: #3366ff;\" href=\"https:\/\/www.topohvar.at\/orte\/ru\/ru-ip-16-1\/\">Informativna plo\u0107a \u00bbKabal (7)\u00ab<\/a><br \/>\n<a style=\"color: #3366ff;\" href=\"https:\/\/www.topohvar.at\/topo\/orte\/ru\/ru-ip-05-1\/\">Informativna plo\u0107a \u00bbPrstaci\u00ab \/ Steindatteln, Dattelmuscheln<\/a><br \/>\n<\/span><\/p>\n","protected":false},"excerpt":{"rendered":"<p>Ime \/ Name Informativna plo\u0107a \u00bbBiljke uz morsku obalu\u00ab \/ Pflanzen an der K\u00fcste Code: RU-IP-06\u00a0 \u00a0 \u00a0 \u00a0 \u00a0 \u00a0 \u00a0 \u00a0 \u00a0 \u00a0 \u00a0 \u00a0\u00a0 \u00a0 \u00a0 \u00a0 \u00a0\u00a0\u00a0 Adresa \/ Adresse Rudina, Poluotok \/ Halbinsel Kabal Lokacija &hellip; <a href=\"https:\/\/www.topohvar.at\/topo\/orte\/ru\/ru-ip-06-1\/\">Weiterlesen <span class=\"meta-nav\">&rarr;<\/span><\/a><\/p>\n","protected":false},"author":1,"featured_media":0,"parent":93,"menu_order":0,"comment_status":"closed","ping_status":"closed","template":"","meta":{"footnotes":""},"class_list":["post-69983","page","type-page","status-publish","hentry"],"_links":{"self":[{"href":"https:\/\/www.topohvar.at\/topo\/wp-json\/wp\/v2\/pages\/69983","targetHints":{"allow":["GET"]}}],"collection":[{"href":"https:\/\/www.topohvar.at\/topo\/wp-json\/wp\/v2\/pages"}],"about":[{"href":"https:\/\/www.topohvar.at\/topo\/wp-json\/wp\/v2\/types\/page"}],"author":[{"embeddable":true,"href":"https:\/\/www.topohvar.at\/topo\/wp-json\/wp\/v2\/users\/1"}],"replies":[{"embeddable":true,"href":"https:\/\/www.topohvar.at\/topo\/wp-json\/wp\/v2\/comments?post=69983"}],"version-history":[{"count":7,"href":"https:\/\/www.topohvar.at\/topo\/wp-json\/wp\/v2\/pages\/69983\/revisions"}],"predecessor-version":[{"id":69992,"href":"https:\/\/www.topohvar.at\/topo\/wp-json\/wp\/v2\/pages\/69983\/revisions\/69992"}],"up":[{"embeddable":true,"href":"https:\/\/www.topohvar.at\/topo\/wp-json\/wp\/v2\/pages\/93"}],"wp:attachment":[{"href":"https:\/\/www.topohvar.at\/topo\/wp-json\/wp\/v2\/media?parent=69983"}],"curies":[{"name":"wp","href":"https:\/\/api.w.org\/{rel}","templated":true}]}}

RUDINA &#8211; Informativna ploća »Biljke uz morsku obalu«

<p><a name="seite_oben"></a><br />
<strong><img loading="lazy" decoding="async" class="aligncenter wp-image-69984 size-full" src="https://www.topohvar.at/wp-content/uploads/2024/11/ru-ip-06-0.jpg" alt="" width="1080" height="530" srcset="https://www.topohvar.at/wp-content/uploads/2024/11/ru-ip-06-0.jpg 1080w, https://www.topohvar.at/wp-content/uploads/2024/11/ru-ip-06-0-300x147.jpg 300w, https://www.topohvar.at/wp-content/uploads/2024/11/ru-ip-06-0-1024x503.jpg 1024w, https://www.topohvar.at/wp-content/uploads/2024/11/ru-ip-06-0-768x377.jpg 768w" sizes="auto, (max-width: 1080px) 100vw, 1080px" /></strong></p>
<p><strong>Ime / Name<br />
</strong>Informativna ploća »Biljke uz morsku obalu« / Pflanzen an der Küste</p>
<p><strong>Code: </strong>RU-IP-06                       <strong>         <a href="https://www.topohvar.at/orte/ru/ru-ip-05-1/"><img loading="lazy" decoding="async" class="alignnone wp-image-533 size-full" src="https://www.topohvar.at/wp-content/uploads/2018/07/push-l-30.jpg" alt="" width="61" height="30" /></a> <a href="https://www.topohvar.at/orte/ru/"><img loading="lazy" decoding="async" class="alignnone wp-image-535 size-full" src="https://www.topohvar.at/wp-content/uploads/2018/07/push-o-30.jpg" alt="" width="61" height="30" /></a> <a href="https://www.topohvar.at/orte/ru/ru-ip-17-1/"><img loading="lazy" decoding="async" class="alignnone wp-image-536 size-full" src="https://www.topohvar.at/wp-content/uploads/2018/07/push-r-30.jpg" alt="" width="61" height="30" /></a></strong></p>
<hr />
<p><strong>Adresa / Adresse<br />
</strong>Rudina, Poluotok / Halbinsel Kabal</p>
<p><strong>Lokacija / Position<a href="https://maps.app.goo.gl/Gt5U2mR3nEwMw9rW9"><img loading="lazy" decoding="async" class="alignright wp-image-69959" src="https://www.topohvar.at/wp-content/uploads/2024/11/4202.jpg" alt="" width="134" height="100" /></a><br />
</strong><span style="color: #3366ff;"><a style="color: #3366ff;" href="https://maps.app.goo.gl/Gt5U2mR3nEwMw9rW9">Latitude: N 43,21989°    Longitude: E 16,53787°</a> </span><strong><br />
</strong>Visina / Höhe: 77 m</p>
<p><strong>Katastarska čestica / Grundstücke<br />
</strong>10416/118 (Stari Grad, Rudine)<div class='content-column one_half'><div style="padding-right:6px;"><p><strong>Datum snimanja / Erfassungsdatum<br />
</strong>12.10.2024 11:29:58</p>
<hr />
<p><strong>Informacije</strong></p>
<p>Godine 2023./2024. na poluotoku Kabal uz potporu EU postavljeno je 13 ploča. Daju informacije na engleskom i hrvatskom jeziku o topografiji poluotoka.</p></div></div><div class='content-column one_half last_column'><div style="padding-right:0px;padding-left:6px;"><p><strong>Stupanj zaštite / Schutzstellung<br />
</strong>&#8211;</p>
<hr />
<p><strong>Info</strong></p>
<p>In den Jahren 2023/2024 wurden mit Unterstützung der EU auf der Halbinsel Kabal 13 Tafeln aufgestellt. Sie Informieren in englischer und kroatischer Sprache über Topographie, Flora und Fauna der Halbinsel.</p></div></div><div class='clear_column'></div></p>
<hr />
<div class='content-column one_half'><div style="padding-right:6px;"><p>Biljke uz morsku obalu</p>
<p>Neposredno iznad morske razine je zona rijetke vegetacije. Gledana iz daljine, vidi se kao bijeli pojas, visok od jednoga do tri metra. Ovo stanište naseljava mali broj biljaka, tzv. halofita, vrsta koje mogu rasti na slanim područjima. U uvali Glavna mogu se pronaći tri vrste halofita: motar (<em>Crithmum maritimum</em>), rešetkasta mrižica (<em>Limonium cancellatum</em>) i primorski oman (<em>Inula crithmoides</em>). Na poluotoku Kablu zabilježena je i primorska pepeljuga (<em>Halimione portulacoides</em>).</p></div></div><div class='content-column one_half last_column'><div style="padding-right:0px;padding-left:6px;"><p>Pflanzen an der Küste</p>
<p>Knapp über dem Meeresspiegel liegt eine Zone mit spärlicher Vegetation. Aus der Ferne ist er als ein bis drei Meter hoher weißer Gürtel zu erkennen. Dieser Lebensraum wird von einer kleinen Anzahl von Pflanzen bewohnt, den sogenannten Halophyten, Arten, die in salzhaltigen Gebieten wachsen können. In der Bucht Glavna kommen drei Arten von Halophyten vor: Meerfenchel (Crithmum maritimum), Gitternessel (Limonium cancellatum) und Küstennessel (Inula crithmoides). Auf der Halbinsel Kabal wurde auch Salz-Ampfer (Halimione portulacoides) nachgewiesen.</p></div></div><div class='clear_column'></div></p>
<hr />
<div class='content-column one_half'><div style="padding-right:6px;"><p>&nbsp;</p>
<p>&nbsp;</p>
<p>&nbsp;</p>
<p><img loading="lazy" decoding="async" class="aligncenter wp-image-69985 size-full" src="https://www.topohvar.at/wp-content/uploads/2024/11/RU-IP-06-10.jpg" alt="" width="315" height="1152" srcset="https://www.topohvar.at/wp-content/uploads/2024/11/RU-IP-06-10.jpg 315w, https://www.topohvar.at/wp-content/uploads/2024/11/RU-IP-06-10-82x300.jpg 82w, https://www.topohvar.at/wp-content/uploads/2024/11/RU-IP-06-10-280x1024.jpg 280w" sizes="auto, (max-width: 315px) 100vw, 315px" /></p></div></div><div class='content-column one_half last_column'><div style="padding-right:0px;padding-left:6px;"><p>Motar (<em>Crithmum maritimum</em>) je niska trajnica mesnatog, zelenog i razgranatog stabalca s prstolikim, mesnatim listićima, Raste uz more, iz procijela u stijenama. Razvija cvjetiće žućkastozelene boje, skupljenje u gustim cvatovima. Cvate tjekom ljeta i jeseni, izrazito aromatični listovi upotrebljavaju se od davnina u otočnom kulinarstvu. Kuhani ili ukiseljeni. Jedna su od hvarskih delicija.</p>
<p style="text-align: center;">-/-</p>
<p>Meerfenchel (<em>Crithmum maritimum</em>) ist eine niedrige, mehrjährige, fleischige, grüne und verzweigte Pflanze mit fingerartigen, fleischigen Blättern. Er wächst am Meer, meist in Felsen. Er entwickelt gelbgrüne Blüten, die in dichten Blütenständen zusammengefasst sind. Er blüht im Sommer und Herbst. Die äußerst aromatischen Blätter werden seit der Antike in der Inselküche verwendet. Gekocht oder eingelegt sind sie eine der Delikatessen von Hvar.</p>
<hr />
<p>Primorski oman (<em>Inula crithmoides</em>) je grmolika trajnica mesnatih listova, visoka do 1 m; na vrhovima grana razvija žuto-narencasti cvijet promjera do 3 cm. cvato tjekom ljeta i jeseni. Na poluotoku Kablu često je pronalazimo na najvisim područjima sijuričanih plaža. Iako su mladi listovi i stabljike jestivi, na području otoka Hvara ta se biljka ne upotrebljava u kulinarskoj tradiciji. Poput svih vrsta roda inula, sadrži inulin i eterična ulja koji pomažu u prevenciji i liječenju raznih bolesti.</p>
<p style="text-align: center;">-/-</p>
<p>Die Küstennessel (<em>Inula crithmoides</em>) ist eine buschige Staude mit fleischigen Blättern, die bis zu 1 m hoch wird. An den Spitzen der Zweige entwickelt sie eine gelb-orange Blüte mit einem Durchmesser von bis zu 3 cm. Sie blüht im Sommer und Herbst. Auf der Halbinsel Kabla finden wir sie oft an den höchsten Stellen der Sandstrände. Obwohl die jungen Blätter und Stängel essbar sind, wird diese Pflanze in der kulinarischen Tradition auf der Insel Hvar nicht verwendet. Wie alle Arten der Gattung Inula enthält es Inulin und ätherische Öle, die zur Vorbeugung und Behandlung verschiedener Krankheiten beitragen.</p>
<p style="text-align: left;"></div></div><div class='clear_column'></div></p>
<hr />
<p style="text-align: left;"><div class='content-column one_half'><div style="padding-right:6px;"><p>Rešetkasta mrižica (<em>Limonium cancellatum</em>) građena je od prizemnih, kratkih listova i uspravnih tankih stabalaca koja se granaju u mrežasto raspoređene ogranke na kojima su sitni ljubičasti cvjetovi. Biljka, visoka do dvadesetak centimetara, cvate tijekom proljeća, ljeta i jeseni. Naseljama sljenovite obale, iz čijih pukotina raste tik uz more. Endemični je organizam istočne strane Jadrana i zakonom strogo zaštičena vrsta.</p></div></div><div class='content-column one_half last_column'><div style="padding-right:0px;padding-left:6px;"><p>Die Gitternessel (<em>Limonium cancellatum</em>) besteht aus bodennahen, kurzen Blättern und aufrechten, dünnen Stängeln, die sich in netzartige Zweige verzweigen und winzige violette Blüten tragen. Die bis zu zwanzig Zentimeter hohe Pflanze blüht im Frühling, Sommer und Herbst. Aus den Ritzen besiedelter Sandstrände wächst sie direkt am Meer. Es ist ein endemischer Organismus der Ostseite der Adria und eine gesetzlich streng geschützte Art.</p></div></div><div class='clear_column'></div></p>
<hr />
<div class='content-column one_half'><div style="padding-right:6px;"><p>Primorska pepeljuga (<em>Halimione portulacoides</em>) cvate tijekom ljeta žućkastozelenim, neuglednim cvjetićima. Ta jednogodišnja jestiva biljka raste uz samu obalu na mjestima gdje je more može dijelom poplaviti u vrijeme plime. Rasprostranjena je na umjerenim podrucjima Azije i Europe te dijelovima Afrike. Na poluotoku Kablu zabilježena je još i u uvali Žukova.</p></div></div><div class='content-column one_half last_column'><div style="padding-right:0px;padding-left:6px;"><p>Der Salz-Ampfer (Halimione portulacoides) blüht im Sommer mit gelbgrünen, unansehnlichen Blüten. Diese einjährige essbare Pflanze wächst entlang der Küste an Orten, an denen das Meer sie bei Flut teilweise überschwemmen kann. Er ist in den gemäßigten Regionen Asiens und Europas sowie Teilen Afrikas weit verbreitet. Auf der Halbinsel Kabal wurde er auch in der Bucht Žukova nachgewiesen.</p></div></div><div class='clear_column'></div></p>
<hr />
<div class='content-column one_half'><div style="padding-right:6px;"><p>U blizini se nalaze informativne table &#8222;Kabal (7)&#8220; i &#8222;Prstaci&#8220;.</p></div></div><div class='content-column one_half last_column'><div style="padding-right:0px;padding-left:6px;"><p>In der Nähe befinden sich die Infotafeln &#8222;Kabal (7)&#8220; und &#8222;Steindatteln, Dattelmuscheln&#8220;-</p></div></div><div class='clear_column'></div></p>
<p style="text-align: right;"><span style="color: #3366ff;"><a style="color: #3366ff;" href="#seite_oben">natrag na vrh / Seitenanfang</a></span></p>
<hr />
<p><strong>Linkovi / Links</strong></p>
<p><span style="color: #3366ff;"><a style="color: #3366ff;" href="https://www.topohvar.at/orte/ru/ru-ip-16-1/">Informativna ploća »Kabal (7)«</a><br />
<a style="color: #3366ff;" href="https://www.topohvar.at/topo/orte/ru/ru-ip-05-1/">Informativna ploća »Prstaci« / Steindatteln, Dattelmuscheln</a><br />
</span></p>

<p>Ime / Name Informativna ploća »Biljke uz morsku obalu« / Pflanzen an der Küste Code: RU-IP-06                                   Adresa / Adresse Rudina, Poluotok / Halbinsel Kabal Lokacija &hellip; <a href="https://www.topohvar.at/topo/orte/ru/ru-ip-06-1/">Weiterlesen <span class="meta-nav">&rarr;</span></a></p>
