{"id":69993,"date":"2024-11-05T18:27:32","date_gmt":"2024-11-05T17:27:32","guid":{"rendered":"https:\/\/www.topohvar.at\/topo\/?page_id=69993"},"modified":"2024-11-05T19:04:54","modified_gmt":"2024-11-05T18:04:54","slug":"ru-ip-17-1","status":"publish","type":"page","link":"https:\/\/www.topohvar.at\/topo\/orte\/ru\/ru-ip-17-1\/","title":{"rendered":"RUDINA &#8211; Informativna plo\u0107a \u00bbKabal (8)\u00ab"},"content":{"rendered":"<p><a name=\"seite_oben\"><\/a><br \/>\n<strong><img loading=\"lazy\" decoding=\"async\" class=\"aligncenter wp-image-69997 size-full\" src=\"https:\/\/www.topohvar.at\/wp-content\/uploads\/2024\/11\/ru-ip-17-0.jpg\" alt=\"\" width=\"1080\" height=\"530\" srcset=\"https:\/\/www.topohvar.at\/wp-content\/uploads\/2024\/11\/ru-ip-17-0.jpg 1080w, https:\/\/www.topohvar.at\/wp-content\/uploads\/2024\/11\/ru-ip-17-0-300x147.jpg 300w, https:\/\/www.topohvar.at\/wp-content\/uploads\/2024\/11\/ru-ip-17-0-1024x503.jpg 1024w, https:\/\/www.topohvar.at\/wp-content\/uploads\/2024\/11\/ru-ip-17-0-768x377.jpg 768w\" sizes=\"auto, (max-width: 1080px) 100vw, 1080px\" \/><\/strong><\/p>\n<p><strong>Ime \/ Name<br \/>\n<\/strong>Informativna plo\u0107a \u00bbKabal (8)\u00ab<\/p>\n<p><strong>Code: <\/strong>RU-IP-17\u00a0 \u00a0 \u00a0 \u00a0 \u00a0 \u00a0 \u00a0 \u00a0 \u00a0 \u00a0 \u00a0 \u00a0<strong>\u00a0 \u00a0 \u00a0 \u00a0 \u00a0<a href=\"https:\/\/www.topohvar.at\/orte\/ru\/ru-ip-06-1\/\"><img loading=\"lazy\" decoding=\"async\" class=\"alignnone wp-image-533 size-full\" src=\"https:\/\/www.topohvar.at\/wp-content\/uploads\/2018\/07\/push-l-30.jpg\" alt=\"\" width=\"61\" height=\"30\" \/><\/a>\u00a0<a href=\"https:\/\/www.topohvar.at\/orte\/ru\/\"><img loading=\"lazy\" decoding=\"async\" class=\"alignnone wp-image-535 size-full\" src=\"https:\/\/www.topohvar.at\/wp-content\/uploads\/2018\/07\/push-o-30.jpg\" alt=\"\" width=\"61\" height=\"30\" \/><\/a>\u00a0<a href=\"https:\/\/www.topohvar.at\/orte\/ru\/ru-ip-04-1\/\"><img loading=\"lazy\" decoding=\"async\" class=\"alignnone wp-image-536 size-full\" src=\"https:\/\/www.topohvar.at\/wp-content\/uploads\/2018\/07\/push-r-30.jpg\" alt=\"\" width=\"61\" height=\"30\" \/><\/a><\/strong><\/p>\n<hr \/>\n<p><strong>Adresa \/ Adresse<br \/>\n<\/strong>Rudina, Poluotok \/ Halbinsel Kabal<\/p>\n<p><strong>Lokacija \/ Position<a href=\"https:\/\/maps.app.goo.gl\/WKX5w1TLBbmJWUYS7\"><img loading=\"lazy\" decoding=\"async\" class=\"alignright wp-image-69994\" src=\"https:\/\/www.topohvar.at\/wp-content\/uploads\/2024\/11\/4203.jpg\" alt=\"\" width=\"134\" height=\"100\" \/><\/a><br \/>\n<\/strong><span style=\"color: #3366ff;\"><a style=\"color: #3366ff;\" href=\"https:\/\/maps.app.goo.gl\/WKX5w1TLBbmJWUYS7\">Latitude: N 43,22014\u00b0\u00a0 \u00a0 Longitude: E 16,53098\u00b0<\/a>\u00a0<\/span><strong><br \/>\n<\/strong>Visina \/ H\u00f6he: 123 m<\/p>\n<p><strong>Katastarska \u010destica \/ Grundst\u00fccke<br \/>\n<\/strong>10416\/14 (Stari Grad, Rudine)<div class='content-column one_half'><div style=\"padding-right:6px;\"><p><strong>Datum snimanja \/ Erfassungsdatum<br \/>\n<\/strong>12.10.2024 11:36:53<\/p>\n<hr \/>\n<p><strong>Informacije<\/strong><\/p>\n<p>Godine 2023.\/2024. na poluotoku Kabal uz potporu EU postavljeno je 13 plo\u010da. Daju informacije na engleskom i hrvatskom jeziku o topografiji poluotoka.<\/p><\/div><\/div><div class='content-column one_half last_column'><div style=\"padding-right:0px;padding-left:6px;\"><p><strong>Stupanj za\u0161tite \/ Schutzstellung<br \/>\n<\/strong>&#8211;<\/p>\n<hr \/>\n<p><strong>Info<\/strong><\/p>\n<p>In den Jahren 2023\/2024 wurden mit Unterst\u00fctzung der EU auf der Halbinsel Kabal 13 Tafeln aufgestellt. Sie Informieren in englischer und kroatischer Sprache \u00fcber Topographie, Flora und Fauna der Halbinsel.<\/p><\/div><\/div><div class='clear_column'><\/div><\/p>\n<hr \/>\n<div class='content-column one_half'><div style=\"padding-right:6px;\"><p>&nbsp;<\/p>\n<p>&nbsp;<\/p>\n<p><img loading=\"lazy\" decoding=\"async\" class=\"aligncenter wp-image-69999 size-full\" src=\"https:\/\/www.topohvar.at\/wp-content\/uploads\/2024\/11\/RU-IP-17-10.jpg\" alt=\"\" width=\"315\" height=\"1101\" srcset=\"https:\/\/www.topohvar.at\/wp-content\/uploads\/2024\/11\/RU-IP-17-10.jpg 315w, https:\/\/www.topohvar.at\/wp-content\/uploads\/2024\/11\/RU-IP-17-10-86x300.jpg 86w, https:\/\/www.topohvar.at\/wp-content\/uploads\/2024\/11\/RU-IP-17-10-293x1024.jpg 293w\" sizes=\"auto, (max-width: 315px) 100vw, 315px\" \/><\/p><\/div><\/div><div class='content-column one_half last_column'><div style=\"padding-right:0px;padding-left:6px;\"><p>If you continue further along the macadam road to the west, almost at the very cape, you will come to the former underground military tunnels of the Yugoslav People\u00b4s Army. The main tunnel is about 500 meters long, and it connects to numerous smaller rooms. Be advised that in the dark parts of the tunnels there are bats (we recommend bringing flashlight). From the main tunnel, there are four exits to the gun emplacements, from which magnificent panoramic views of the Hvar Channel, the island of Bra\u010d, and the Splitska vrata can be seen. To tour the underground tunnels at Kabal, it takes about 40 minutes.<\/p>\n<p style=\"text-align: center;\">-\/-<\/p>\n<p>Krenete li dalje makadamskom cestom prema zapadu, gotovo na samom rtu do\u0107i cete do nekada\u0161njih podzemnih vojnih tunela Jugoslavenske narodne armije. Glavi tunel dug je oko 500 metara, a na njega se spajaju brojne manje prostorije. Upozoravamo da u mra\u010dnim dijelovima tunelima ima \u0161i\u0161mi\u0161a (savjetujemo da ponesete lampu). Iz glavnog tunela vode \u010detiri izlaza na topovske bitnice, s kojih se pru\u017eaju veli\u010danstveni panoramski pogledi na Hvarski kanal, otok Bra\u010d i Splitska vrata. Za oblizak podzemnih tunela na Kablu potrebno je oko 40 minuta.<\/p>\n<p style=\"text-align: center;\">-\/-<\/p>\n<p>Wenn Sie weiter auf der Schotterstra\u00dfe Richtung Westen weiterfahren, kommen Sie fast am Kap zu den ehemaligen unterirdischen Milit\u00e4rtunneln der jugoslawischen Volksarmee. Der Haupttunnel ist etwa 500 Meter lang und mit zahlreichen kleineren R\u00e4umen verbunden. Beachten Sie, dass es in den dunklen Teilen der Tunnel Flederm\u00e4use gibt (wir empfehlen, eine Taschenlampe mitzubringen). Vom Haupttunnel aus gibt es vier Ausg\u00e4nge zu den Gesch\u00fctzstellungen, von denen aus man einen herrlichen Panoramablick auf den Hvar-Kanal, die Insel Bra\u010d und die Splitska vrata hat. Die Besichtigung der unterirdischen Tunnel in Kabal dauert etwa 40 Minuten.<\/p><\/div><\/div><div class='clear_column'><\/div><\/p>\n<hr \/>\n<p>Use our interactive \u00b4storymap\u00b4 application for further exploration of the Kabal peninsula through a media portrayal of its history, flora and fauna.<\/p>\n<p style=\"text-align: center;\">-\/-<\/p>\n<p>Koristite na\u0161u interaktivnu \u00b4storymap\u00b4aplikaciju za daljnje otkrivanje poluotoka Kabal kroz medijsku sliku njegove povijest, flore i faune.<\/p>\n<p style=\"text-align: center;\">-\/-<\/p>\n<p>Nutzen Sie unsere interaktive \u00b4storymap\u00b4-Anwendung, um die Halbinsel Kabal anhand einer medialen Darstellung ihrer Geschichte, Flora und Fauna weiter zu erkunden.<\/p>\n<hr \/>\n<div class='content-column one_half'><div style=\"padding-right:6px;\"><p>U blizini se nalaze informativne table &#8222;Prstaci&#8220; i &#8222;Biljke uz morsku obalu&#8220;.<\/p><\/div><\/div><div class='content-column one_half last_column'><div style=\"padding-right:0px;padding-left:6px;\"><p>In der N\u00e4he befinden sich die Infotafeln &#8222;Steindatteln, Dattelmuscheln&#8220; und &#8222;Pflanzen entlang der K\u00fcste&#8220;.<\/p><\/div><\/div><div class='clear_column'><\/div><\/p>\n<p style=\"text-align: right;\"><span style=\"color: #3366ff;\"><a style=\"color: #3366ff;\" href=\"#seite_oben\">natrag na vrh \/ Seitenanfang<\/a><\/span><\/p>\n<hr \/>\n<p><strong>Linkovi \/ Links<\/strong><\/p>\n<p><span style=\"color: #3366ff;\"><a style=\"color: #3366ff;\" href=\"https:\/\/www.topohvar.at\/topo\/orte\/ru\/ru-ip-05-1\/\">Informativna plo\u0107a \u00bbPrstaci\u00ab \/ Steindatteln, Dattelmuscheln<\/a><br \/>\n<a style=\"color: #3366ff;\" href=\"https:\/\/www.topohvar.at\/topo\/orte\/ru\/ru-ip-06-1\/\">Informativna plo\u0107a \u00bbBiljke uz morsku obalu\u00ab \/ Pflanzen entlang der K\u00fcste<\/a><br \/>\n<a style=\"color: #3366ff;\" href=\"https:\/\/www.topohvar.at\/orte\/ru\/ru-ob-01-1\/\">Objekt \u00bbVojni tunel\u00ab \/ Kriegsstollen<\/a><br \/>\n<\/span><\/p>\n","protected":false},"excerpt":{"rendered":"<p>Ime \/ Name Informativna plo\u0107a \u00bbKabal (8)\u00ab Code: RU-IP-17\u00a0 \u00a0 \u00a0 \u00a0 \u00a0 \u00a0 \u00a0 \u00a0 \u00a0 \u00a0 \u00a0 \u00a0\u00a0 \u00a0 \u00a0 \u00a0 \u00a0\u00a0\u00a0 Adresa \/ Adresse Rudina, Poluotok \/ Halbinsel Kabal Lokacija \/ Position Latitude: N 43,22014\u00b0\u00a0 \u00a0 Longitude: &hellip; <a href=\"https:\/\/www.topohvar.at\/topo\/orte\/ru\/ru-ip-17-1\/\">Weiterlesen <span class=\"meta-nav\">&rarr;<\/span><\/a><\/p>\n","protected":false},"author":1,"featured_media":0,"parent":93,"menu_order":0,"comment_status":"closed","ping_status":"closed","template":"","meta":{"footnotes":""},"class_list":["post-69993","page","type-page","status-publish","hentry"],"_links":{"self":[{"href":"https:\/\/www.topohvar.at\/topo\/wp-json\/wp\/v2\/pages\/69993","targetHints":{"allow":["GET"]}}],"collection":[{"href":"https:\/\/www.topohvar.at\/topo\/wp-json\/wp\/v2\/pages"}],"about":[{"href":"https:\/\/www.topohvar.at\/topo\/wp-json\/wp\/v2\/types\/page"}],"author":[{"embeddable":true,"href":"https:\/\/www.topohvar.at\/topo\/wp-json\/wp\/v2\/users\/1"}],"replies":[{"embeddable":true,"href":"https:\/\/www.topohvar.at\/topo\/wp-json\/wp\/v2\/comments?post=69993"}],"version-history":[{"count":7,"href":"https:\/\/www.topohvar.at\/topo\/wp-json\/wp\/v2\/pages\/69993\/revisions"}],"predecessor-version":[{"id":70005,"href":"https:\/\/www.topohvar.at\/topo\/wp-json\/wp\/v2\/pages\/69993\/revisions\/70005"}],"up":[{"embeddable":true,"href":"https:\/\/www.topohvar.at\/topo\/wp-json\/wp\/v2\/pages\/93"}],"wp:attachment":[{"href":"https:\/\/www.topohvar.at\/topo\/wp-json\/wp\/v2\/media?parent=69993"}],"curies":[{"name":"wp","href":"https:\/\/api.w.org\/{rel}","templated":true}]}}