{"id":70840,"date":"2024-12-16T17:11:28","date_gmt":"2024-12-16T16:11:28","guid":{"rendered":"https:\/\/www.topohvar.at\/topo\/?page_id=70840"},"modified":"2025-04-16T17:15:20","modified_gmt":"2025-04-16T15:15:20","slug":"va-po-03-1","status":"publish","type":"page","link":"https:\/\/www.topohvar.at\/topo\/orte\/va\/va-po-03-1\/","title":{"rendered":"VRBOSKA &#8211; Arheolo\u0161ka lokalitet \u00bbDu\u010din Dvor &#8211; Baba\u00ab"},"content":{"rendered":"<p><a name=\"seite_oben\"><\/a><br \/>\n<strong><img loading=\"lazy\" decoding=\"async\" class=\"aligncenter wp-image-71541 size-full\" src=\"https:\/\/www.topohvar.at\/wp-content\/uploads\/2025\/04\/va-po-03-10.jpg\" alt=\"\" width=\"1012\" height=\"495\" srcset=\"https:\/\/www.topohvar.at\/wp-content\/uploads\/2025\/04\/va-po-03-10.jpg 1012w, https:\/\/www.topohvar.at\/wp-content\/uploads\/2025\/04\/va-po-03-10-300x147.jpg 300w, https:\/\/www.topohvar.at\/wp-content\/uploads\/2025\/04\/va-po-03-10-768x376.jpg 768w\" sizes=\"auto, (max-width: 1012px) 100vw, 1012px\" \/><\/strong><\/p>\n<p><strong>Ime \/ Name<br \/>\n<\/strong>Arheolo\u0161ka lokalitet \/ Arch\u00e4ologische Lokalit\u00e4t \u00bbDu\u010din Dvor &#8211; Baba\u00ab<\/p>\n<p><strong>Code: <\/strong>VA-PO-03\u00a0 \u00a0 \u00a0 \u00a0 \u00a0 \u00a0 \u00a0 \u00a0<strong>\u00a0 \u00a0 \u00a0 \u00a0 \u00a0 \u00a0 \u00a0 \u00a0 \u00a0 \u00a0 \u00a0 \u00a0 \u00a0 \u00a0 <a href=\"https:\/\/www.topohvar.at\/orte\/va\/va-po-02-1\/\"><img loading=\"lazy\" decoding=\"async\" class=\"alignnone wp-image-533 size-full\" src=\"https:\/\/www.topohvar.at\/wp-content\/uploads\/2018\/07\/push-l-30.jpg\" alt=\"\" width=\"61\" height=\"30\" \/><\/a> <a href=\"https:\/\/www.topohvar.at\/orte\/va\/\"><img loading=\"lazy\" decoding=\"async\" class=\"alignnone wp-image-535 size-full\" src=\"https:\/\/www.topohvar.at\/wp-content\/uploads\/2018\/07\/push-o-30.jpg\" alt=\"\" width=\"61\" height=\"30\" \/><\/a> <a href=\"https:\/\/www.topohvar.at\/orte\/va\/va-po-04-1\/\"><img loading=\"lazy\" decoding=\"async\" class=\"alignnone wp-image-536 size-full\" src=\"https:\/\/www.topohvar.at\/wp-content\/uploads\/2018\/07\/push-r-30.jpg\" alt=\"\" width=\"61\" height=\"30\" \/><\/a> \u00a0 \u00a0\u00a0<\/strong><\/p>\n<hr \/>\n<p><strong>Adresa \/ Adresse<br \/>\n<\/strong>Vrboska, Vela bonda, Du\u010din dvor<\/p>\n<p><strong data-wp-editing=\"1\">Lokalna polo\u017eaj \/ Position<a href=\"https:\/\/maps.app.goo.gl\/k5546ZBL3bP5giBu9\"><img loading=\"lazy\" decoding=\"async\" class=\"alignright wp-image-70841\" src=\"https:\/\/www.topohvar.at\/wp-content\/uploads\/2024\/12\/4267.jpg\" alt=\"\" width=\"134\" height=\"100\" \/><\/a><br \/>\n<\/strong><span style=\"color: #3366ff;\"><a style=\"color: #3366ff;\" href=\"https:\/\/maps.app.goo.gl\/k5546ZBL3bP5giBu9\">Latitude: N 43,17903\u00b0\u00a0 \u00a0 Longitude: E 16,67263\u00b0\u00a0<\/a><\/span><strong><br \/>\n<\/strong>Visina \/ H\u00f6he: 5 m<\/p>\n<p><strong>Zemlji\u0161te \/ Grundst\u00fccke<br \/>\n<\/strong>1523, 1524, 1525<div class='content-column one_half'><div style=\"padding-right:6px;\"><p><strong>Datum snimanja \/ Erfassungsdatum<br \/>\n<\/strong>01.01.2000 00:00:00<\/p>\n<hr \/>\n<p><strong>Informacije<\/strong><\/p>\n<p>Ruralni kompleks, na lokalitetu se nalazi o\u010duvana prostorija koja je \u010dinila dio ve\u0107eg kompleksa. Sada je to dio vrta ku\u0107e. Unutarnje mjere prostorjie su 6,6 x 5,7, najvi\u0161a visina je 1,35, a zid je \u0161irok 0,45. Na jednom zidu se vidi mjesto ulaza u prostoriju.<\/p><\/div><\/div><div class='content-column one_half last_column'><div style=\"padding-right:0px;padding-left:6px;\"><p><strong>Za\u0161titni polo\u017eaj \/ Schutzstellung<br \/>\n<\/strong>&#8211;<\/p>\n<hr \/>\n<p><strong>Info<\/strong><\/p>\n<p>L\u00e4ndlicher Komplex, am Standort befindet sich ein gut erhaltener Raum, der Teil eines gr\u00f6\u00dferen Komplexes war. Jetzt ist es Teil des Gartens eines Hauses. Die Innenma\u00dfe des Raumes sind 6,6 x 5,7 m, die maximale H\u00f6he betr\u00e4gt 1,35 m und die Wand ist 0,45 m breit. An einer Wand ist der Eingang zum Raum zu sehen.<\/p><\/div><\/div><div class='clear_column'><\/div><\/p>\n<p style=\"text-align: center;\"><em>(Izvor\/Quelle: <span style=\"color: #3366ff;\"><a style=\"color: #3366ff;\" href=\"http:\/\/baza.iarh.hr\/public\/locality\/detail\/2117\">Anti\u010dka arheolo\u0161ka nalazi\u0161ta RH<\/a><\/span>)<\/em><\/p>\n<p style=\"text-align: right;\"><a href=\"#seite_oben\">natrag na vrh \/ Seitenanfang<\/a><\/p>\n<hr \/>\n<p><strong>Linkovi \/ Links<\/strong><\/p>\n<p>&#8211;<\/p>\n","protected":false},"excerpt":{"rendered":"<p>Ime \/ Name Arheolo\u0161ka lokalitet \/ Arch\u00e4ologische Lokalit\u00e4t \u00bbDu\u010din Dvor &#8211; Baba\u00ab Code: VA-PO-03\u00a0 \u00a0 \u00a0 \u00a0 \u00a0 \u00a0 \u00a0 \u00a0\u00a0 \u00a0 \u00a0 \u00a0 \u00a0 \u00a0 \u00a0 \u00a0 \u00a0 \u00a0 \u00a0 \u00a0 \u00a0 \u00a0 \u00a0 \u00a0\u00a0 Adresa \/ Adresse Vrboska, &hellip; <a href=\"https:\/\/www.topohvar.at\/topo\/orte\/va\/va-po-03-1\/\">Weiterlesen <span class=\"meta-nav\">&rarr;<\/span><\/a><\/p>\n","protected":false},"author":1,"featured_media":0,"parent":109,"menu_order":0,"comment_status":"closed","ping_status":"closed","template":"","meta":{"footnotes":""},"class_list":["post-70840","page","type-page","status-publish","hentry"],"_links":{"self":[{"href":"https:\/\/www.topohvar.at\/topo\/wp-json\/wp\/v2\/pages\/70840","targetHints":{"allow":["GET"]}}],"collection":[{"href":"https:\/\/www.topohvar.at\/topo\/wp-json\/wp\/v2\/pages"}],"about":[{"href":"https:\/\/www.topohvar.at\/topo\/wp-json\/wp\/v2\/types\/page"}],"author":[{"embeddable":true,"href":"https:\/\/www.topohvar.at\/topo\/wp-json\/wp\/v2\/users\/1"}],"replies":[{"embeddable":true,"href":"https:\/\/www.topohvar.at\/topo\/wp-json\/wp\/v2\/comments?post=70840"}],"version-history":[{"count":9,"href":"https:\/\/www.topohvar.at\/topo\/wp-json\/wp\/v2\/pages\/70840\/revisions"}],"predecessor-version":[{"id":71552,"href":"https:\/\/www.topohvar.at\/topo\/wp-json\/wp\/v2\/pages\/70840\/revisions\/71552"}],"up":[{"embeddable":true,"href":"https:\/\/www.topohvar.at\/topo\/wp-json\/wp\/v2\/pages\/109"}],"wp:attachment":[{"href":"https:\/\/www.topohvar.at\/topo\/wp-json\/wp\/v2\/media?parent=70840"}],"curies":[{"name":"wp","href":"https:\/\/api.w.org\/{rel}","templated":true}]}}