{"id":71140,"date":"2025-02-21T17:11:02","date_gmt":"2025-02-21T16:11:02","guid":{"rendered":"https:\/\/www.topohvar.at\/topo\/?page_id=71140"},"modified":"2025-11-30T18:03:00","modified_gmt":"2025-11-30T17:03:00","slug":"vk-tr-11-1","status":"publish","type":"page","link":"https:\/\/www.topohvar.at\/topo\/orte\/vk\/vk-tr-11-1\/","title":{"rendered":"VRISNIK &#8211; Trim \u00bbVK-TR-11\u00ab"},"content":{"rendered":"<p><a name=\"seite_oben\"><\/a><br \/>\n<strong><img loading=\"lazy\" decoding=\"async\" class=\"aligncenter wp-image-72807 size-full\" src=\"https:\/\/www.topohvar.at\/wp-content\/uploads\/2025\/10\/vk-tr-11-01.jpg\" alt=\"\" width=\"1080\" height=\"530\" srcset=\"https:\/\/www.topohvar.at\/wp-content\/uploads\/2025\/10\/vk-tr-11-01.jpg 1080w, https:\/\/www.topohvar.at\/wp-content\/uploads\/2025\/10\/vk-tr-11-01-300x147.jpg 300w, https:\/\/www.topohvar.at\/wp-content\/uploads\/2025\/10\/vk-tr-11-01-1024x503.jpg 1024w, https:\/\/www.topohvar.at\/wp-content\/uploads\/2025\/10\/vk-tr-11-01-768x377.jpg 768w\" sizes=\"auto, (max-width: 1080px) 100vw, 1080px\" \/><\/strong><\/p>\n<p><strong>Ime \/ Name<br \/>\n<\/strong>Trim \u00bbVK-TR-11\u00ab<\/p>\n<p><strong>Code: <\/strong>VK-TR-11\u00a0 \u00a0 \u00a0 \u00a0 \u00a0 \u00a0 \u00a0 \u00a0<strong>\u00a0 \u00a0 \u00a0 \u00a0 \u00a0 \u00a0 \u00a0 \u00a0 \u00a0 <a href=\"https:\/\/www.topohvar.at\/orte\/vk\/vk-tr-00-1\/\"><img loading=\"lazy\" decoding=\"async\" class=\"alignnone wp-image-12300 size-full\" src=\"https:\/\/www.topohvar.at\/wp-content\/uploads\/2018\/09\/push-vor-30.jpg\" alt=\"\" width=\"61\" height=\"30\" \/><\/a> <a href=\"https:\/\/www.topohvar.at\/orte\/vk\/vk-tr-15-1\/\"><img loading=\"lazy\" decoding=\"async\" class=\"alignnone wp-image-533 size-full\" src=\"https:\/\/www.topohvar.at\/wp-content\/uploads\/2018\/07\/push-l-30.jpg\" alt=\"\" width=\"61\" height=\"30\" \/><\/a>\u00a0<a href=\"https:\/\/www.topohvar.at\/orte\/vk\/\"><img loading=\"lazy\" decoding=\"async\" class=\"alignnone wp-image-535 size-full\" src=\"https:\/\/www.topohvar.at\/wp-content\/uploads\/2018\/07\/push-o-30.jpg\" alt=\"\" width=\"61\" height=\"30\" \/><\/a>\u00a0<a href=\"https:\/\/www.topohvar.at\/orte\/vk\/vk-tr-01-1\/\"><img loading=\"lazy\" decoding=\"async\" class=\"alignnone wp-image-536 size-full\" src=\"https:\/\/www.topohvar.at\/wp-content\/uploads\/2018\/07\/push-r-30.jpg\" alt=\"\" width=\"61\" height=\"30\" \/><\/a><\/strong><\/p>\n<hr \/>\n<p><strong>Adresa \/ Adresse<br \/>\n<\/strong>Vrisnik, jugoisto\u010dno od vrha &#8222;Gvozd&#8220; \/ s\u00fcd\u00f6stlich des Gipfels &#8222;Gvozd&#8220;<\/p>\n<p><strong>Lokacija<\/strong><strong> \/ Position<a href=\"https:\/\/maps.app.goo.gl\/gS8h6CipHZV43dxG7\"><img loading=\"lazy\" decoding=\"async\" class=\"alignright wp-image-71142\" src=\"https:\/\/www.topohvar.at\/wp-content\/uploads\/2025\/02\/4274.jpg\" alt=\"\" width=\"134\" height=\"100\" \/><\/a><br \/>\n<\/strong><span style=\"color: #3366ff;\"><a style=\"color: #3366ff;\" href=\"https:\/\/maps.app.goo.gl\/gS8h6CipHZV43dxG7\">Latitude: N 43,14031\u00b0\u00a0 \u00a0 Longitude: E 16,65431\u00b0<\/a>\u00a0<\/span><strong><br \/>\n<\/strong>Visina \/ H\u00f6he: 530 m<\/p>\n<p><strong>Katastarska \u010destica\u00a0<\/strong><strong> \/ Grundst\u00fccke<br \/>\n<\/strong>2957\/2, 2958\/2<div class='content-column one_half'><div style=\"padding-right:6px;\"><p><strong>Datum snimanja \/ Erfassungsdatum<br \/>\n<\/strong>19.02.2025 11:20:00<\/p>\n<hr \/>\n<p><strong>Informacije<\/strong><\/p>\n<p>Trim je otkrio Christian Pohl u velja\u010di 2025. Trim se nalazi na \u0161umskoj \u010distini iznad staze koja vodi prema istoku s Polji\u010dke visoravni. Izvorno trostuoanjski trim je u lo\u0161em stanju, s mnogo kamenja koje je ve\u0107 palo. Sveukupno, trim je nestabilno.<\/p><\/div><\/div><div class='content-column one_half last_column'><div style=\"padding-right:0px;padding-left:6px;\"><p><strong>Stupanj za\u0161tite\u00a0<\/strong><strong> \/ Schutzstellung<br \/>\n<\/strong>&#8211;<\/p>\n<hr \/>\n<p><strong>Info<\/strong><\/p>\n<p>Der Trim wurde im Februar 2025 von Christian Pohl gefunden. Der Trim befindet sich auf einer Waldlichtung oberhalb des Weges der von der Hochebene Poljica gegen Osten f\u00fchrt. Der urspr\u00fcnglich dreistufige Trim ist in einem schlechten Zustand, viele Steine sind bereits abgest\u00fcrzt. Insgesamt wirkt der Trim instabil.<\/p><\/div><\/div><div class='clear_column'><\/div><div class='content-column one_half'><div style=\"padding-right:6px;\"><p>Obod i njegova unutra\u0161njost su kru\u017eni. Obod se vi\u0161e ne koristi.Nedaleko se nalazi trim VK-TR-15.<\/p><\/div><\/div><div class='content-column one_half last_column'><div style=\"padding-right:0px;padding-left:6px;\"><p>Trim und Innenraum sind kreisrund. Der Trim wird nicht mehr genutzt. Nicht weit entfernt steht der Trim VK-TR-15.<\/p><\/div><\/div><div class='clear_column'><\/div><div class='content-column one_half'><div style=\"padding-right:6px;\"><div id=\"attachment_73562\" style=\"width: 310px\" class=\"wp-caption aligncenter\"><img loading=\"lazy\" decoding=\"async\" aria-describedby=\"caption-attachment-73562\" class=\"wp-image-73562 size-medium\" src=\"https:\/\/www.topohvar.at\/wp-content\/uploads\/2025\/11\/vk-tr-11-20-300x300.jpg\" alt=\"\" width=\"300\" height=\"300\" srcset=\"https:\/\/www.topohvar.at\/wp-content\/uploads\/2025\/11\/vk-tr-11-20-300x300.jpg 300w, https:\/\/www.topohvar.at\/wp-content\/uploads\/2025\/11\/vk-tr-11-20-150x150.jpg 150w, https:\/\/www.topohvar.at\/wp-content\/uploads\/2025\/11\/vk-tr-11-20.jpg 450w\" sizes=\"auto, (max-width: 300px) 100vw, 300px\" \/><p id=\"caption-attachment-73562\" class=\"wp-caption-text\">Ulaz \/ Eingang<\/p><\/div>\n<p>Dana 09.10.2025 trim VK-TR-11 je posje\u0107en i ustanovljeno je sljede\u0107e:<\/p>\n<p>Lokacija: \u0161uma<br \/>\nPodloga: padina<br \/>\nPovezan s: samostoje\u0107i, izoliran<br \/>\nUpotreba: ne koristi se<br \/>\nStanje: dijelovi su se sru\u0161ili<br \/>\nBroj stepenica trima: 3<br \/>\nDodatni kameni prsten: nema prstena<br \/>\nStepeni\u0161te: nema<br \/>\nOblik kamena: uglast<br \/>\nPodru\u010dje ispred ulaza: lako dostupno<br \/>\nOrijentacija ulaza: J (180\u00b0)<br \/>\nPromjer trima (cm): 370<br \/>\nVisina trima (cm): 250<br \/>\nVisina stepenica (cm): stepenica 1: 150 , stepenica 2: 220 , stepenica 3: 250<br \/>\nDebljina zida (cm): 80<br \/>\n\u0160irina vrata (cm): 80<br \/>\nVisina vrata (cm): 85<br \/>\n\u0160irina unutra (cm): 200 &#8211; 210<br \/>\nVisina unutra (cm): 210<br \/>\nVolumen iznutra (m3): 4,23<br \/>\nNema ni\u0161e<\/p><\/div><\/div><div class='content-column one_half last_column'><div style=\"padding-right:0px;padding-left:6px;\"><div id=\"attachment_73563\" style=\"width: 310px\" class=\"wp-caption aligncenter\"><img loading=\"lazy\" decoding=\"async\" aria-describedby=\"caption-attachment-73563\" class=\"wp-image-73563 size-medium\" src=\"https:\/\/www.topohvar.at\/wp-content\/uploads\/2025\/11\/vk-tr-11-21-300x300.jpg\" alt=\"\" width=\"300\" height=\"300\" srcset=\"https:\/\/www.topohvar.at\/wp-content\/uploads\/2025\/11\/vk-tr-11-21-300x300.jpg 300w, https:\/\/www.topohvar.at\/wp-content\/uploads\/2025\/11\/vk-tr-11-21-150x150.jpg 150w, https:\/\/www.topohvar.at\/wp-content\/uploads\/2025\/11\/vk-tr-11-21.jpg 450w\" sizes=\"auto, (max-width: 300px) 100vw, 300px\" \/><p id=\"caption-attachment-73563\" class=\"wp-caption-text\">Pogled prema istoku \/ Blick gegen Osten<\/p><\/div>\n<p>Am 09.10.2025 wurde der Trim VK-TR-11 besucht und n\u00e4her untersucht:<\/p>\n<p>Standort: Wald<br \/>\nUntergrund: Hanglage<br \/>\nVerbunden mit: freistehend<br \/>\nNutzung: ungenutzt<br \/>\nZustand: Teile abgest\u00fcrzt<br \/>\nAnzahl der Trimstufen: 3<br \/>\nZus\u00e4tzlicher Steinring: kein Steinring<br \/>\nStiege: keine<br \/>\nSteinform: kantig<br \/>\nEingangsbereich: frei<br \/>\nEingangsseite: S (180\u00b0)<br \/>\nTrimdurchmesser (cm): 370<br \/>\nTrimh\u00f6he (cm): 250<br \/>\nH\u00f6he der Trimstufen (cm): Stufe 1: 150 , Stufe 2: 220 , Stufe 3: 250<br \/>\nWandst\u00e4rke (cm): 80<br \/>\nT\u00fcrbreite (cm): 80<br \/>\nT\u00fcrh\u00f6he (cm): 85<br \/>\nInnenraumbreite (cm): 200 &#8211; 210<br \/>\nInnenraumh\u00f6he (cm): 210<br \/>\nRaumvolumen (m3): 4,23<br \/>\nKeine Nische<\/p><\/div><\/div><div class='clear_column'><\/div><\/p>\n<p><img loading=\"lazy\" decoding=\"async\" class=\"alignleft size-full wp-image-73536\" src=\"https:\/\/www.topohvar.at\/wp-content\/uploads\/2025\/11\/vk-tr-11-scan.jpg\" alt=\"\" width=\"900\" height=\"1177\" srcset=\"https:\/\/www.topohvar.at\/wp-content\/uploads\/2025\/11\/vk-tr-11-scan.jpg 900w, https:\/\/www.topohvar.at\/wp-content\/uploads\/2025\/11\/vk-tr-11-scan-229x300.jpg 229w, https:\/\/www.topohvar.at\/wp-content\/uploads\/2025\/11\/vk-tr-11-scan-783x1024.jpg 783w, https:\/\/www.topohvar.at\/wp-content\/uploads\/2025\/11\/vk-tr-11-scan-768x1004.jpg 768w\" sizes=\"auto, (max-width: 900px) 100vw, 900px\" \/><\/p>\n<p style=\"text-align: right;\"><span style=\"color: #3366ff;\"><a style=\"color: #3366ff;\" href=\"#seite_oben\">natrag na vrh \/ Seitenanfang<\/a><\/span><\/p>\n<hr \/>\n<p><strong>Linkovi \/ Links<\/strong><\/p>\n<p><a href=\"https:\/\/www.topohvar.at\/topo\/orte\/vk\/vk-tr-15-1\/\">Trim \u00bbVK-TR-15\u00ab<\/a><\/p>\n","protected":false},"excerpt":{"rendered":"<p>Ime \/ Name Trim \u00bbVK-TR-11\u00ab Code: VK-TR-11\u00a0 \u00a0 \u00a0 \u00a0 \u00a0 \u00a0 \u00a0 \u00a0\u00a0 \u00a0 \u00a0 \u00a0 \u00a0 \u00a0 \u00a0 \u00a0 \u00a0 \u00a0\u00a0 Adresa \/ Adresse Vrisnik, jugoisto\u010dno od vrha &#8222;Gvozd&#8220; \/ s\u00fcd\u00f6stlich des Gipfels &#8222;Gvozd&#8220; Lokacija \/ Position Latitude: &hellip; <a href=\"https:\/\/www.topohvar.at\/topo\/orte\/vk\/vk-tr-11-1\/\">Weiterlesen <span class=\"meta-nav\">&rarr;<\/span><\/a><\/p>\n","protected":false},"author":1,"featured_media":0,"parent":113,"menu_order":0,"comment_status":"closed","ping_status":"closed","template":"","meta":{"footnotes":""},"class_list":["post-71140","page","type-page","status-publish","hentry"],"_links":{"self":[{"href":"https:\/\/www.topohvar.at\/topo\/wp-json\/wp\/v2\/pages\/71140","targetHints":{"allow":["GET"]}}],"collection":[{"href":"https:\/\/www.topohvar.at\/topo\/wp-json\/wp\/v2\/pages"}],"about":[{"href":"https:\/\/www.topohvar.at\/topo\/wp-json\/wp\/v2\/types\/page"}],"author":[{"embeddable":true,"href":"https:\/\/www.topohvar.at\/topo\/wp-json\/wp\/v2\/users\/1"}],"replies":[{"embeddable":true,"href":"https:\/\/www.topohvar.at\/topo\/wp-json\/wp\/v2\/comments?post=71140"}],"version-history":[{"count":17,"href":"https:\/\/www.topohvar.at\/topo\/wp-json\/wp\/v2\/pages\/71140\/revisions"}],"predecessor-version":[{"id":73701,"href":"https:\/\/www.topohvar.at\/topo\/wp-json\/wp\/v2\/pages\/71140\/revisions\/73701"}],"up":[{"embeddable":true,"href":"https:\/\/www.topohvar.at\/topo\/wp-json\/wp\/v2\/pages\/113"}],"wp:attachment":[{"href":"https:\/\/www.topohvar.at\/topo\/wp-json\/wp\/v2\/media?parent=71140"}],"curies":[{"name":"wp","href":"https:\/\/api.w.org\/{rel}","templated":true}]}}

<p><a name="seite_oben"></a><br />
<strong><img loading="lazy" decoding="async" class="aligncenter wp-image-72807 size-full" src="https://www.topohvar.at/wp-content/uploads/2025/10/vk-tr-11-01.jpg" alt="" width="1080" height="530" srcset="https://www.topohvar.at/wp-content/uploads/2025/10/vk-tr-11-01.jpg 1080w, https://www.topohvar.at/wp-content/uploads/2025/10/vk-tr-11-01-300x147.jpg 300w, https://www.topohvar.at/wp-content/uploads/2025/10/vk-tr-11-01-1024x503.jpg 1024w, https://www.topohvar.at/wp-content/uploads/2025/10/vk-tr-11-01-768x377.jpg 768w" sizes="auto, (max-width: 1080px) 100vw, 1080px" /></strong></p>
<p><strong>Ime / Name<br />
</strong>Trim »VK-TR-11«</p>
<p><strong>Code: </strong>VK-TR-11               <strong>                  <a href="https://www.topohvar.at/orte/vk/vk-tr-00-1/"><img loading="lazy" decoding="async" class="alignnone wp-image-12300 size-full" src="https://www.topohvar.at/wp-content/uploads/2018/09/push-vor-30.jpg" alt="" width="61" height="30" /></a> <a href="https://www.topohvar.at/orte/vk/vk-tr-15-1/"><img loading="lazy" decoding="async" class="alignnone wp-image-533 size-full" src="https://www.topohvar.at/wp-content/uploads/2018/07/push-l-30.jpg" alt="" width="61" height="30" /></a> <a href="https://www.topohvar.at/orte/vk/"><img loading="lazy" decoding="async" class="alignnone wp-image-535 size-full" src="https://www.topohvar.at/wp-content/uploads/2018/07/push-o-30.jpg" alt="" width="61" height="30" /></a> <a href="https://www.topohvar.at/orte/vk/vk-tr-01-1/"><img loading="lazy" decoding="async" class="alignnone wp-image-536 size-full" src="https://www.topohvar.at/wp-content/uploads/2018/07/push-r-30.jpg" alt="" width="61" height="30" /></a></strong></p>
<hr />
<p><strong>Adresa / Adresse<br />
</strong>Vrisnik, jugoistočno od vrha &#8222;Gvozd&#8220; / südöstlich des Gipfels &#8222;Gvozd&#8220;</p>
<p><strong>Lokacija</strong><strong> / Position<a href="https://maps.app.goo.gl/gS8h6CipHZV43dxG7"><img loading="lazy" decoding="async" class="alignright wp-image-71142" src="https://www.topohvar.at/wp-content/uploads/2025/02/4274.jpg" alt="" width="134" height="100" /></a><br />
</strong><span style="color: #3366ff;"><a style="color: #3366ff;" href="https://maps.app.goo.gl/gS8h6CipHZV43dxG7">Latitude: N 43,14031°    Longitude: E 16,65431°</a> </span><strong><br />
</strong>Visina / Höhe: 530 m</p>
<p><strong>Katastarska čestica </strong><strong> / Grundstücke<br />
</strong>2957/2, 2958/2<div class='content-column one_half'><div style="padding-right:6px;"><p><strong>Datum snimanja / Erfassungsdatum<br />
</strong>19.02.2025 11:20:00</p>
<hr />
<p><strong>Informacije</strong></p>
<p>Trim je otkrio Christian Pohl u veljači 2025. Trim se nalazi na šumskoj čistini iznad staze koja vodi prema istoku s Poljičke visoravni. Izvorno trostuoanjski trim je u lošem stanju, s mnogo kamenja koje je već palo. Sveukupno, trim je nestabilno.</p></div></div><div class='content-column one_half last_column'><div style="padding-right:0px;padding-left:6px;"><p><strong>Stupanj zaštite </strong><strong> / Schutzstellung<br />
</strong>&#8211;</p>
<hr />
<p><strong>Info</strong></p>
<p>Der Trim wurde im Februar 2025 von Christian Pohl gefunden. Der Trim befindet sich auf einer Waldlichtung oberhalb des Weges der von der Hochebene Poljica gegen Osten führt. Der ursprünglich dreistufige Trim ist in einem schlechten Zustand, viele Steine sind bereits abgestürzt. Insgesamt wirkt der Trim instabil.</p></div></div><div class='clear_column'></div><div class='content-column one_half'><div style="padding-right:6px;"><p>Obod i njegova unutrašnjost su kružni. Obod se više ne koristi.Nedaleko se nalazi trim VK-TR-15.</p></div></div><div class='content-column one_half last_column'><div style="padding-right:0px;padding-left:6px;"><p>Trim und Innenraum sind kreisrund. Der Trim wird nicht mehr genutzt. Nicht weit entfernt steht der Trim VK-TR-15.</p></div></div><div class='clear_column'></div><div class='content-column one_half'><div style="padding-right:6px;"><div id="attachment_73562" style="width: 310px" class="wp-caption aligncenter"><img loading="lazy" decoding="async" aria-describedby="caption-attachment-73562" class="wp-image-73562 size-medium" src="https://www.topohvar.at/wp-content/uploads/2025/11/vk-tr-11-20-300x300.jpg" alt="" width="300" height="300" srcset="https://www.topohvar.at/wp-content/uploads/2025/11/vk-tr-11-20-300x300.jpg 300w, https://www.topohvar.at/wp-content/uploads/2025/11/vk-tr-11-20-150x150.jpg 150w, https://www.topohvar.at/wp-content/uploads/2025/11/vk-tr-11-20.jpg 450w" sizes="auto, (max-width: 300px) 100vw, 300px" /><p id="caption-attachment-73562" class="wp-caption-text">Ulaz / Eingang</p></div>
<p>Dana 09.10.2025 trim VK-TR-11 je posjećen i ustanovljeno je sljedeće:</p>
<p>Lokacija: šuma<br />
Podloga: padina<br />
Povezan s: samostojeći, izoliran<br />
Upotreba: ne koristi se<br />
Stanje: dijelovi su se srušili<br />
Broj stepenica trima: 3<br />
Dodatni kameni prsten: nema prstena<br />
Stepenište: nema<br />
Oblik kamena: uglast<br />
Područje ispred ulaza: lako dostupno<br />
Orijentacija ulaza: J (180°)<br />
Promjer trima (cm): 370<br />
Visina trima (cm): 250<br />
Visina stepenica (cm): stepenica 1: 150 , stepenica 2: 220 , stepenica 3: 250<br />
Debljina zida (cm): 80<br />
Širina vrata (cm): 80<br />
Visina vrata (cm): 85<br />
Širina unutra (cm): 200 &#8211; 210<br />
Visina unutra (cm): 210<br />
Volumen iznutra (m3): 4,23<br />
Nema niše</p></div></div><div class='content-column one_half last_column'><div style="padding-right:0px;padding-left:6px;"><div id="attachment_73563" style="width: 310px" class="wp-caption aligncenter"><img loading="lazy" decoding="async" aria-describedby="caption-attachment-73563" class="wp-image-73563 size-medium" src="https://www.topohvar.at/wp-content/uploads/2025/11/vk-tr-11-21-300x300.jpg" alt="" width="300" height="300" srcset="https://www.topohvar.at/wp-content/uploads/2025/11/vk-tr-11-21-300x300.jpg 300w, https://www.topohvar.at/wp-content/uploads/2025/11/vk-tr-11-21-150x150.jpg 150w, https://www.topohvar.at/wp-content/uploads/2025/11/vk-tr-11-21.jpg 450w" sizes="auto, (max-width: 300px) 100vw, 300px" /><p id="caption-attachment-73563" class="wp-caption-text">Pogled prema istoku / Blick gegen Osten</p></div>
<p>Am 09.10.2025 wurde der Trim VK-TR-11 besucht und näher untersucht:</p>
<p>Standort: Wald<br />
Untergrund: Hanglage<br />
Verbunden mit: freistehend<br />
Nutzung: ungenutzt<br />
Zustand: Teile abgestürzt<br />
Anzahl der Trimstufen: 3<br />
Zusätzlicher Steinring: kein Steinring<br />
Stiege: keine<br />
Steinform: kantig<br />
Eingangsbereich: frei<br />
Eingangsseite: S (180°)<br />
Trimdurchmesser (cm): 370<br />
Trimhöhe (cm): 250<br />
Höhe der Trimstufen (cm): Stufe 1: 150 , Stufe 2: 220 , Stufe 3: 250<br />
Wandstärke (cm): 80<br />
Türbreite (cm): 80<br />
Türhöhe (cm): 85<br />
Innenraumbreite (cm): 200 &#8211; 210<br />
Innenraumhöhe (cm): 210<br />
Raumvolumen (m3): 4,23<br />
Keine Nische</p></div></div><div class='clear_column'></div></p>
<p><img loading="lazy" decoding="async" class="alignleft size-full wp-image-73536" src="https://www.topohvar.at/wp-content/uploads/2025/11/vk-tr-11-scan.jpg" alt="" width="900" height="1177" srcset="https://www.topohvar.at/wp-content/uploads/2025/11/vk-tr-11-scan.jpg 900w, https://www.topohvar.at/wp-content/uploads/2025/11/vk-tr-11-scan-229x300.jpg 229w, https://www.topohvar.at/wp-content/uploads/2025/11/vk-tr-11-scan-783x1024.jpg 783w, https://www.topohvar.at/wp-content/uploads/2025/11/vk-tr-11-scan-768x1004.jpg 768w" sizes="auto, (max-width: 900px) 100vw, 900px" /></p>
<p style="text-align: right;"><span style="color: #3366ff;"><a style="color: #3366ff;" href="#seite_oben">natrag na vrh / Seitenanfang</a></span></p>
<hr />
<p><strong>Linkovi / Links</strong></p>
<p><a href="https://www.topohvar.at/topo/orte/vk/vk-tr-15-1/">Trim »VK-TR-15«</a></p>

<p>Ime / Name Trim »VK-TR-11« Code: VK-TR-11                                    Adresa / Adresse Vrisnik, jugoistočno od vrha &#8222;Gvozd&#8220; / südöstlich des Gipfels &#8222;Gvozd&#8220; Lokacija / Position Latitude: &hellip; <a href="https://www.topohvar.at/topo/orte/vk/vk-tr-11-1/">Weiterlesen <span class="meta-nav">&rarr;</span></a></p>
