{"id":71251,"date":"2025-03-31T11:33:34","date_gmt":"2025-03-31T09:33:34","guid":{"rendered":"https:\/\/www.topohvar.at\/topo\/?page_id=71251"},"modified":"2025-04-04T16:57:55","modified_gmt":"2025-04-04T14:57:55","slug":"hv-pu-20-1","status":"publish","type":"page","link":"https:\/\/www.topohvar.at\/topo\/orte\/hv\/hv-pu-20-1\/","title":{"rendered":"HVAR &#8211; Objekt \u00bbLuka Vira\u00ab"},"content":{"rendered":"<p><a name=\"seite_oben\"><\/a><br \/>\n<img loading=\"lazy\" decoding=\"async\" class=\"aligncenter wp-image-71256 size-full\" src=\"https:\/\/www.topohvar.at\/wp-content\/uploads\/2025\/03\/hv-pu-20-10.jpeg\" alt=\"\" width=\"1080\" height=\"530\" srcset=\"https:\/\/www.topohvar.at\/wp-content\/uploads\/2025\/03\/hv-pu-20-10.jpeg 1080w, https:\/\/www.topohvar.at\/wp-content\/uploads\/2025\/03\/hv-pu-20-10-300x147.jpeg 300w, https:\/\/www.topohvar.at\/wp-content\/uploads\/2025\/03\/hv-pu-20-10-1024x503.jpeg 1024w, https:\/\/www.topohvar.at\/wp-content\/uploads\/2025\/03\/hv-pu-20-10-768x377.jpeg 768w\" sizes=\"auto, (max-width: 1080px) 100vw, 1080px\" \/><\/p>\n<p><strong>Ime \/ Name<br \/>\n<\/strong>Objekt \u00bbLuka Vira\u00ab \/ Hafen Vira<\/p>\n<p><strong>Code: <\/strong>HV-PU-20\u00a0 \u00a0 \u00a0 \u00a0 \u00a0 \u00a0 \u00a0 \u00a0 \u00a0 \u00a0 \u00a0 \u00a0 \u00a0 \u00a0 \u00a0 \u00a0 \u00a0 \u00a0 <a href=\"https:\/\/www.topohvar.at\/hv-ob-01-1\/\"><img loading=\"lazy\" decoding=\"async\" class=\"alignnone wp-image-12300 size-full\" src=\"https:\/\/www.topohvar.at\/wp-content\/uploads\/2018\/09\/push-vor-30.jpg\" alt=\"\" width=\"61\" height=\"30\" \/><\/a>\u00a0<strong><a href=\"https:\/\/www.topohvar.at\/orte\/hv\/hv-os-03-1\/\"><img loading=\"lazy\" decoding=\"async\" class=\"alignnone wp-image-533 size-full\" src=\"https:\/\/www.topohvar.at\/wp-content\/uploads\/2018\/07\/push-l-30.jpg\" alt=\"\" width=\"61\" height=\"30\" \/><\/a> <a href=\"https:\/\/www.topohvar.at\/orte\/hv\/\"><img loading=\"lazy\" decoding=\"async\" class=\"alignnone wp-image-535 size-full\" src=\"https:\/\/www.topohvar.at\/wp-content\/uploads\/2018\/07\/push-o-30.jpg\" alt=\"\" width=\"61\" height=\"30\" \/><\/a> <a href=\"https:\/\/www.topohvar.at\/orte\/hv\/hv-pu-02-1\/\"><img loading=\"lazy\" decoding=\"async\" class=\"alignnone wp-image-536 size-full\" src=\"https:\/\/www.topohvar.at\/wp-content\/uploads\/2018\/07\/push-r-30.jpg\" alt=\"\" width=\"61\" height=\"30\" \/><\/a>\u00a0<a href=\"https:\/\/www.topohvar.at\/hv-ov-02-1\/\"><img loading=\"lazy\" decoding=\"async\" class=\"alignnone wp-image-12299 size-full\" src=\"https:\/\/www.topohvar.at\/wp-content\/uploads\/2018\/09\/push-next-30.jpg\" alt=\"\" width=\"61\" height=\"30\" \/><\/a><\/strong><\/p>\n<hr \/>\n<p><strong>Adresa \/ Adresse<br \/>\n<\/strong>Grad Hvar, Vira<\/p>\n<p><strong>Lokacija<\/strong><strong> \/ Position<a href=\"https:\/\/goo.gl\/maps\/XiEiggL7EARbr8Dw8\"><img loading=\"lazy\" decoding=\"async\" class=\"alignright wp-image-41906\" src=\"https:\/\/www.topohvar.at\/wp-content\/uploads\/2020\/10\/2826.jpg\" alt=\"\" width=\"134\" height=\"100\" \/><\/a><br \/>\n<\/strong><a href=\"https:\/\/goo.gl\/maps\/XiEiggL7EARbr8Dw8\"><span style=\"color: #3366ff;\">Latitude: N 43,19036\u00b0\u00a0 \u00a0Longitude: E 16,42786\u00b0 <\/span><\/a><strong><br \/>\n<\/strong>Visina \/ H\u00f6he: 0 m<\/p>\n<p><strong>Katastarska <\/strong><strong>\u010d<\/strong><strong>estica <\/strong><strong>\/ Grundst\u00fccke<br \/>\n<\/strong>&#8211;<div class='content-column one_half'><div style=\"padding-right:6px;\"><p><strong>Datum snimanja \/ Erfassungsdatum<br \/>\n<\/strong>25.07.2024 12:00:00<\/p>\n<hr \/>\n<p><strong>Informacije<\/strong><\/p>\n<p>S ciljem rastere\u0107enja i pove\u0107anja sigurnosti u hvarskom portu, poslije Splita najprometnijoj luci u na\u0161oj \u017eupaniji, Lu\u010dka uprava Splitsko-dalmatinske \u017eupanije u suradnji sa Splitsko-dalmatinskom \u017eupanijom i Gradom Hvarom inicirala je i omogu\u0107ila prebacivanje dijela katamaranskih linija od kraja svibnja u luku Vira, oko 4 kilometra sjeverozapadno od grada Hvara.<\/p><\/div><\/div><div class='content-column one_half last_column'><div style=\"padding-right:0px;padding-left:6px;\"><p><strong>Stupanj za\u0161tite<\/strong><strong> \/ Schutzstellung<br \/>\n<\/strong>&#8211;<\/p>\n<hr \/>\n<p><strong>Info<\/strong><\/p>\n<p>Mit dem Ziel, den Hafen von Hvar zu entlasten und die Sicherheit zu erh\u00f6hen \u2013 nach Split der verkehrsreichste Hafen in unserer Region \u2013, hat die Hafenverwaltung der Gespanschaft Split-Dalmatien in Zusammenarbeit mit der Gespanschaft Split-Dalmatien und der Stadt Hvar die Verlegung eines Teils der Katamaranlinien ab Ende Mai in den Hafen Vira initiiert und erm\u00f6glicht, der etwa 4 Kilometer nordwestlich der Stadt Hvar liegt.<\/p><\/div><\/div><div class='clear_column'><\/div><div class='content-column one_half'><div style=\"padding-right:6px;\"><p>Tako je nakon pripremnog ure\u0111enja lukobrana i pro\u0161irenja pristani\u0161ta, od kraja svibnja javni pomorski promet u nekada\u0161nju trajektnu luku vra\u0107en nakon vi\u0161e od trideset godina.<\/p><\/div><\/div><div class='content-column one_half last_column'><div style=\"padding-right:0px;padding-left:6px;\"><p>Nach den vorbereitenden Arbeiten zur Sanierung der Wellenbrecher und der Erweiterung des Anlegers wurde der \u00f6ffentliche Schiffsverkehr Ende Mai nach \u00fcber drei\u00dfig Jahren in den ehemaligen F\u00e4hrhafen zur\u00fcckgef\u00fchrt.<\/p><\/div><\/div><div class='clear_column'><\/div><div class='content-column one_half'><div style=\"padding-right:6px;\"><p>Sva tri brodara koja odr\u017eavaju sezonske katamaranske linije na relaciji Split \u2013 Hvar dobila su obvezu jednu od svojih linija prebaciti u Viru u \u010demu im asistenciju pru\u017ea Nauti\u010dki centar Hvar, uz organiziran autobusni prijevoz s autobusnog stajali\u0161ta na Dolcu u Hvaru koji je uklju\u010den u cijenu karte.<\/p><\/div><\/div><div class='content-column one_half last_column'><div style=\"padding-right:0px;padding-left:6px;\"><p>Alle drei Betreiber der saisonalen Katamaranlinien auf der Strecke Split \u2013 Hvar wurden verpflichtet, eine ihrer Linien nach Vira zu verlegen, wobei ihnen das Nautische Zentrum Hvar Unterst\u00fctzung bietet. Zudem wird ein organisierter Busverkehr vom Busbahnhof Dolac in Hvar bereitgestellt, der im Ticketpreis inbegriffen ist.<\/p><\/div><\/div><div class='clear_column'><\/div><div class='content-column one_half'><div style=\"padding-right:6px;\"><p>Iako je u prvim tjednima broj putnika koji biraju novu relaciju o\u010dekivano manji od onoga na direktnim linijama prema Hvaru, o\u010dekuje se da \u0107e uvo\u0111enje novih linija opravdati ulo\u017eeno, tim vi\u0161e \u0161to se ure\u0111enjem lu\u010dke infrastrukture osigurala mogu\u0107nost kori\u0161tenja luke za katamarane i van sezone.<\/p><\/div><\/div><div class='content-column one_half last_column'><div style=\"padding-right:0px;padding-left:6px;\"><p>Obwohl in den ersten Wochen die Anzahl der Passagiere, die die neue Strecke w\u00e4hlen, erwartungsgem\u00e4\u00df geringer ist als bei den direkten Verbindungen nach Hvar, wird erwartet, dass die Einf\u00fchrung der neuen Linien die Investitionen rechtfertigen wird. Insbesondere erm\u00f6glicht die erneuerte Hafeninfrastruktur die Nutzung des Hafens auch au\u00dferhalb der Saison.<\/p><\/div><\/div><div class='clear_column'><\/div><div class='content-column one_half'><div style=\"padding-right:6px;\"><p>Naime, ponovnim otvaranjem luke Vira za javni promet, uz rastere\u0107enje hvarske luke u sezoni, smanjit \u0107e se i broj prekida linija pomorskog prometa zbog lo\u0161eg vremena tijekom zimskih mjeseci, s obzirom da je hvarska luka izlo\u017eenija vremenskim neprilikama od luke Vira.<\/p><\/div><\/div><div class='content-column one_half last_column'><div style=\"padding-right:0px;padding-left:6px;\"><p>Mit der Wiederer\u00f6ffnung des Hafens Vira f\u00fcr den \u00f6ffentlichen Verkehr wird nicht nur der Hafen von Hvar w\u00e4hrend der Saison entlastet, sondern auch die Anzahl der Ausf\u00e4lle von Schifffahrtslinien bei schlechtem Wetter w\u00e4hrend der Wintermonate reduziert, da der Hafen von Hvar witterungsanf\u00e4lliger ist als der Hafen von Vira.<\/p><\/div><\/div><div class='clear_column'><\/div><div class='content-column one_half'><div style=\"padding-right:6px;\"><p>Izvor: Objava grada Hvar &#8211; &#8222;Novosti 25.07.2024&#8220;<br \/>\nFoto: Nauti\u010dki centar Hvar<\/p><\/div><\/div><div class='content-column one_half last_column'><div style=\"padding-right:0px;padding-left:6px;\"><p>Quelle: Ver\u00f6ffentlichung der Stadt Hvar &#8211; &#8222;Novosti 25.07.2024&#8220;<br \/>\nFoto: Nautisches Zentrum Hvar<\/p><\/div><\/div><div class='clear_column'><\/div><\/p>\n<p style=\"text-align: right;\"><span style=\"color: #3366ff;\"><a style=\"color: #3366ff;\" href=\"#seite_oben\">natrag na vrh \/ Seitenanfang<\/a><\/span><\/p>\n<hr \/>\n<p><strong>Linkovi \/ Links<\/strong><\/p>\n<p><span style=\"color: #3366ff;\"><a style=\"color: #3366ff;\" href=\"https:\/\/www.topohvar.at\/topo\/orte\/hv\/hv-au-10-1\/#hv-19\">Uvala \/ Bucht Vela Vira<\/a><br \/>\n<a style=\"color: #3366ff;\" href=\"https:\/\/www.topohvar.at\/orte\/hv\/hv-os-05-1\/\">Objekt \u00bbSvjetionik Luka Vira\u00ab<\/a><br \/>\n<\/span><\/p>\n","protected":false},"excerpt":{"rendered":"<p>Ime \/ Name Objekt \u00bbLuka Vira\u00ab \/ Hafen Vira Code: HV-PU-20\u00a0 \u00a0 \u00a0 \u00a0 \u00a0 \u00a0 \u00a0 \u00a0 \u00a0 \u00a0 \u00a0 \u00a0 \u00a0 \u00a0 \u00a0 \u00a0 \u00a0 \u00a0 \u00a0 \u00a0 Adresa \/ Adresse Grad Hvar, Vira Lokacija \/ Position Latitude: &hellip; <a href=\"https:\/\/www.topohvar.at\/topo\/orte\/hv\/hv-pu-20-1\/\">Weiterlesen <span class=\"meta-nav\">&rarr;<\/span><\/a><\/p>\n","protected":false},"author":1,"featured_media":0,"parent":80,"menu_order":0,"comment_status":"closed","ping_status":"closed","template":"","meta":{"footnotes":""},"class_list":["post-71251","page","type-page","status-publish","hentry"],"_links":{"self":[{"href":"https:\/\/www.topohvar.at\/topo\/wp-json\/wp\/v2\/pages\/71251","targetHints":{"allow":["GET"]}}],"collection":[{"href":"https:\/\/www.topohvar.at\/topo\/wp-json\/wp\/v2\/pages"}],"about":[{"href":"https:\/\/www.topohvar.at\/topo\/wp-json\/wp\/v2\/types\/page"}],"author":[{"embeddable":true,"href":"https:\/\/www.topohvar.at\/topo\/wp-json\/wp\/v2\/users\/1"}],"replies":[{"embeddable":true,"href":"https:\/\/www.topohvar.at\/topo\/wp-json\/wp\/v2\/comments?post=71251"}],"version-history":[{"count":6,"href":"https:\/\/www.topohvar.at\/topo\/wp-json\/wp\/v2\/pages\/71251\/revisions"}],"predecessor-version":[{"id":71318,"href":"https:\/\/www.topohvar.at\/topo\/wp-json\/wp\/v2\/pages\/71251\/revisions\/71318"}],"up":[{"embeddable":true,"href":"https:\/\/www.topohvar.at\/topo\/wp-json\/wp\/v2\/pages\/80"}],"wp:attachment":[{"href":"https:\/\/www.topohvar.at\/topo\/wp-json\/wp\/v2\/media?parent=71251"}],"curies":[{"name":"wp","href":"https:\/\/api.w.org\/{rel}","templated":true}]}}

<p><a name="seite_oben"></a><br />
<img loading="lazy" decoding="async" class="aligncenter wp-image-71256 size-full" src="https://www.topohvar.at/wp-content/uploads/2025/03/hv-pu-20-10.jpeg" alt="" width="1080" height="530" srcset="https://www.topohvar.at/wp-content/uploads/2025/03/hv-pu-20-10.jpeg 1080w, https://www.topohvar.at/wp-content/uploads/2025/03/hv-pu-20-10-300x147.jpeg 300w, https://www.topohvar.at/wp-content/uploads/2025/03/hv-pu-20-10-1024x503.jpeg 1024w, https://www.topohvar.at/wp-content/uploads/2025/03/hv-pu-20-10-768x377.jpeg 768w" sizes="auto, (max-width: 1080px) 100vw, 1080px" /></p>
<p><strong>Ime / Name<br />
</strong>Objekt »Luka Vira« / Hafen Vira</p>
<p><strong>Code: </strong>HV-PU-20                                    <a href="https://www.topohvar.at/hv-ob-01-1/"><img loading="lazy" decoding="async" class="alignnone wp-image-12300 size-full" src="https://www.topohvar.at/wp-content/uploads/2018/09/push-vor-30.jpg" alt="" width="61" height="30" /></a> <strong><a href="https://www.topohvar.at/orte/hv/hv-os-03-1/"><img loading="lazy" decoding="async" class="alignnone wp-image-533 size-full" src="https://www.topohvar.at/wp-content/uploads/2018/07/push-l-30.jpg" alt="" width="61" height="30" /></a> <a href="https://www.topohvar.at/orte/hv/"><img loading="lazy" decoding="async" class="alignnone wp-image-535 size-full" src="https://www.topohvar.at/wp-content/uploads/2018/07/push-o-30.jpg" alt="" width="61" height="30" /></a> <a href="https://www.topohvar.at/orte/hv/hv-pu-02-1/"><img loading="lazy" decoding="async" class="alignnone wp-image-536 size-full" src="https://www.topohvar.at/wp-content/uploads/2018/07/push-r-30.jpg" alt="" width="61" height="30" /></a> <a href="https://www.topohvar.at/hv-ov-02-1/"><img loading="lazy" decoding="async" class="alignnone wp-image-12299 size-full" src="https://www.topohvar.at/wp-content/uploads/2018/09/push-next-30.jpg" alt="" width="61" height="30" /></a></strong></p>
<hr />
<p><strong>Adresa / Adresse<br />
</strong>Grad Hvar, Vira</p>
<p><strong>Lokacija</strong><strong> / Position<a href="https://goo.gl/maps/XiEiggL7EARbr8Dw8"><img loading="lazy" decoding="async" class="alignright wp-image-41906" src="https://www.topohvar.at/wp-content/uploads/2020/10/2826.jpg" alt="" width="134" height="100" /></a><br />
</strong><a href="https://goo.gl/maps/XiEiggL7EARbr8Dw8"><span style="color: #3366ff;">Latitude: N 43,19036°   Longitude: E 16,42786° </span></a><strong><br />
</strong>Visina / Höhe: 0 m</p>
<p><strong>Katastarska </strong><strong>č</strong><strong>estica </strong><strong>/ Grundstücke<br />
</strong>&#8211;<div class='content-column one_half'><div style="padding-right:6px;"><p><strong>Datum snimanja / Erfassungsdatum<br />
</strong>25.07.2024 12:00:00</p>
<hr />
<p><strong>Informacije</strong></p>
<p>S ciljem rasterećenja i povećanja sigurnosti u hvarskom portu, poslije Splita najprometnijoj luci u našoj županiji, Lučka uprava Splitsko-dalmatinske županije u suradnji sa Splitsko-dalmatinskom županijom i Gradom Hvarom inicirala je i omogućila prebacivanje dijela katamaranskih linija od kraja svibnja u luku Vira, oko 4 kilometra sjeverozapadno od grada Hvara.</p></div></div><div class='content-column one_half last_column'><div style="padding-right:0px;padding-left:6px;"><p><strong>Stupanj zaštite</strong><strong> / Schutzstellung<br />
</strong>&#8211;</p>
<hr />
<p><strong>Info</strong></p>
<p>Mit dem Ziel, den Hafen von Hvar zu entlasten und die Sicherheit zu erhöhen – nach Split der verkehrsreichste Hafen in unserer Region –, hat die Hafenverwaltung der Gespanschaft Split-Dalmatien in Zusammenarbeit mit der Gespanschaft Split-Dalmatien und der Stadt Hvar die Verlegung eines Teils der Katamaranlinien ab Ende Mai in den Hafen Vira initiiert und ermöglicht, der etwa 4 Kilometer nordwestlich der Stadt Hvar liegt.</p></div></div><div class='clear_column'></div><div class='content-column one_half'><div style="padding-right:6px;"><p>Tako je nakon pripremnog uređenja lukobrana i proširenja pristaništa, od kraja svibnja javni pomorski promet u nekadašnju trajektnu luku vraćen nakon više od trideset godina.</p></div></div><div class='content-column one_half last_column'><div style="padding-right:0px;padding-left:6px;"><p>Nach den vorbereitenden Arbeiten zur Sanierung der Wellenbrecher und der Erweiterung des Anlegers wurde der öffentliche Schiffsverkehr Ende Mai nach über dreißig Jahren in den ehemaligen Fährhafen zurückgeführt.</p></div></div><div class='clear_column'></div><div class='content-column one_half'><div style="padding-right:6px;"><p>Sva tri brodara koja održavaju sezonske katamaranske linije na relaciji Split – Hvar dobila su obvezu jednu od svojih linija prebaciti u Viru u čemu im asistenciju pruža Nautički centar Hvar, uz organiziran autobusni prijevoz s autobusnog stajališta na Dolcu u Hvaru koji je uključen u cijenu karte.</p></div></div><div class='content-column one_half last_column'><div style="padding-right:0px;padding-left:6px;"><p>Alle drei Betreiber der saisonalen Katamaranlinien auf der Strecke Split – Hvar wurden verpflichtet, eine ihrer Linien nach Vira zu verlegen, wobei ihnen das Nautische Zentrum Hvar Unterstützung bietet. Zudem wird ein organisierter Busverkehr vom Busbahnhof Dolac in Hvar bereitgestellt, der im Ticketpreis inbegriffen ist.</p></div></div><div class='clear_column'></div><div class='content-column one_half'><div style="padding-right:6px;"><p>Iako je u prvim tjednima broj putnika koji biraju novu relaciju očekivano manji od onoga na direktnim linijama prema Hvaru, očekuje se da će uvođenje novih linija opravdati uloženo, tim više što se uređenjem lučke infrastrukture osigurala mogućnost korištenja luke za katamarane i van sezone.</p></div></div><div class='content-column one_half last_column'><div style="padding-right:0px;padding-left:6px;"><p>Obwohl in den ersten Wochen die Anzahl der Passagiere, die die neue Strecke wählen, erwartungsgemäß geringer ist als bei den direkten Verbindungen nach Hvar, wird erwartet, dass die Einführung der neuen Linien die Investitionen rechtfertigen wird. Insbesondere ermöglicht die erneuerte Hafeninfrastruktur die Nutzung des Hafens auch außerhalb der Saison.</p></div></div><div class='clear_column'></div><div class='content-column one_half'><div style="padding-right:6px;"><p>Naime, ponovnim otvaranjem luke Vira za javni promet, uz rasterećenje hvarske luke u sezoni, smanjit će se i broj prekida linija pomorskog prometa zbog lošeg vremena tijekom zimskih mjeseci, s obzirom da je hvarska luka izloženija vremenskim neprilikama od luke Vira.</p></div></div><div class='content-column one_half last_column'><div style="padding-right:0px;padding-left:6px;"><p>Mit der Wiedereröffnung des Hafens Vira für den öffentlichen Verkehr wird nicht nur der Hafen von Hvar während der Saison entlastet, sondern auch die Anzahl der Ausfälle von Schifffahrtslinien bei schlechtem Wetter während der Wintermonate reduziert, da der Hafen von Hvar witterungsanfälliger ist als der Hafen von Vira.</p></div></div><div class='clear_column'></div><div class='content-column one_half'><div style="padding-right:6px;"><p>Izvor: Objava grada Hvar &#8211; &#8222;Novosti 25.07.2024&#8220;<br />
Foto: Nautički centar Hvar</p></div></div><div class='content-column one_half last_column'><div style="padding-right:0px;padding-left:6px;"><p>Quelle: Veröffentlichung der Stadt Hvar &#8211; &#8222;Novosti 25.07.2024&#8220;<br />
Foto: Nautisches Zentrum Hvar</p></div></div><div class='clear_column'></div></p>
<p style="text-align: right;"><span style="color: #3366ff;"><a style="color: #3366ff;" href="#seite_oben">natrag na vrh / Seitenanfang</a></span></p>
<hr />
<p><strong>Linkovi / Links</strong></p>
<p><span style="color: #3366ff;"><a style="color: #3366ff;" href="https://www.topohvar.at/topo/orte/hv/hv-au-10-1/#hv-19">Uvala / Bucht Vela Vira</a><br />
<a style="color: #3366ff;" href="https://www.topohvar.at/orte/hv/hv-os-05-1/">Objekt »Svjetionik Luka Vira«</a><br />
</span></p>
