{"id":71326,"date":"2025-04-04T17:42:31","date_gmt":"2025-04-04T15:42:31","guid":{"rendered":"https:\/\/www.topohvar.at\/topo\/?page_id=71326"},"modified":"2025-05-30T12:49:20","modified_gmt":"2025-05-30T10:49:20","slug":"sg-tr-i0-1","status":"publish","type":"page","link":"https:\/\/www.topohvar.at\/topo\/orte\/sg\/sg-tr-i0-1\/","title":{"rendered":"STARI GRAD &#8211; Trim \u00bbSG-TR-I0\u00ab"},"content":{"rendered":"<p><a name=\"seite_oben\"><\/a><br \/>\n<img loading=\"lazy\" decoding=\"async\" class=\"alignnone wp-image-71791 size-full\" src=\"https:\/\/www.topohvar.at\/wp-content\/uploads\/2025\/05\/sg-tr-i0-01.jpg\" alt=\"\" width=\"1080\" height=\"530\" srcset=\"https:\/\/www.topohvar.at\/wp-content\/uploads\/2025\/05\/sg-tr-i0-01.jpg 1080w, https:\/\/www.topohvar.at\/wp-content\/uploads\/2025\/05\/sg-tr-i0-01-300x147.jpg 300w, https:\/\/www.topohvar.at\/wp-content\/uploads\/2025\/05\/sg-tr-i0-01-1024x503.jpg 1024w, https:\/\/www.topohvar.at\/wp-content\/uploads\/2025\/05\/sg-tr-i0-01-768x377.jpg 768w\" sizes=\"auto, (max-width: 1080px) 100vw, 1080px\" \/><\/p>\n<p><strong>Ime \/ Name<br \/>\n<\/strong>Trim \u00bbSG-TR-I0\u00ab<br \/>\n<strong>Code: <\/strong>SG-TR-I0\u00a0 \u00a0 \u00a0 \u00a0 \u00a0 \u00a0 \u00a0 \u00a0 \u00a0 \u00a0 \u00a0 \u00a0 \u00a0 \u00a0 \u00a0 \u00a0 \u00a0 \u00a0 \u00a0 \u00a0 <strong><a href=\"https:\/\/www.topohvar.at\/orte\/sg\/sg-tr-00-1\/\"><img loading=\"lazy\" decoding=\"async\" class=\"alignnone wp-image-12300 size-full\" src=\"https:\/\/www.topohvar.at\/wp-content\/uploads\/2018\/09\/push-vor-30.jpg\" alt=\"\" width=\"61\" height=\"30\" \/><\/a> <a href=\"https:\/\/www.topohvar.at\/orte\/sg\/sg-tr-27-1\/\"><img loading=\"lazy\" decoding=\"async\" class=\"alignnone wp-image-533 size-full\" src=\"https:\/\/www.topohvar.at\/wp-content\/uploads\/2018\/07\/push-l-30.jpg\" alt=\"\" width=\"61\" height=\"30\" \/><\/a> <a href=\"https:\/\/www.topohvar.at\/orte\/sg\/\"><img loading=\"lazy\" decoding=\"async\" class=\"alignnone wp-image-535 size-full\" src=\"https:\/\/www.topohvar.at\/wp-content\/uploads\/2018\/07\/push-o-30.jpg\" alt=\"\" width=\"61\" height=\"30\" \/><\/a> <a href=\"https:\/\/www.topohvar.at\/orte\/sg\/sg-tr-i1-1\/\"><img loading=\"lazy\" decoding=\"async\" class=\"alignnone wp-image-536 size-full\" src=\"https:\/\/www.topohvar.at\/wp-content\/uploads\/2018\/07\/push-r-30.jpg\" alt=\"\" width=\"61\" height=\"30\" \/><\/a><\/strong><\/p>\n<hr \/>\n<p><strong>Adresa \/ Adresse<br \/>\n<\/strong>Stari Grad, Vrbanjske Rudine<\/p>\n<p><strong>Lokacija \/ Position<a href=\"https:\/\/maps.app.goo.gl\/mANmYnaWH6i7qdZ37\"><img loading=\"lazy\" decoding=\"async\" class=\"alignright wp-image-71328\" src=\"https:\/\/www.topohvar.at\/wp-content\/uploads\/2025\/04\/4280.jpg\" alt=\"\" width=\"134\" height=\"100\" \/><\/a><br \/>\n<\/strong><a href=\"https:\/\/maps.app.goo.gl\/mANmYnaWH6i7qdZ37\"><span style=\"color: #3366ff;\">Latitude: N 43,19666\u00b0\u00a0 \u00a0Longitude: E 16,62283\u00b0 <\/span><\/a><strong><br \/>\n<\/strong>Visina \/ H\u00f6he: 45 m<\/p>\n<p><strong>Katastarska \u010destica \/ Grundst\u00fccke<br \/>\n<\/strong>5803<div class='content-column one_half'><div style=\"padding-right:6px;\"><p><strong>Datum snimanja \/ Erfassungsdatum<br \/>\n<\/strong>04.05.2025 16:00:00<\/p>\n<hr \/>\n<p><strong>Informacije<\/strong><\/p>\n<p>Trim se nalazi u grmlju na sjevernom rubu Starigradske ravnice. Na stra\u017enjoj strani kru\u017enog, pa\u017eljivo izvedenog trim-a nalaze se kameni zid i gomila kamenja. Vanjski zidovi jednostupanjskog trim-a izgra\u0111eni su prili\u010dno okomito. U kru\u017eni unutarnji prostor dolazi se preko jedne stepenice. Trim je dobro o\u010duvan, ali se vi\u0161e ne koristi.<\/p><\/div><\/div><div class='content-column one_half last_column'><div style=\"padding-right:0px;padding-left:6px;\"><p><strong>Stupanj za\u0161tite \/ Schutzstellung<br \/>\n<\/strong>&#8211;<\/p>\n<hr \/>\n<p><strong>Info<\/strong><\/p>\n<p>Der Trim befindet sich im Buschwerk an n\u00f6rdlichen Rand der Starigrader Ebene. An den kreisf\u00f6rmigen, sorgf\u00e4ltig ausgef\u00fchrten Trim grenzt an seiner R\u00fcckseite eine Steinmauer und ein Steinhaufen an. Die Au\u00dfenw\u00e4nde des einstufigen Trims\u00a0 wurden ziemlich lotrecht errichtet. In den kreisrunden Innenraum gelangt man \u00fcber eine Stufe. Der Trim ist gut erhalten, wird aber nicht mehr genutzt.<\/p><\/div><\/div><div class='clear_column'><\/div><div class='content-column one_half'><div style=\"padding-right:6px;\"><div id=\"attachment_72524\" style=\"width: 310px\" class=\"wp-caption aligncenter\"><img loading=\"lazy\" decoding=\"async\" aria-describedby=\"caption-attachment-72524\" class=\"wp-image-72524 size-full\" src=\"https:\/\/www.topohvar.at\/wp-content\/uploads\/2025\/05\/sg-tr-i0-21.jpg\" alt=\"\" width=\"300\" height=\"300\" srcset=\"https:\/\/www.topohvar.at\/wp-content\/uploads\/2025\/05\/sg-tr-i0-21.jpg 300w, https:\/\/www.topohvar.at\/wp-content\/uploads\/2025\/05\/sg-tr-i0-21-150x150.jpg 150w\" sizes=\"auto, (max-width: 300px) 100vw, 300px\" \/><p id=\"caption-attachment-72524\" class=\"wp-caption-text\">Ulaz \/ Eingang<\/p><\/div>\n<p>Dana 04.05.2025 trim SG-TR-I0 je posje\u0107en i ustanovljeno je sljede\u0107e:<\/p>\n<p>Lokacija: grmlje<br \/>\nPodloga: nako\u0161ena<br \/>\nPovezan s: nesre\u0111nom kamenom gomilom<br \/>\nUpotreba: ne koristi se<br \/>\nStanje: dobro sa\u010duvan<br \/>\nBroj stepenica trima: 1<br \/>\nDodatni kameni prsten: nema prstena<br \/>\nStepeni\u0161te: nema<br \/>\nOblik kamena: uglast<br \/>\nPodru\u010dje ispred ulaza: lako dostupno<br \/>\nOrijentacija ulaza: JZ (240\u00b0)<br \/>\nPromjer trima (cm): 330<br \/>\nVisina trima (cm): 220<br \/>\nVisina stepenica (cm): stepenica 1: 175<br \/>\nDebljina zida (cm): 70<br \/>\n\u0160irina vrata (cm): 65<br \/>\nVisina vrata (cm): 115<br \/>\n\u0160irina unutra (cm): 190<br \/>\nVisina unutra (cm): 200<br \/>\nVolumen iznutra (m3): 3,91<br \/>\nNema ni\u0161e<\/p><\/div><\/div><div class='content-column one_half last_column'><div style=\"padding-right:0px;padding-left:6px;\"><div id=\"attachment_72525\" style=\"width: 310px\" class=\"wp-caption aligncenter\"><img loading=\"lazy\" decoding=\"async\" aria-describedby=\"caption-attachment-72525\" class=\"wp-image-72525 size-full\" src=\"https:\/\/www.topohvar.at\/wp-content\/uploads\/2025\/05\/sg-tr-i0-22.jpg\" alt=\"\" width=\"300\" height=\"300\" srcset=\"https:\/\/www.topohvar.at\/wp-content\/uploads\/2025\/05\/sg-tr-i0-22.jpg 300w, https:\/\/www.topohvar.at\/wp-content\/uploads\/2025\/05\/sg-tr-i0-22-150x150.jpg 150w\" sizes=\"auto, (max-width: 300px) 100vw, 300px\" \/><p id=\"caption-attachment-72525\" class=\"wp-caption-text\">Stra\u017enji dio trima \/ Trimr\u00fcckseite<\/p><\/div>\n<p>Am 04.05.2025 wurde der Trim SG-TR-I0 besucht und n\u00e4her untersucht:<\/p>\n<p>Standort: Buschwerk<br \/>\nUntergrund: geneigt<br \/>\nVerbunden mit: Steinhaufen ungeordnet<br \/>\nNutzung: ungenutzt<br \/>\nZustand: gut erhalten<br \/>\nAnzahl der Trimstufen: 1<br \/>\nZus\u00e4tzlicher Steinring: kein Steinring<br \/>\nStiege: keine<br \/>\nSteinform: kantig<br \/>\nEingangsbereich: frei<br \/>\nEingangsseite: SW (240\u00b0)<br \/>\nTrimdurchmesser (cm): 330<br \/>\nTrimh\u00f6he (cm): 220<br \/>\nH\u00f6he der Trimstufen (cm): Stufe 1: 175<br \/>\nWandst\u00e4rke (cm): 70<br \/>\nT\u00fcrbreite (cm): 65<br \/>\nT\u00fcrh\u00f6he (cm): 115<br \/>\nInnenraumbreite (cm): 190<br \/>\nInnenraumh\u00f6he (cm): 200<br \/>\nRaumvolumen (m3): 3,91<br \/>\nKeine Nische<\/p><\/div><\/div><div class='clear_column'><\/div><\/p>\n<p><img loading=\"lazy\" decoding=\"async\" class=\"aligncenter size-full wp-image-72522\" src=\"https:\/\/www.topohvar.at\/wp-content\/uploads\/2025\/05\/sg-tr-i0-sca.jpg\" alt=\"\" width=\"640\" height=\"855\" srcset=\"https:\/\/www.topohvar.at\/wp-content\/uploads\/2025\/05\/sg-tr-i0-sca.jpg 640w, https:\/\/www.topohvar.at\/wp-content\/uploads\/2025\/05\/sg-tr-i0-sca-225x300.jpg 225w\" sizes=\"auto, (max-width: 640px) 100vw, 640px\" \/><\/p>\n<p style=\"text-align: right;\"><a href=\"#seite_oben\">natrag na vrh \/ Seitenanfang<\/a><\/p>\n<hr \/>\n<p><strong>Linkovi \/ Links<\/strong><\/p>\n<p>&#8211;<\/p>\n","protected":false},"excerpt":{"rendered":"<p>Ime \/ Name Trim \u00bbSG-TR-I0\u00ab Code: SG-TR-I0\u00a0 \u00a0 \u00a0 \u00a0 \u00a0 \u00a0 \u00a0 \u00a0 \u00a0 \u00a0 \u00a0 \u00a0 \u00a0 \u00a0 \u00a0 \u00a0 \u00a0 \u00a0 \u00a0 \u00a0 Adresa \/ Adresse Stari Grad, Vrbanjske Rudine Lokacija \/ Position Latitude: N 43,19666\u00b0\u00a0 \u00a0Longitude: &hellip; <a href=\"https:\/\/www.topohvar.at\/topo\/orte\/sg\/sg-tr-i0-1\/\">Weiterlesen <span class=\"meta-nav\">&rarr;<\/span><\/a><\/p>\n","protected":false},"author":1,"featured_media":0,"parent":99,"menu_order":0,"comment_status":"closed","ping_status":"closed","template":"","meta":{"footnotes":""},"class_list":["post-71326","page","type-page","status-publish","hentry"],"_links":{"self":[{"href":"https:\/\/www.topohvar.at\/topo\/wp-json\/wp\/v2\/pages\/71326","targetHints":{"allow":["GET"]}}],"collection":[{"href":"https:\/\/www.topohvar.at\/topo\/wp-json\/wp\/v2\/pages"}],"about":[{"href":"https:\/\/www.topohvar.at\/topo\/wp-json\/wp\/v2\/types\/page"}],"author":[{"embeddable":true,"href":"https:\/\/www.topohvar.at\/topo\/wp-json\/wp\/v2\/users\/1"}],"replies":[{"embeddable":true,"href":"https:\/\/www.topohvar.at\/topo\/wp-json\/wp\/v2\/comments?post=71326"}],"version-history":[{"count":11,"href":"https:\/\/www.topohvar.at\/topo\/wp-json\/wp\/v2\/pages\/71326\/revisions"}],"predecessor-version":[{"id":72529,"href":"https:\/\/www.topohvar.at\/topo\/wp-json\/wp\/v2\/pages\/71326\/revisions\/72529"}],"up":[{"embeddable":true,"href":"https:\/\/www.topohvar.at\/topo\/wp-json\/wp\/v2\/pages\/99"}],"wp:attachment":[{"href":"https:\/\/www.topohvar.at\/topo\/wp-json\/wp\/v2\/media?parent=71326"}],"curies":[{"name":"wp","href":"https:\/\/api.w.org\/{rel}","templated":true}]}}

<p><a name="seite_oben"></a><br />
<img loading="lazy" decoding="async" class="alignnone wp-image-71791 size-full" src="https://www.topohvar.at/wp-content/uploads/2025/05/sg-tr-i0-01.jpg" alt="" width="1080" height="530" srcset="https://www.topohvar.at/wp-content/uploads/2025/05/sg-tr-i0-01.jpg 1080w, https://www.topohvar.at/wp-content/uploads/2025/05/sg-tr-i0-01-300x147.jpg 300w, https://www.topohvar.at/wp-content/uploads/2025/05/sg-tr-i0-01-1024x503.jpg 1024w, https://www.topohvar.at/wp-content/uploads/2025/05/sg-tr-i0-01-768x377.jpg 768w" sizes="auto, (max-width: 1080px) 100vw, 1080px" /></p>
<p><strong>Ime / Name<br />
</strong>Trim »SG-TR-I0«<br />
<strong>Code: </strong>SG-TR-I0                                        <strong><a href="https://www.topohvar.at/orte/sg/sg-tr-00-1/"><img loading="lazy" decoding="async" class="alignnone wp-image-12300 size-full" src="https://www.topohvar.at/wp-content/uploads/2018/09/push-vor-30.jpg" alt="" width="61" height="30" /></a> <a href="https://www.topohvar.at/orte/sg/sg-tr-27-1/"><img loading="lazy" decoding="async" class="alignnone wp-image-533 size-full" src="https://www.topohvar.at/wp-content/uploads/2018/07/push-l-30.jpg" alt="" width="61" height="30" /></a> <a href="https://www.topohvar.at/orte/sg/"><img loading="lazy" decoding="async" class="alignnone wp-image-535 size-full" src="https://www.topohvar.at/wp-content/uploads/2018/07/push-o-30.jpg" alt="" width="61" height="30" /></a> <a href="https://www.topohvar.at/orte/sg/sg-tr-i1-1/"><img loading="lazy" decoding="async" class="alignnone wp-image-536 size-full" src="https://www.topohvar.at/wp-content/uploads/2018/07/push-r-30.jpg" alt="" width="61" height="30" /></a></strong></p>
<hr />
<p><strong>Adresa / Adresse<br />
</strong>Stari Grad, Vrbanjske Rudine</p>
<p><strong>Lokacija / Position<a href="https://maps.app.goo.gl/mANmYnaWH6i7qdZ37"><img loading="lazy" decoding="async" class="alignright wp-image-71328" src="https://www.topohvar.at/wp-content/uploads/2025/04/4280.jpg" alt="" width="134" height="100" /></a><br />
</strong><a href="https://maps.app.goo.gl/mANmYnaWH6i7qdZ37"><span style="color: #3366ff;">Latitude: N 43,19666°   Longitude: E 16,62283° </span></a><strong><br />
</strong>Visina / Höhe: 45 m</p>
<p><strong>Katastarska čestica / Grundstücke<br />
</strong>5803<div class='content-column one_half'><div style="padding-right:6px;"><p><strong>Datum snimanja / Erfassungsdatum<br />
</strong>04.05.2025 16:00:00</p>
<hr />
<p><strong>Informacije</strong></p>
<p>Trim se nalazi u grmlju na sjevernom rubu Starigradske ravnice. Na stražnjoj strani kružnog, pažljivo izvedenog trim-a nalaze se kameni zid i gomila kamenja. Vanjski zidovi jednostupanjskog trim-a izgrađeni su prilično okomito. U kružni unutarnji prostor dolazi se preko jedne stepenice. Trim je dobro očuvan, ali se više ne koristi.</p></div></div><div class='content-column one_half last_column'><div style="padding-right:0px;padding-left:6px;"><p><strong>Stupanj zaštite / Schutzstellung<br />
</strong>&#8211;</p>
<hr />
<p><strong>Info</strong></p>
<p>Der Trim befindet sich im Buschwerk an nördlichen Rand der Starigrader Ebene. An den kreisförmigen, sorgfältig ausgeführten Trim grenzt an seiner Rückseite eine Steinmauer und ein Steinhaufen an. Die Außenwände des einstufigen Trims  wurden ziemlich lotrecht errichtet. In den kreisrunden Innenraum gelangt man über eine Stufe. Der Trim ist gut erhalten, wird aber nicht mehr genutzt.</p></div></div><div class='clear_column'></div><div class='content-column one_half'><div style="padding-right:6px;"><div id="attachment_72524" style="width: 310px" class="wp-caption aligncenter"><img loading="lazy" decoding="async" aria-describedby="caption-attachment-72524" class="wp-image-72524 size-full" src="https://www.topohvar.at/wp-content/uploads/2025/05/sg-tr-i0-21.jpg" alt="" width="300" height="300" srcset="https://www.topohvar.at/wp-content/uploads/2025/05/sg-tr-i0-21.jpg 300w, https://www.topohvar.at/wp-content/uploads/2025/05/sg-tr-i0-21-150x150.jpg 150w" sizes="auto, (max-width: 300px) 100vw, 300px" /><p id="caption-attachment-72524" class="wp-caption-text">Ulaz / Eingang</p></div>
<p>Dana 04.05.2025 trim SG-TR-I0 je posjećen i ustanovljeno je sljedeće:</p>
<p>Lokacija: grmlje<br />
Podloga: nakošena<br />
Povezan s: nesređnom kamenom gomilom<br />
Upotreba: ne koristi se<br />
Stanje: dobro sačuvan<br />
Broj stepenica trima: 1<br />
Dodatni kameni prsten: nema prstena<br />
Stepenište: nema<br />
Oblik kamena: uglast<br />
Područje ispred ulaza: lako dostupno<br />
Orijentacija ulaza: JZ (240°)<br />
Promjer trima (cm): 330<br />
Visina trima (cm): 220<br />
Visina stepenica (cm): stepenica 1: 175<br />
Debljina zida (cm): 70<br />
Širina vrata (cm): 65<br />
Visina vrata (cm): 115<br />
Širina unutra (cm): 190<br />
Visina unutra (cm): 200<br />
Volumen iznutra (m3): 3,91<br />
Nema niše</p></div></div><div class='content-column one_half last_column'><div style="padding-right:0px;padding-left:6px;"><div id="attachment_72525" style="width: 310px" class="wp-caption aligncenter"><img loading="lazy" decoding="async" aria-describedby="caption-attachment-72525" class="wp-image-72525 size-full" src="https://www.topohvar.at/wp-content/uploads/2025/05/sg-tr-i0-22.jpg" alt="" width="300" height="300" srcset="https://www.topohvar.at/wp-content/uploads/2025/05/sg-tr-i0-22.jpg 300w, https://www.topohvar.at/wp-content/uploads/2025/05/sg-tr-i0-22-150x150.jpg 150w" sizes="auto, (max-width: 300px) 100vw, 300px" /><p id="caption-attachment-72525" class="wp-caption-text">Stražnji dio trima / Trimrückseite</p></div>
<p>Am 04.05.2025 wurde der Trim SG-TR-I0 besucht und näher untersucht:</p>
<p>Standort: Buschwerk<br />
Untergrund: geneigt<br />
Verbunden mit: Steinhaufen ungeordnet<br />
Nutzung: ungenutzt<br />
Zustand: gut erhalten<br />
Anzahl der Trimstufen: 1<br />
Zusätzlicher Steinring: kein Steinring<br />
Stiege: keine<br />
Steinform: kantig<br />
Eingangsbereich: frei<br />
Eingangsseite: SW (240°)<br />
Trimdurchmesser (cm): 330<br />
Trimhöhe (cm): 220<br />
Höhe der Trimstufen (cm): Stufe 1: 175<br />
Wandstärke (cm): 70<br />
Türbreite (cm): 65<br />
Türhöhe (cm): 115<br />
Innenraumbreite (cm): 190<br />
Innenraumhöhe (cm): 200<br />
Raumvolumen (m3): 3,91<br />
Keine Nische</p></div></div><div class='clear_column'></div></p>
<p><img loading="lazy" decoding="async" class="aligncenter size-full wp-image-72522" src="https://www.topohvar.at/wp-content/uploads/2025/05/sg-tr-i0-sca.jpg" alt="" width="640" height="855" srcset="https://www.topohvar.at/wp-content/uploads/2025/05/sg-tr-i0-sca.jpg 640w, https://www.topohvar.at/wp-content/uploads/2025/05/sg-tr-i0-sca-225x300.jpg 225w" sizes="auto, (max-width: 640px) 100vw, 640px" /></p>
<p style="text-align: right;"><a href="#seite_oben">natrag na vrh / Seitenanfang</a></p>
<hr />
<p><strong>Linkovi / Links</strong></p>
<p>&#8211;</p>
