{"id":71812,"date":"2025-05-16T16:17:40","date_gmt":"2025-05-16T14:17:40","guid":{"rendered":"https:\/\/www.topohvar.at\/topo\/?page_id=71812"},"modified":"2025-06-01T18:44:44","modified_gmt":"2025-06-01T16:44:44","slug":"vj-tr-29-1","status":"publish","type":"page","link":"https:\/\/www.topohvar.at\/topo\/orte\/vj\/vj-tr-29-1\/","title":{"rendered":"VRBANJ &#8211; Trim \u00bbVJ-TR-29\u00ab"},"content":{"rendered":"<p><a name=\"seite_oben\"><\/a><br \/>\n<strong><img loading=\"lazy\" decoding=\"async\" class=\"alignnone wp-image-71813 size-full\" src=\"https:\/\/www.topohvar.at\/wp-content\/uploads\/2025\/05\/vj-tr-29-01.jpg\" alt=\"\" width=\"1080\" height=\"530\" srcset=\"https:\/\/www.topohvar.at\/wp-content\/uploads\/2025\/05\/vj-tr-29-01.jpg 1080w, https:\/\/www.topohvar.at\/wp-content\/uploads\/2025\/05\/vj-tr-29-01-300x147.jpg 300w, https:\/\/www.topohvar.at\/wp-content\/uploads\/2025\/05\/vj-tr-29-01-1024x503.jpg 1024w, https:\/\/www.topohvar.at\/wp-content\/uploads\/2025\/05\/vj-tr-29-01-768x377.jpg 768w\" sizes=\"auto, (max-width: 1080px) 100vw, 1080px\" \/><\/strong><\/p>\n<p><strong>Ime \/ Name<br \/>\n<\/strong>Trim \u00bbVJ-TR-29\u00ab<\/p>\n<p><strong>Code: <\/strong>VJ-TR-29\u00a0 \u00a0 \u00a0 \u00a0 \u00a0 \u00a0 \u00a0 \u00a0<strong>\u00a0 \u00a0 \u00a0 \u00a0 \u00a0 \u00a0 \u00a0 \u00a0 \u00a0 <a href=\"https:\/\/www.topohvar.at\/orte\/vj\/vj-tr-00-1\/\"><img loading=\"lazy\" decoding=\"async\" class=\"alignnone wp-image-12300 size-full\" src=\"https:\/\/www.topohvar.at\/wp-content\/uploads\/2018\/09\/push-vor-30.jpg\" alt=\"\" width=\"61\" height=\"30\" \/><\/a> <a href=\"https:\/\/www.topohvar.at\/orte\/vj\/vj-tr-39-1\/\"><img loading=\"lazy\" decoding=\"async\" class=\"alignnone wp-image-533 size-full\" src=\"https:\/\/www.topohvar.at\/wp-content\/uploads\/2018\/07\/push-l-30.jpg\" alt=\"\" width=\"61\" height=\"30\" \/><\/a>\u00a0<a href=\"https:\/\/www.topohvar.at\/orte\/vj\/\"><img loading=\"lazy\" decoding=\"async\" class=\"alignnone wp-image-535 size-full\" src=\"https:\/\/www.topohvar.at\/wp-content\/uploads\/2018\/07\/push-o-30.jpg\" alt=\"\" width=\"61\" height=\"30\" \/><\/a>\u00a0<a href=\"https:\/\/www.topohvar.at\/orte\/vj\/vj-tr-21-1\/\"><img loading=\"lazy\" decoding=\"async\" class=\"alignnone wp-image-536 size-full\" src=\"https:\/\/www.topohvar.at\/wp-content\/uploads\/2018\/07\/push-r-30.jpg\" alt=\"\" width=\"61\" height=\"30\" \/><\/a><\/strong><\/p>\n<hr \/>\n<p><strong>Adresa \/ Adresse<br \/>\n<\/strong>Vrbanj, Maslinovik<\/p>\n<p><strong>Lokalna polo\u017eaj \/ Position<a href=\"https:\/\/maps.app.goo.gl\/HvhqRG1pNBTizbrN6\"><img loading=\"lazy\" decoding=\"async\" class=\"alignright wp-image-71807\" src=\"https:\/\/www.topohvar.at\/wp-content\/uploads\/2025\/05\/4321.jpg\" alt=\"\" width=\"134\" height=\"100\" \/><\/a><br \/>\n<\/strong><span style=\"color: #3366ff;\"><a href=\"https:\/\/maps.app.goo.gl\/HvhqRG1pNBTizbrN6\">Latitude: N 43,19088\u00b0\u00a0 \u00a0 Longitude: E 16,64433\u00b0<\/a>\u00a0<\/span><strong><br \/>\n<\/strong>Visina \/ H\u00f6he: 30 m<\/p>\n<p><strong>Zemlji\u0161te \/ Grundst\u00fccke<br \/>\n<\/strong>77\/1<div class='content-column one_half'><div style=\"padding-right:6px;\"><p><strong>Datum snimanja \/ Erfassungsdatum<br \/>\n<\/strong>06.05.2025 11:25:00<\/p>\n<hr \/>\n<p><strong>Informacije<\/strong><\/p>\n<p>Je li ovaj objekt doista trim, nije sigurno. U svakom slu\u010daju \u2013 pretpostavljam \u2013 zapo\u010det je kao trim, ali dovr\u0161enje vi\u0161e nije bilo namijenjeno, odnosno, trebao je imati druga\u010diju funkciju. Na to upu\u0107uje izvedba bo\u010dnih zidova, koji s pove\u0107anjem visine ne pokazuju slojevitost prema unutra<\/p><\/div><\/div><div class='content-column one_half last_column'><div style=\"padding-right:0px;padding-left:6px;\"><p><strong>Za\u0161titni polo\u017eaj \/ Schutzstellung<br \/>\n<\/strong>&#8211;<\/p>\n<hr \/>\n<p><strong>Info<\/strong><\/p>\n<p>Ob dieses Objekt tats\u00e4chlich ein Trim ist, ist ungewiss. Jedenfalls &#8211; so vermute ich &#8211; wurde er als Trim begonnen, seine Fertigstellung war aber nicht mehr beabsichtigt, bzw. sollte er eine andere Funktion bekommen. Darauf hin deutet die Ausf\u00fchrung der Seitenw\u00e4nde, die mit zunehmender H\u00f6he keine Schichtung nach Innen aufweisen.<\/p><\/div><\/div><div class='clear_column'><\/div><div class='content-column one_half'><div style=\"padding-right:6px;\"><p>U blizini se nalaze dvije gustirne i trim VJ-TR-39.<\/p><\/div><\/div><div class='content-column one_half last_column'><div style=\"padding-right:0px;padding-left:6px;\"><p>In der N\u00e4he befinden sich zwei Zisternen und der Trim VJ-TR-39.<\/p><\/div><\/div><div class='clear_column'><\/div><div class='content-column one_half'><div style=\"padding-right:6px;\"><div id=\"attachment_72560\" style=\"width: 310px\" class=\"wp-caption aligncenter\"><img loading=\"lazy\" decoding=\"async\" aria-describedby=\"caption-attachment-72560\" class=\"wp-image-72560 size-full\" src=\"https:\/\/www.topohvar.at\/wp-content\/uploads\/2025\/06\/vj-tr-29-10.jpg\" alt=\"\" width=\"300\" height=\"300\" srcset=\"https:\/\/www.topohvar.at\/wp-content\/uploads\/2025\/06\/vj-tr-29-10.jpg 300w, https:\/\/www.topohvar.at\/wp-content\/uploads\/2025\/06\/vj-tr-29-10-150x150.jpg 150w\" sizes=\"auto, (max-width: 300px) 100vw, 300px\" \/><p id=\"caption-attachment-72560\" class=\"wp-caption-text\">Ulaz \/ Eingang<\/p><\/div>\n<p>Dana 06.05.2025 trim VJ-TR-29 je posje\u0107en i ustanovljeno je sljede\u0107e:<\/p>\n<p>Lokacija: grmlje<br \/>\nPodloga: nako\u0161ena<br \/>\nPovezan s: ure\u0111enom kamenom gomilom<br \/>\nUpotreba: ne koristi se<br \/>\nStanje: nije dovr\u0161eno<br \/>\nBroj stepenica trima: ?<br \/>\nDodatni kameni prsten: nema prstena<br \/>\nStepeni\u0161te: nema<br \/>\nOblik kamena: uglast<br \/>\nPodru\u010dje ispred ulaza: lako dostupno<br \/>\nOrijentacija ulaza: Z (270\u00b0)<br \/>\nPromjer trima (cm): 350<br \/>\nVisina trima (cm): ?<br \/>\nVisina stepenica (cm): stepenica 1: ?<br \/>\nDebljina zida (cm): 60<br \/>\n\u0160irina vrata (cm): 70<br \/>\nVisina vrata (cm): 85<br \/>\n\u0160irina unutra (cm): 130 &#8211; 230<br \/>\nVisina unutra (cm): ?<br \/>\nVolumen iznutra (m3): ?<br \/>\nNema ni\u0161e<\/p><\/div><\/div><div class='content-column one_half last_column'><div style=\"padding-right:0px;padding-left:6px;\"><div id=\"attachment_72561\" style=\"width: 310px\" class=\"wp-caption aligncenter\"><img loading=\"lazy\" decoding=\"async\" aria-describedby=\"caption-attachment-72561\" class=\"wp-image-72561 size-full\" src=\"https:\/\/www.topohvar.at\/wp-content\/uploads\/2025\/06\/vj-tr-29-11.jpg\" alt=\"\" width=\"300\" height=\"300\" srcset=\"https:\/\/www.topohvar.at\/wp-content\/uploads\/2025\/06\/vj-tr-29-11.jpg 300w, https:\/\/www.topohvar.at\/wp-content\/uploads\/2025\/06\/vj-tr-29-11-150x150.jpg 150w\" sizes=\"auto, (max-width: 300px) 100vw, 300px\" \/><p id=\"caption-attachment-72561\" class=\"wp-caption-text\">Unutra\u0161njost \/ Innenraum<\/p><\/div>\n<p>Am 06.05.2025 wurde der Trim VJ-TR-29 besucht und n\u00e4her untersucht:<\/p>\n<p>Standort: Buschwerk<br \/>\nUntergrund: geneigt<br \/>\nVerbunden mit: Steinhaufen geordnet<br \/>\nNutzung: ungenutzt<br \/>\nZustand: nicht fertiggestellt<br \/>\nAnzahl der Trimstufen: ?<br \/>\nZus\u00e4tzlicher Steinring: kein Steinring<br \/>\nStiege: keine<br \/>\nSteinform: kantig<br \/>\nEingangsbereich: frei<br \/>\nEingangsseite: W (270\u00b0)<br \/>\nTrimdurchmesser (cm): 350<br \/>\nTrimh\u00f6he (cm): ?<br \/>\nH\u00f6he der Trimstufen (cm): Stufe 1: ?<br \/>\nWandst\u00e4rke (cm): 60<br \/>\nT\u00fcrbreite (cm): 70<br \/>\nT\u00fcrh\u00f6he (cm): 85<br \/>\nInnenraumbreite (cm): 130 &#8211; 230<br \/>\nInnenraumh\u00f6he (cm): ?<br \/>\nRaumvolumen (m3): ?<br \/>\nKeine Nische<\/p><\/div><\/div><div class='clear_column'><\/div><\/p>\n<p><img loading=\"lazy\" decoding=\"async\" class=\"aligncenter size-full wp-image-72559\" src=\"https:\/\/www.topohvar.at\/wp-content\/uploads\/2025\/06\/vj-tr-29-scan.jpg\" alt=\"\" width=\"640\" height=\"833\" srcset=\"https:\/\/www.topohvar.at\/wp-content\/uploads\/2025\/06\/vj-tr-29-scan.jpg 640w, https:\/\/www.topohvar.at\/wp-content\/uploads\/2025\/06\/vj-tr-29-scan-230x300.jpg 230w\" sizes=\"auto, (max-width: 640px) 100vw, 640px\" \/><\/p>\n<p style=\"text-align: right;\"><span style=\"color: #3366ff;\"><a style=\"color: #3366ff;\" href=\"#seite_oben\">natrag na vrh \/ Seitenanfang<\/a><\/span><\/p>\n<hr \/>\n<p><strong>Linkovi \/ Links<\/strong><\/p>\n<p><span style=\"color: #3366ff;\"><a style=\"color: #3366ff;\" href=\"https:\/\/www.topohvar.at\/topo\/orte\/vj\/vj-op-00-0\/#op-c0\">Gustirna \/ Zisterne VJ-OP-C0<\/a><\/span><br \/>\n<span style=\"color: #3366ff;\"><a style=\"color: #3366ff;\" href=\"https:\/\/www.topohvar.at\/topo\/orte\/vj\/vj-op-00-0\/#op-c1\">Gustirna \/ Zisterne VJ-OP-C1<\/a><br \/>\n<a style=\"color: #3366ff;\" href=\"https:\/\/www.topohvar.at\/topo\/orte\/vj\/vj-tr-39-1\">Trim VJ-TR-39<\/a><br \/>\n<\/span><\/p>\n","protected":false},"excerpt":{"rendered":"<p>Ime \/ Name Trim \u00bbVJ-TR-29\u00ab Code: VJ-TR-29\u00a0 \u00a0 \u00a0 \u00a0 \u00a0 \u00a0 \u00a0 \u00a0\u00a0 \u00a0 \u00a0 \u00a0 \u00a0 \u00a0 \u00a0 \u00a0 \u00a0 \u00a0\u00a0 Adresa \/ Adresse Vrbanj, Maslinovik Lokalna polo\u017eaj \/ Position Latitude: N 43,19088\u00b0\u00a0 \u00a0 Longitude: E 16,64433\u00b0\u00a0 Visina &hellip; <a href=\"https:\/\/www.topohvar.at\/topo\/orte\/vj\/vj-tr-29-1\/\">Weiterlesen <span class=\"meta-nav\">&rarr;<\/span><\/a><\/p>\n","protected":false},"author":1,"featured_media":0,"parent":111,"menu_order":0,"comment_status":"closed","ping_status":"closed","template":"","meta":{"footnotes":""},"class_list":["post-71812","page","type-page","status-publish","hentry"],"_links":{"self":[{"href":"https:\/\/www.topohvar.at\/topo\/wp-json\/wp\/v2\/pages\/71812","targetHints":{"allow":["GET"]}}],"collection":[{"href":"https:\/\/www.topohvar.at\/topo\/wp-json\/wp\/v2\/pages"}],"about":[{"href":"https:\/\/www.topohvar.at\/topo\/wp-json\/wp\/v2\/types\/page"}],"author":[{"embeddable":true,"href":"https:\/\/www.topohvar.at\/topo\/wp-json\/wp\/v2\/users\/1"}],"replies":[{"embeddable":true,"href":"https:\/\/www.topohvar.at\/topo\/wp-json\/wp\/v2\/comments?post=71812"}],"version-history":[{"count":9,"href":"https:\/\/www.topohvar.at\/topo\/wp-json\/wp\/v2\/pages\/71812\/revisions"}],"predecessor-version":[{"id":72565,"href":"https:\/\/www.topohvar.at\/topo\/wp-json\/wp\/v2\/pages\/71812\/revisions\/72565"}],"up":[{"embeddable":true,"href":"https:\/\/www.topohvar.at\/topo\/wp-json\/wp\/v2\/pages\/111"}],"wp:attachment":[{"href":"https:\/\/www.topohvar.at\/topo\/wp-json\/wp\/v2\/media?parent=71812"}],"curies":[{"name":"wp","href":"https:\/\/api.w.org\/{rel}","templated":true}]}}

<p><a name="seite_oben"></a><br />
<strong><img loading="lazy" decoding="async" class="alignnone wp-image-71813 size-full" src="https://www.topohvar.at/wp-content/uploads/2025/05/vj-tr-29-01.jpg" alt="" width="1080" height="530" srcset="https://www.topohvar.at/wp-content/uploads/2025/05/vj-tr-29-01.jpg 1080w, https://www.topohvar.at/wp-content/uploads/2025/05/vj-tr-29-01-300x147.jpg 300w, https://www.topohvar.at/wp-content/uploads/2025/05/vj-tr-29-01-1024x503.jpg 1024w, https://www.topohvar.at/wp-content/uploads/2025/05/vj-tr-29-01-768x377.jpg 768w" sizes="auto, (max-width: 1080px) 100vw, 1080px" /></strong></p>
<p><strong>Ime / Name<br />
</strong>Trim »VJ-TR-29«</p>
<p><strong>Code: </strong>VJ-TR-29               <strong>                  <a href="https://www.topohvar.at/orte/vj/vj-tr-00-1/"><img loading="lazy" decoding="async" class="alignnone wp-image-12300 size-full" src="https://www.topohvar.at/wp-content/uploads/2018/09/push-vor-30.jpg" alt="" width="61" height="30" /></a> <a href="https://www.topohvar.at/orte/vj/vj-tr-39-1/"><img loading="lazy" decoding="async" class="alignnone wp-image-533 size-full" src="https://www.topohvar.at/wp-content/uploads/2018/07/push-l-30.jpg" alt="" width="61" height="30" /></a> <a href="https://www.topohvar.at/orte/vj/"><img loading="lazy" decoding="async" class="alignnone wp-image-535 size-full" src="https://www.topohvar.at/wp-content/uploads/2018/07/push-o-30.jpg" alt="" width="61" height="30" /></a> <a href="https://www.topohvar.at/orte/vj/vj-tr-21-1/"><img loading="lazy" decoding="async" class="alignnone wp-image-536 size-full" src="https://www.topohvar.at/wp-content/uploads/2018/07/push-r-30.jpg" alt="" width="61" height="30" /></a></strong></p>
<hr />
<p><strong>Adresa / Adresse<br />
</strong>Vrbanj, Maslinovik</p>
<p><strong>Lokalna položaj / Position<a href="https://maps.app.goo.gl/HvhqRG1pNBTizbrN6"><img loading="lazy" decoding="async" class="alignright wp-image-71807" src="https://www.topohvar.at/wp-content/uploads/2025/05/4321.jpg" alt="" width="134" height="100" /></a><br />
</strong><span style="color: #3366ff;"><a href="https://maps.app.goo.gl/HvhqRG1pNBTizbrN6">Latitude: N 43,19088°    Longitude: E 16,64433°</a> </span><strong><br />
</strong>Visina / Höhe: 30 m</p>
<p><strong>Zemljište / Grundstücke<br />
</strong>77/1<div class='content-column one_half'><div style="padding-right:6px;"><p><strong>Datum snimanja / Erfassungsdatum<br />
</strong>06.05.2025 11:25:00</p>
<hr />
<p><strong>Informacije</strong></p>
<p>Je li ovaj objekt doista trim, nije sigurno. U svakom slučaju – pretpostavljam – započet je kao trim, ali dovršenje više nije bilo namijenjeno, odnosno, trebao je imati drugačiju funkciju. Na to upućuje izvedba bočnih zidova, koji s povećanjem visine ne pokazuju slojevitost prema unutra</p></div></div><div class='content-column one_half last_column'><div style="padding-right:0px;padding-left:6px;"><p><strong>Zaštitni položaj / Schutzstellung<br />
</strong>&#8211;</p>
<hr />
<p><strong>Info</strong></p>
<p>Ob dieses Objekt tatsächlich ein Trim ist, ist ungewiss. Jedenfalls &#8211; so vermute ich &#8211; wurde er als Trim begonnen, seine Fertigstellung war aber nicht mehr beabsichtigt, bzw. sollte er eine andere Funktion bekommen. Darauf hin deutet die Ausführung der Seitenwände, die mit zunehmender Höhe keine Schichtung nach Innen aufweisen.</p></div></div><div class='clear_column'></div><div class='content-column one_half'><div style="padding-right:6px;"><p>U blizini se nalaze dvije gustirne i trim VJ-TR-39.</p></div></div><div class='content-column one_half last_column'><div style="padding-right:0px;padding-left:6px;"><p>In der Nähe befinden sich zwei Zisternen und der Trim VJ-TR-39.</p></div></div><div class='clear_column'></div><div class='content-column one_half'><div style="padding-right:6px;"><div id="attachment_72560" style="width: 310px" class="wp-caption aligncenter"><img loading="lazy" decoding="async" aria-describedby="caption-attachment-72560" class="wp-image-72560 size-full" src="https://www.topohvar.at/wp-content/uploads/2025/06/vj-tr-29-10.jpg" alt="" width="300" height="300" srcset="https://www.topohvar.at/wp-content/uploads/2025/06/vj-tr-29-10.jpg 300w, https://www.topohvar.at/wp-content/uploads/2025/06/vj-tr-29-10-150x150.jpg 150w" sizes="auto, (max-width: 300px) 100vw, 300px" /><p id="caption-attachment-72560" class="wp-caption-text">Ulaz / Eingang</p></div>
<p>Dana 06.05.2025 trim VJ-TR-29 je posjećen i ustanovljeno je sljedeće:</p>
<p>Lokacija: grmlje<br />
Podloga: nakošena<br />
Povezan s: uređenom kamenom gomilom<br />
Upotreba: ne koristi se<br />
Stanje: nije dovršeno<br />
Broj stepenica trima: ?<br />
Dodatni kameni prsten: nema prstena<br />
Stepenište: nema<br />
Oblik kamena: uglast<br />
Područje ispred ulaza: lako dostupno<br />
Orijentacija ulaza: Z (270°)<br />
Promjer trima (cm): 350<br />
Visina trima (cm): ?<br />
Visina stepenica (cm): stepenica 1: ?<br />
Debljina zida (cm): 60<br />
Širina vrata (cm): 70<br />
Visina vrata (cm): 85<br />
Širina unutra (cm): 130 &#8211; 230<br />
Visina unutra (cm): ?<br />
Volumen iznutra (m3): ?<br />
Nema niše</p></div></div><div class='content-column one_half last_column'><div style="padding-right:0px;padding-left:6px;"><div id="attachment_72561" style="width: 310px" class="wp-caption aligncenter"><img loading="lazy" decoding="async" aria-describedby="caption-attachment-72561" class="wp-image-72561 size-full" src="https://www.topohvar.at/wp-content/uploads/2025/06/vj-tr-29-11.jpg" alt="" width="300" height="300" srcset="https://www.topohvar.at/wp-content/uploads/2025/06/vj-tr-29-11.jpg 300w, https://www.topohvar.at/wp-content/uploads/2025/06/vj-tr-29-11-150x150.jpg 150w" sizes="auto, (max-width: 300px) 100vw, 300px" /><p id="caption-attachment-72561" class="wp-caption-text">Unutrašnjost / Innenraum</p></div>
<p>Am 06.05.2025 wurde der Trim VJ-TR-29 besucht und näher untersucht:</p>
<p>Standort: Buschwerk<br />
Untergrund: geneigt<br />
Verbunden mit: Steinhaufen geordnet<br />
Nutzung: ungenutzt<br />
Zustand: nicht fertiggestellt<br />
Anzahl der Trimstufen: ?<br />
Zusätzlicher Steinring: kein Steinring<br />
Stiege: keine<br />
Steinform: kantig<br />
Eingangsbereich: frei<br />
Eingangsseite: W (270°)<br />
Trimdurchmesser (cm): 350<br />
Trimhöhe (cm): ?<br />
Höhe der Trimstufen (cm): Stufe 1: ?<br />
Wandstärke (cm): 60<br />
Türbreite (cm): 70<br />
Türhöhe (cm): 85<br />
Innenraumbreite (cm): 130 &#8211; 230<br />
Innenraumhöhe (cm): ?<br />
Raumvolumen (m3): ?<br />
Keine Nische</p></div></div><div class='clear_column'></div></p>
<p><img loading="lazy" decoding="async" class="aligncenter size-full wp-image-72559" src="https://www.topohvar.at/wp-content/uploads/2025/06/vj-tr-29-scan.jpg" alt="" width="640" height="833" srcset="https://www.topohvar.at/wp-content/uploads/2025/06/vj-tr-29-scan.jpg 640w, https://www.topohvar.at/wp-content/uploads/2025/06/vj-tr-29-scan-230x300.jpg 230w" sizes="auto, (max-width: 640px) 100vw, 640px" /></p>
<p style="text-align: right;"><span style="color: #3366ff;"><a style="color: #3366ff;" href="#seite_oben">natrag na vrh / Seitenanfang</a></span></p>
<hr />
<p><strong>Linkovi / Links</strong></p>
<p><span style="color: #3366ff;"><a style="color: #3366ff;" href="https://www.topohvar.at/topo/orte/vj/vj-op-00-0/#op-c0">Gustirna / Zisterne VJ-OP-C0</a></span><br />
<span style="color: #3366ff;"><a style="color: #3366ff;" href="https://www.topohvar.at/topo/orte/vj/vj-op-00-0/#op-c1">Gustirna / Zisterne VJ-OP-C1</a><br />
<a style="color: #3366ff;" href="https://www.topohvar.at/topo/orte/vj/vj-tr-39-1">Trim VJ-TR-39</a><br />
</span></p>

<p>Ime / Name Trim »VJ-TR-29« Code: VJ-TR-29                                    Adresa / Adresse Vrbanj, Maslinovik Lokalna položaj / Position Latitude: N 43,19088°    Longitude: E 16,64433°  Visina &hellip; <a href="https://www.topohvar.at/topo/orte/vj/vj-tr-29-1/">Weiterlesen <span class="meta-nav">&rarr;</span></a></p>
