{"id":71893,"date":"2025-05-18T12:28:53","date_gmt":"2025-05-18T10:28:53","guid":{"rendered":"https:\/\/www.topohvar.at\/topo\/?page_id=71893"},"modified":"2025-11-30T18:22:42","modified_gmt":"2025-11-30T17:22:42","slug":"je-tr-05-1","status":"publish","type":"page","link":"https:\/\/www.topohvar.at\/topo\/orte\/je\/je-tr-05-1\/","title":{"rendered":"JELSA &#8211; Trim \u00bbJE-TR-05\u00ab"},"content":{"rendered":"<p><a name=\"seite_oben\"><\/a><br \/>\n<strong><img loading=\"lazy\" decoding=\"async\" class=\"aligncenter wp-image-72817 size-full\" src=\"https:\/\/www.topohvar.at\/wp-content\/uploads\/2025\/10\/JE-TR-05-01.jpg\" alt=\"\" width=\"1080\" height=\"530\" srcset=\"https:\/\/www.topohvar.at\/wp-content\/uploads\/2025\/10\/JE-TR-05-01.jpg 1080w, https:\/\/www.topohvar.at\/wp-content\/uploads\/2025\/10\/JE-TR-05-01-300x147.jpg 300w, https:\/\/www.topohvar.at\/wp-content\/uploads\/2025\/10\/JE-TR-05-01-1024x503.jpg 1024w, https:\/\/www.topohvar.at\/wp-content\/uploads\/2025\/10\/JE-TR-05-01-768x377.jpg 768w\" sizes=\"auto, (max-width: 1080px) 100vw, 1080px\" \/><\/strong><\/p>\n<p><strong>Ime \/ Name<br \/>\n<\/strong>Trim \u00bbJE-TR-05\u00ab<\/p>\n<p><strong>Code: <\/strong>JE-TR-05\u00a0 \u00a0 \u00a0 \u00a0 \u00a0 \u00a0 \u00a0 \u00a0 \u00a0 \u00a0 \u00a0 \u00a0 \u00a0 \u00a0 \u00a0 \u00a0 \u00a0 \u00a0 \u00a0 \u00a0\u00a0<strong> <a href=\"https:\/\/www.topohvar.at\/topo\/orte\/je\/je-tr-00-1\/\"><img loading=\"lazy\" decoding=\"async\" class=\"alignnone wp-image-12300 size-full\" src=\"https:\/\/www.topohvar.at\/wp-content\/uploads\/2018\/09\/push-vor-30.jpg\" alt=\"\" width=\"61\" height=\"30\" \/><\/a> <a href=\"https:\/\/www.topohvar.at\/topo\/orte\/je\/je-tr-04-1\/\"><img loading=\"lazy\" decoding=\"async\" class=\"alignnone wp-image-533 size-full\" src=\"https:\/\/www.topohvar.at\/wp-content\/uploads\/2018\/07\/push-l-30.jpg\" alt=\"\" width=\"61\" height=\"30\" \/><\/a>\u00a0<a href=\"https:\/\/www.topohvar.at\/orte\/je\/\"><img loading=\"lazy\" decoding=\"async\" class=\"alignnone wp-image-535 size-full\" src=\"https:\/\/www.topohvar.at\/wp-content\/uploads\/2018\/07\/push-o-30.jpg\" alt=\"\" width=\"61\" height=\"30\" \/><\/a> <a href=\"https:\/\/www.topohvar.at\/topo\/orte\/je\/je-tr-01-1\/\"><img loading=\"lazy\" decoding=\"async\" class=\"alignnone wp-image-536 size-full\" src=\"https:\/\/www.topohvar.at\/wp-content\/uploads\/2018\/07\/push-r-30.jpg\" alt=\"\" width=\"61\" height=\"30\" \/><\/a><\/strong><\/p>\n<hr \/>\n<p><strong>Adresa \/ Adresse<br \/>\n<\/strong>Jelsa<\/p>\n<p><strong>Lokacija<\/strong><strong> \/ Position<a href=\"https:\/\/maps.app.goo.gl\/Knwj8QnW92CzsDhv9\"><img loading=\"lazy\" decoding=\"async\" class=\"alignright wp-image-71895\" src=\"https:\/\/www.topohvar.at\/wp-content\/uploads\/2025\/05\/4323.jpg\" alt=\"\" width=\"125\" height=\"100\" \/><\/a><br \/>\n<\/strong><a href=\"https:\/\/maps.app.goo.gl\/Knwj8QnW92CzsDhv9\"><span style=\"color: #3366ff;\">Latitude: N 43,15213\u00b0\u00a0 \u00a0Longitude: E 16,69410\u00b0 <\/span><\/a><strong><br \/>\n<\/strong>Visina \/ H\u00f6he: 85 m<\/p>\n<p><strong>Katastarska \u010destica <\/strong><strong>\/ Grundst\u00fccke<br \/>\n<\/strong>2080<div class='content-column one_half'><div style=\"padding-right:6px;\"><p><strong>Datum snimanja \/ Erfassungsdatum<br \/>\n<\/strong>17.05.2025 10:25:00<\/p>\n<hr \/>\n<p><strong>Informacije<\/strong><\/p>\n<p>Trim je otkrio Christian Pohl u svibnju 2025. Veliki trim nalazi se na rubu maslinika ju\u017eno od sela Jelsa.\u00a0Izgra\u0111en je uglavnom od velikog kamenja nalik blokovima, gotovo pravokutnog oblika. Veliko kamenje lijevo od trima prostor za sjedenje. Suhozid ome\u0111uje njegovu stra\u017enju stranu. Desno od ulaza, konzola slu\u017ei za odlaganje stvari.<\/p><\/div><\/div><div class='content-column one_half last_column'><div style=\"padding-right:0px;padding-left:6px;\"><p><strong>Stupanj za\u0161tite<\/strong><strong> \/ Schutzstellung<br \/>\n<\/strong>&#8211;<\/p>\n<hr \/>\n<p><strong>Info<\/strong><\/p>\n<p>Der Trim wurde im Mai 2025 von Christian Pohl gefunden. Der gro\u00dfe Trim befindet sich am Rande eines Olivengartens s\u00fcdlich der Ortschaft Jelsa. Er wurde zumeist aus gro\u00dfen, blockartigen Steinen, in ann\u00e4hernd rechteckiger Form errichtet. Links neben dem Stein bilden gro\u00dfe Steine Sitzgelegenheiten. An seine R\u00fcckseite grenzt eine Trockensteinmauer an. Rechts vom Eingang bietet ein Kragstein eine Abstellm\u00f6glichkeit.<\/p><\/div><\/div><div class='clear_column'><\/div><div class='content-column one_half'><div style=\"padding-right:6px;\"><p>Visok, blago trapezoidni ulaz vodi u pravokutni interijer. Desna strana interijera donekle je odvojena od ostatka prostorije niskim slojem kamena. Mali otvor u zidu omogu\u0107uje promatranje prostora ispred trima. Lijeva strana je donekle nestabilna; ina\u010de je konstrukcija dobro o\u010duvana i vjerojatno je jo\u0161 uvijek u upotrebi.<\/p><\/div><\/div><div class='content-column one_half last_column'><div style=\"padding-right:0px;padding-left:6px;\"><p>Durch den hohen, leicht trapezf\u00f6rmigen Eingang gelangt man in den rechteckigen Innenraum. Der rechte Teil des Innenraums ist durch eine niedrige Steinlage vom \u00fcbrigen Raum etwas getrennt. Durch eine kleine Wand\u00f6ffnung kann man vom Inneren aus den Raum vor dem Stein beobachten. Die linke Seite ist etwas instabil, ansonsten ist der Trim gut erhalten und wird vermutlich noch genutzt.<\/p><\/div><\/div><div class='clear_column'><\/div><div class='content-column one_half'><div style=\"padding-right:6px;\"><div id=\"attachment_73569\" style=\"width: 310px\" class=\"wp-caption aligncenter\"><img loading=\"lazy\" decoding=\"async\" aria-describedby=\"caption-attachment-73569\" class=\"size-medium wp-image-73569\" src=\"https:\/\/www.topohvar.at\/wp-content\/uploads\/2025\/11\/JE-TR-05-20-300x300.jpg\" alt=\"\" width=\"300\" height=\"300\" srcset=\"https:\/\/www.topohvar.at\/wp-content\/uploads\/2025\/11\/JE-TR-05-20-300x300.jpg 300w, https:\/\/www.topohvar.at\/wp-content\/uploads\/2025\/11\/JE-TR-05-20-150x150.jpg 150w, https:\/\/www.topohvar.at\/wp-content\/uploads\/2025\/11\/JE-TR-05-20.jpg 450w\" sizes=\"auto, (max-width: 300px) 100vw, 300px\" \/><p id=\"caption-attachment-73569\" class=\"wp-caption-text\">Ulaz \/ Eingang<\/p><\/div>\n<p>Dana 11.10.2025 trim JE-TR-05 je posje\u0107en i ustanovljeno je sljede\u0107e:<\/p>\n<p>Lokacija: maslinik<br \/>\nPodloga: ravna<br \/>\nPovezan s: kamenim zidom<br \/>\nUpotreba: malo se koristi<br \/>\nStanje: dobro sa\u010duvan<br \/>\nBroj stepenica trima: 1<br \/>\nDodatni kameni prsten: nema prstena<br \/>\nStepeni\u0161te: nema<br \/>\nOblik kamena: uglast<br \/>\nPodru\u010dje ispred ulaza: lako dostupno<br \/>\nOrijentacija ulaza: SI (40\u00b0)<br \/>\nPromjer trima (cm): 390<br \/>\nVisina trima (cm): 260<br \/>\nVisina stepenica (cm): stepenica 1: 160<br \/>\nDebljina zida (cm): 60<br \/>\n\u0160irina vrata (cm): 75<br \/>\nVisina vrata (cm): 130<br \/>\n\u0160irina unutra (cm): 180 &#8211; 270<br \/>\nVisina unutra (cm): 240<br \/>\nVolumen iznutra (m3): 7,21<br \/>\nNema ni\u0161e<\/p><\/div><\/div><div class='content-column one_half last_column'><div style=\"padding-right:0px;padding-left:6px;\"><div id=\"attachment_73570\" style=\"width: 310px\" class=\"wp-caption aligncenter\"><img loading=\"lazy\" decoding=\"async\" aria-describedby=\"caption-attachment-73570\" class=\"wp-image-73570 size-medium\" src=\"https:\/\/www.topohvar.at\/wp-content\/uploads\/2025\/11\/JE-TR-05-21-300x300.jpg\" alt=\"\" width=\"300\" height=\"300\" srcset=\"https:\/\/www.topohvar.at\/wp-content\/uploads\/2025\/11\/JE-TR-05-21-300x300.jpg 300w, https:\/\/www.topohvar.at\/wp-content\/uploads\/2025\/11\/JE-TR-05-21-150x150.jpg 150w, https:\/\/www.topohvar.at\/wp-content\/uploads\/2025\/11\/JE-TR-05-21.jpg 450w\" sizes=\"auto, (max-width: 300px) 100vw, 300px\" \/><p id=\"caption-attachment-73570\" class=\"wp-caption-text\">Lijeva strana kamena \/ Linke Seite des Trims<\/p><\/div>\n<p>Am 11.10.2025 wurde der Trim JE-TR-05 besucht und n\u00e4her untersucht:<\/p>\n<p>Standort: Olivenhain<br \/>\nUntergrund: eben<br \/>\nVerbunden mit: Steinmauer<br \/>\nNutzung: kaum genutzt<br \/>\nZustand: gut erhalten<br \/>\nAnzahl der Trimstufen: 1<br \/>\nZus\u00e4tzlicher Steinring: kein Steinring<br \/>\nStiege: keine<br \/>\nSteinform: kantig<br \/>\nEingangsbereich: frei<br \/>\nEingangsseite: NO (40\u00b0)<br \/>\nTrimdurchmesser (cm): 390<br \/>\nTrimh\u00f6he (cm): 260<br \/>\nH\u00f6he der Trimstufen (cm): Stufe 1: 160<br \/>\nWandst\u00e4rke (cm): 60<br \/>\nT\u00fcrbreite (cm): 75<br \/>\nT\u00fcrh\u00f6he (cm): 130<br \/>\nInnenraumbreite (cm): 180 &#8211; 270<br \/>\nInnenraumh\u00f6he (cm): 240<br \/>\nRaumvolumen (m3): 7,21<br \/>\nKeine Nische<\/p><\/div><\/div><div class='clear_column'><\/div><\/p>\n<p><img loading=\"lazy\" decoding=\"async\" class=\"alignleft size-full wp-image-73527\" src=\"https:\/\/www.topohvar.at\/wp-content\/uploads\/2025\/11\/je-tr-05-scan.jpg\" alt=\"\" width=\"900\" height=\"1673\" srcset=\"https:\/\/www.topohvar.at\/wp-content\/uploads\/2025\/11\/je-tr-05-scan.jpg 900w, https:\/\/www.topohvar.at\/wp-content\/uploads\/2025\/11\/je-tr-05-scan-161x300.jpg 161w, https:\/\/www.topohvar.at\/wp-content\/uploads\/2025\/11\/je-tr-05-scan-551x1024.jpg 551w, https:\/\/www.topohvar.at\/wp-content\/uploads\/2025\/11\/je-tr-05-scan-768x1428.jpg 768w, https:\/\/www.topohvar.at\/wp-content\/uploads\/2025\/11\/je-tr-05-scan-826x1536.jpg 826w\" sizes=\"auto, (max-width: 900px) 100vw, 900px\" \/><\/p>\n<p style=\"text-align: right;\"><span style=\"color: #3366ff;\"><a style=\"color: #3366ff;\" href=\"#seite_oben\">natrag na vrh \/ Seitenanfang<\/a><\/span><\/p>\n<hr \/>\n<p><strong>Linkovi \/ Links<\/strong><\/p>\n<p>&#8211;<\/p>\n","protected":false},"excerpt":{"rendered":"<p>Ime \/ Name Trim \u00bbJE-TR-05\u00ab Code: JE-TR-05\u00a0 \u00a0 \u00a0 \u00a0 \u00a0 \u00a0 \u00a0 \u00a0 \u00a0 \u00a0 \u00a0 \u00a0 \u00a0 \u00a0 \u00a0 \u00a0 \u00a0 \u00a0 \u00a0 \u00a0\u00a0 \u00a0 Adresa \/ Adresse Jelsa Lokacija \/ Position Latitude: N 43,15213\u00b0\u00a0 \u00a0Longitude: E 16,69410\u00b0 &hellip; <a href=\"https:\/\/www.topohvar.at\/topo\/orte\/je\/je-tr-05-1\/\">Weiterlesen <span class=\"meta-nav\">&rarr;<\/span><\/a><\/p>\n","protected":false},"author":1,"featured_media":0,"parent":85,"menu_order":0,"comment_status":"closed","ping_status":"closed","template":"","meta":{"footnotes":""},"class_list":["post-71893","page","type-page","status-publish","hentry"],"_links":{"self":[{"href":"https:\/\/www.topohvar.at\/topo\/wp-json\/wp\/v2\/pages\/71893","targetHints":{"allow":["GET"]}}],"collection":[{"href":"https:\/\/www.topohvar.at\/topo\/wp-json\/wp\/v2\/pages"}],"about":[{"href":"https:\/\/www.topohvar.at\/topo\/wp-json\/wp\/v2\/types\/page"}],"author":[{"embeddable":true,"href":"https:\/\/www.topohvar.at\/topo\/wp-json\/wp\/v2\/users\/1"}],"replies":[{"embeddable":true,"href":"https:\/\/www.topohvar.at\/topo\/wp-json\/wp\/v2\/comments?post=71893"}],"version-history":[{"count":7,"href":"https:\/\/www.topohvar.at\/topo\/wp-json\/wp\/v2\/pages\/71893\/revisions"}],"predecessor-version":[{"id":73704,"href":"https:\/\/www.topohvar.at\/topo\/wp-json\/wp\/v2\/pages\/71893\/revisions\/73704"}],"up":[{"embeddable":true,"href":"https:\/\/www.topohvar.at\/topo\/wp-json\/wp\/v2\/pages\/85"}],"wp:attachment":[{"href":"https:\/\/www.topohvar.at\/topo\/wp-json\/wp\/v2\/media?parent=71893"}],"curies":[{"name":"wp","href":"https:\/\/api.w.org\/{rel}","templated":true}]}}