{"id":72744,"date":"2025-10-10T17:52:07","date_gmt":"2025-10-10T15:52:07","guid":{"rendered":"https:\/\/www.topohvar.at\/topo\/?page_id=72744"},"modified":"2025-11-30T18:10:48","modified_gmt":"2025-11-30T17:10:48","slug":"vk-tr-15-1","status":"publish","type":"page","link":"https:\/\/www.topohvar.at\/topo\/orte\/vk\/vk-tr-15-1\/","title":{"rendered":"VRISNIK &#8211; Trim \u00bbVK-TR-15\u00ab"},"content":{"rendered":"<p><a name=\"seite_oben\"><\/a><br \/>\n<strong><img loading=\"lazy\" decoding=\"async\" class=\"aligncenter wp-image-72748 size-full\" src=\"https:\/\/www.topohvar.at\/wp-content\/uploads\/2025\/10\/vk-tr-15-00.jpg\" alt=\"\" width=\"1080\" height=\"530\" srcset=\"https:\/\/www.topohvar.at\/wp-content\/uploads\/2025\/10\/vk-tr-15-00.jpg 1080w, https:\/\/www.topohvar.at\/wp-content\/uploads\/2025\/10\/vk-tr-15-00-300x147.jpg 300w, https:\/\/www.topohvar.at\/wp-content\/uploads\/2025\/10\/vk-tr-15-00-1024x503.jpg 1024w, https:\/\/www.topohvar.at\/wp-content\/uploads\/2025\/10\/vk-tr-15-00-768x377.jpg 768w\" sizes=\"auto, (max-width: 1080px) 100vw, 1080px\" \/><\/strong><\/p>\n<p><strong>Ime \/ Name<br \/>\n<\/strong>Trim \u00bbVK-TR-15\u00ab<\/p>\n<p><strong>Code: <\/strong>VK-TR-15\u00a0 \u00a0 \u00a0 \u00a0 \u00a0 \u00a0 \u00a0 \u00a0<strong>\u00a0 \u00a0 \u00a0 \u00a0 \u00a0 \u00a0 \u00a0 \u00a0 \u00a0 <a href=\"https:\/\/www.topohvar.at\/orte\/vk\/vk-tr-00-1\/\"><img loading=\"lazy\" decoding=\"async\" class=\"alignnone wp-image-12300 size-full\" src=\"https:\/\/www.topohvar.at\/wp-content\/uploads\/2018\/09\/push-vor-30.jpg\" alt=\"\" width=\"61\" height=\"30\" \/><\/a> <a href=\"https:\/\/www.topohvar.at\/orte\/vk\/vk-tr-12-1\/\"><img loading=\"lazy\" decoding=\"async\" class=\"alignnone wp-image-533 size-full\" src=\"https:\/\/www.topohvar.at\/wp-content\/uploads\/2018\/07\/push-l-30.jpg\" alt=\"\" width=\"61\" height=\"30\" \/><\/a>\u00a0<a href=\"https:\/\/www.topohvar.at\/orte\/vk\/\"><img loading=\"lazy\" decoding=\"async\" class=\"alignnone wp-image-535 size-full\" src=\"https:\/\/www.topohvar.at\/wp-content\/uploads\/2018\/07\/push-o-30.jpg\" alt=\"\" width=\"61\" height=\"30\" \/><\/a>\u00a0<a href=\"https:\/\/www.topohvar.at\/orte\/vk\/vk-tr-11-1\/\"><img loading=\"lazy\" decoding=\"async\" class=\"alignnone wp-image-536 size-full\" src=\"https:\/\/www.topohvar.at\/wp-content\/uploads\/2018\/07\/push-r-30.jpg\" alt=\"\" width=\"61\" height=\"30\" \/><\/a><\/strong><\/p>\n<hr \/>\n<p><strong>Adresa \/ Adresse<br \/>\n<\/strong>Vrisnik, jugoisto\u010dno od vrha &#8222;Gvozd&#8220; \/ s\u00fcd\u00f6stlich des Gipfels &#8222;Gvozd&#8220;<\/p>\n<p><strong>Lokacija<\/strong><strong> \/ Position<a href=\"https:\/\/maps.app.goo.gl\/AWvsaFGs3Urt4S9p6\"><img loading=\"lazy\" decoding=\"async\" class=\"alignright wp-image-71142\" src=\"https:\/\/www.topohvar.at\/wp-content\/uploads\/2025\/02\/4274.jpg\" alt=\"\" width=\"134\" height=\"100\" \/><\/a><br \/>\n<\/strong><a href=\"https:\/\/maps.app.goo.gl\/AWvsaFGs3Urt4S9p6\"><span style=\"color: #3366ff;\">Latitude: N 43,14027\u00b0\u00a0 \u00a0 Longitude: E 16,65365\u00b0\u00a0<\/span><\/a><strong><br \/>\n<\/strong>Visina \/ H\u00f6he: 522 m<\/p>\n<p><strong>Katastarska \u010destica\u00a0<\/strong><strong> \/ Grundst\u00fccke<br \/>\n<\/strong>2958\/1<div class='content-column one_half'><div style=\"padding-right:6px;\"><p><strong>Datum snimanja \/ Erfassungsdatum<br \/>\n<\/strong>09.10.2025 15:10:00<\/p>\n<hr \/>\n<p><strong>Informacije<\/strong><\/p>\n<p>Ovaj\u00a0trim nalazi se u \u0161umi, malo dalje zapadno od trima VK-TR-11. Njegovi vanjski zidovi su uglavnom skriveni planinskom padinom. Kupola dominira strukturom. trim je prili\u010dno o\u0161te\u0107en.<\/p><\/div><\/div><div class='content-column one_half last_column'><div style=\"padding-right:0px;padding-left:6px;\"><p><strong>Stupanj za\u0161tite\u00a0<\/strong><strong> \/ Schutzstellung<br \/>\n<\/strong>&#8211;<\/p>\n<hr \/>\n<p><strong>Info<\/strong><\/p>\n<p>Dieser Trim befindet sich im Wald, etwas weiter westlich im vom Trim VK-TR-11. Seine Au\u00dfenw\u00e4nde verschwinden zum Gro\u00dfteil im Berghang. Die Kuppel dominiert. Der Trim ist ziemlich besch\u00e4digt.<\/p><\/div><\/div><div class='clear_column'><\/div><div class='content-column one_half'><div style=\"padding-right:6px;\"><p>Masivni kamen slu\u017ei kao nadvratnik iznad niskog ulaza, kroz koji se ulazi u malu, kru\u017enu, ali relativno visoku unutra\u0161njost. Trim se vi\u0161e ne koristi. Malo isto\u010dnije nalazi se trim VK-TR-11.<\/p><\/div><\/div><div class='content-column one_half last_column'><div style=\"padding-right:0px;padding-left:6px;\"><p>Ein m\u00e4chtiger Stein dient als \u00dcberlager \u00fcber dem niedrigen Eingang, durch den man in den kleinen, kreisrunden, aber relativ hohen Innenraum gelangt. Der Trim wird nicht mehr genutzt.\u00a0Etwas weiter \u00f6stlich befindet sich der Trim VK-TR-11.<\/p><\/div><\/div><div class='clear_column'><\/div><div class='content-column one_half'><div style=\"padding-right:6px;\"><div id=\"attachment_73566\" style=\"width: 310px\" class=\"wp-caption aligncenter\"><img loading=\"lazy\" decoding=\"async\" aria-describedby=\"caption-attachment-73566\" class=\"size-medium wp-image-73566\" src=\"https:\/\/www.topohvar.at\/wp-content\/uploads\/2025\/11\/vk-tr-15-20-300x300.jpg\" alt=\"\" width=\"300\" height=\"300\" srcset=\"https:\/\/www.topohvar.at\/wp-content\/uploads\/2025\/11\/vk-tr-15-20-300x300.jpg 300w, https:\/\/www.topohvar.at\/wp-content\/uploads\/2025\/11\/vk-tr-15-20-150x150.jpg 150w, https:\/\/www.topohvar.at\/wp-content\/uploads\/2025\/11\/vk-tr-15-20.jpg 450w\" sizes=\"auto, (max-width: 300px) 100vw, 300px\" \/><p id=\"caption-attachment-73566\" class=\"wp-caption-text\">Ulaz \/ Eingang<\/p><\/div>\n<p>Dana 09.10.2025 trim VK-TR-15 je posje\u0107en i ustanovljeno je sljede\u0107e:<\/p>\n<p>Lokacija: \u0161uma<br \/>\nPodloga: nako\u0161ena<br \/>\nPovezan s: samostoje\u0107i, izoliran<br \/>\nUpotreba: ne koristi se<br \/>\nStanje: dijelovi su se sru\u0161ili<br \/>\nBroj stepenica trima: 2<br \/>\nDodatni kameni prsten: nema prstena<br \/>\nStepeni\u0161te: nema<br \/>\nOblik kamena: uglast<br \/>\nPodru\u010dje ispred ulaza: lako dostupno<br \/>\nOrijentacija ulaza: J (170\u00b0)<br \/>\nPromjer trima (cm): 320<br \/>\nVisina trima (cm): 200<br \/>\nVisina stepenica (cm): stepenica 1: 90 , stepenica 2: 160<br \/>\nDebljina zida (cm): 80<br \/>\n\u0160irina vrata (cm): 55<br \/>\nVisina vrata (cm): 70<br \/>\n\u0160irina unutra (cm): 140 &#8211; 160<br \/>\nVisina unutra (cm): 190<br \/>\nVolumen iznutra (m3): 2,01<br \/>\nNema ni\u0161e<\/p><\/div><\/div><div class='content-column one_half last_column'><div style=\"padding-right:0px;padding-left:6px;\"><div id=\"attachment_73567\" style=\"width: 310px\" class=\"wp-caption aligncenter\"><img loading=\"lazy\" decoding=\"async\" aria-describedby=\"caption-attachment-73567\" class=\"wp-image-73567 size-medium\" src=\"https:\/\/www.topohvar.at\/wp-content\/uploads\/2025\/11\/vk-tr-15-21-300x300.jpg\" alt=\"\" width=\"300\" height=\"300\" srcset=\"https:\/\/www.topohvar.at\/wp-content\/uploads\/2025\/11\/vk-tr-15-21-300x300.jpg 300w, https:\/\/www.topohvar.at\/wp-content\/uploads\/2025\/11\/vk-tr-15-21-150x150.jpg 150w, https:\/\/www.topohvar.at\/wp-content\/uploads\/2025\/11\/vk-tr-15-21.jpg 450w\" sizes=\"auto, (max-width: 300px) 100vw, 300px\" \/><p id=\"caption-attachment-73567\" class=\"wp-caption-text\">Stra\u017enja strana trima \/ Trimr\u00fcckseite<\/p><\/div>\n<p>Am 09.10.2025 wurde der Trim VK-TR-15 besucht und n\u00e4her untersucht:<\/p>\n<p>Standort: Wald<br \/>\nUntergrund: geneigt<br \/>\nVerbunden mit: freistehend<br \/>\nNutzung: ungenutzt<br \/>\nZustand: Teile abgest\u00fcrzt<br \/>\nAnzahl der Trimstufen: 2<br \/>\nZus\u00e4tzlicher Steinring: kein Steinring<br \/>\nStiege: keine<br \/>\nSteinform: kantig<br \/>\nEingangsbereich: frei<br \/>\nEingangsseite: S (170\u00b0)<br \/>\nTrimdurchmesser (cm): 320<br \/>\nTrimh\u00f6he (cm): 200<br \/>\nH\u00f6he der Trimstufen (cm): Stufe 1: 90 , Stufe 2: 160<br \/>\nWandst\u00e4rke (cm): 80<br \/>\nT\u00fcrbreite (cm): 55<br \/>\nT\u00fcrh\u00f6he (cm): 70<br \/>\nInnenraumbreite (cm): 140 &#8211; 160<br \/>\nInnenraumh\u00f6he (cm): 190<br \/>\nRaumvolumen (m3): 2,01<br \/>\nKeine Nische<\/p><\/div><\/div><div class='clear_column'><\/div><\/p>\n<p><img loading=\"lazy\" decoding=\"async\" class=\"alignleft size-full wp-image-73544\" src=\"https:\/\/www.topohvar.at\/wp-content\/uploads\/2025\/11\/vk-tr-15-scan.jpg\" alt=\"\" width=\"900\" height=\"997\" srcset=\"https:\/\/www.topohvar.at\/wp-content\/uploads\/2025\/11\/vk-tr-15-scan.jpg 900w, https:\/\/www.topohvar.at\/wp-content\/uploads\/2025\/11\/vk-tr-15-scan-271x300.jpg 271w, https:\/\/www.topohvar.at\/wp-content\/uploads\/2025\/11\/vk-tr-15-scan-768x851.jpg 768w\" sizes=\"auto, (max-width: 900px) 100vw, 900px\" \/><\/p>\n<p style=\"text-align: right;\"><span style=\"color: #3366ff;\"><a style=\"color: #3366ff;\" href=\"#seite_oben\">natrag na vrh \/ Seitenanfang<\/a><\/span><\/p>\n<hr \/>\n<p><strong>Linkovi \/ Links<\/strong><\/p>\n<p><a href=\"https:\/\/www.topohvar.at\/topo\/orte\/vk\/vk-tr-11-1\/\">Trim \u00bbVK-TR-11\u00ab<\/a><\/p>\n","protected":false},"excerpt":{"rendered":"<p>Ime \/ Name Trim \u00bbVK-TR-15\u00ab Code: VK-TR-15\u00a0 \u00a0 \u00a0 \u00a0 \u00a0 \u00a0 \u00a0 \u00a0\u00a0 \u00a0 \u00a0 \u00a0 \u00a0 \u00a0 \u00a0 \u00a0 \u00a0 \u00a0\u00a0 Adresa \/ Adresse Vrisnik, jugoisto\u010dno od vrha &#8222;Gvozd&#8220; \/ s\u00fcd\u00f6stlich des Gipfels &#8222;Gvozd&#8220; Lokacija \/ Position Latitude: &hellip; <a href=\"https:\/\/www.topohvar.at\/topo\/orte\/vk\/vk-tr-15-1\/\">Weiterlesen <span class=\"meta-nav\">&rarr;<\/span><\/a><\/p>\n","protected":false},"author":1,"featured_media":0,"parent":113,"menu_order":0,"comment_status":"closed","ping_status":"closed","template":"","meta":{"footnotes":""},"class_list":["post-72744","page","type-page","status-publish","hentry"],"_links":{"self":[{"href":"https:\/\/www.topohvar.at\/topo\/wp-json\/wp\/v2\/pages\/72744","targetHints":{"allow":["GET"]}}],"collection":[{"href":"https:\/\/www.topohvar.at\/topo\/wp-json\/wp\/v2\/pages"}],"about":[{"href":"https:\/\/www.topohvar.at\/topo\/wp-json\/wp\/v2\/types\/page"}],"author":[{"embeddable":true,"href":"https:\/\/www.topohvar.at\/topo\/wp-json\/wp\/v2\/users\/1"}],"replies":[{"embeddable":true,"href":"https:\/\/www.topohvar.at\/topo\/wp-json\/wp\/v2\/comments?post=72744"}],"version-history":[{"count":14,"href":"https:\/\/www.topohvar.at\/topo\/wp-json\/wp\/v2\/pages\/72744\/revisions"}],"predecessor-version":[{"id":73703,"href":"https:\/\/www.topohvar.at\/topo\/wp-json\/wp\/v2\/pages\/72744\/revisions\/73703"}],"up":[{"embeddable":true,"href":"https:\/\/www.topohvar.at\/topo\/wp-json\/wp\/v2\/pages\/113"}],"wp:attachment":[{"href":"https:\/\/www.topohvar.at\/topo\/wp-json\/wp\/v2\/media?parent=72744"}],"curies":[{"name":"wp","href":"https:\/\/api.w.org\/{rel}","templated":true}]}}

<p><a name="seite_oben"></a><br />
<strong><img loading="lazy" decoding="async" class="aligncenter wp-image-72748 size-full" src="https://www.topohvar.at/wp-content/uploads/2025/10/vk-tr-15-00.jpg" alt="" width="1080" height="530" srcset="https://www.topohvar.at/wp-content/uploads/2025/10/vk-tr-15-00.jpg 1080w, https://www.topohvar.at/wp-content/uploads/2025/10/vk-tr-15-00-300x147.jpg 300w, https://www.topohvar.at/wp-content/uploads/2025/10/vk-tr-15-00-1024x503.jpg 1024w, https://www.topohvar.at/wp-content/uploads/2025/10/vk-tr-15-00-768x377.jpg 768w" sizes="auto, (max-width: 1080px) 100vw, 1080px" /></strong></p>
<p><strong>Ime / Name<br />
</strong>Trim »VK-TR-15«</p>
<p><strong>Code: </strong>VK-TR-15               <strong>                  <a href="https://www.topohvar.at/orte/vk/vk-tr-00-1/"><img loading="lazy" decoding="async" class="alignnone wp-image-12300 size-full" src="https://www.topohvar.at/wp-content/uploads/2018/09/push-vor-30.jpg" alt="" width="61" height="30" /></a> <a href="https://www.topohvar.at/orte/vk/vk-tr-12-1/"><img loading="lazy" decoding="async" class="alignnone wp-image-533 size-full" src="https://www.topohvar.at/wp-content/uploads/2018/07/push-l-30.jpg" alt="" width="61" height="30" /></a> <a href="https://www.topohvar.at/orte/vk/"><img loading="lazy" decoding="async" class="alignnone wp-image-535 size-full" src="https://www.topohvar.at/wp-content/uploads/2018/07/push-o-30.jpg" alt="" width="61" height="30" /></a> <a href="https://www.topohvar.at/orte/vk/vk-tr-11-1/"><img loading="lazy" decoding="async" class="alignnone wp-image-536 size-full" src="https://www.topohvar.at/wp-content/uploads/2018/07/push-r-30.jpg" alt="" width="61" height="30" /></a></strong></p>
<hr />
<p><strong>Adresa / Adresse<br />
</strong>Vrisnik, jugoistočno od vrha &#8222;Gvozd&#8220; / südöstlich des Gipfels &#8222;Gvozd&#8220;</p>
<p><strong>Lokacija</strong><strong> / Position<a href="https://maps.app.goo.gl/AWvsaFGs3Urt4S9p6"><img loading="lazy" decoding="async" class="alignright wp-image-71142" src="https://www.topohvar.at/wp-content/uploads/2025/02/4274.jpg" alt="" width="134" height="100" /></a><br />
</strong><a href="https://maps.app.goo.gl/AWvsaFGs3Urt4S9p6"><span style="color: #3366ff;">Latitude: N 43,14027°    Longitude: E 16,65365° </span></a><strong><br />
</strong>Visina / Höhe: 522 m</p>
<p><strong>Katastarska čestica </strong><strong> / Grundstücke<br />
</strong>2958/1<div class='content-column one_half'><div style="padding-right:6px;"><p><strong>Datum snimanja / Erfassungsdatum<br />
</strong>09.10.2025 15:10:00</p>
<hr />
<p><strong>Informacije</strong></p>
<p>Ovaj trim nalazi se u šumi, malo dalje zapadno od trima VK-TR-11. Njegovi vanjski zidovi su uglavnom skriveni planinskom padinom. Kupola dominira strukturom. trim je prilično oštećen.</p></div></div><div class='content-column one_half last_column'><div style="padding-right:0px;padding-left:6px;"><p><strong>Stupanj zaštite </strong><strong> / Schutzstellung<br />
</strong>&#8211;</p>
<hr />
<p><strong>Info</strong></p>
<p>Dieser Trim befindet sich im Wald, etwas weiter westlich im vom Trim VK-TR-11. Seine Außenwände verschwinden zum Großteil im Berghang. Die Kuppel dominiert. Der Trim ist ziemlich beschädigt.</p></div></div><div class='clear_column'></div><div class='content-column one_half'><div style="padding-right:6px;"><p>Masivni kamen služi kao nadvratnik iznad niskog ulaza, kroz koji se ulazi u malu, kružnu, ali relativno visoku unutrašnjost. Trim se više ne koristi. Malo istočnije nalazi se trim VK-TR-11.</p></div></div><div class='content-column one_half last_column'><div style="padding-right:0px;padding-left:6px;"><p>Ein mächtiger Stein dient als Überlager über dem niedrigen Eingang, durch den man in den kleinen, kreisrunden, aber relativ hohen Innenraum gelangt. Der Trim wird nicht mehr genutzt. Etwas weiter östlich befindet sich der Trim VK-TR-11.</p></div></div><div class='clear_column'></div><div class='content-column one_half'><div style="padding-right:6px;"><div id="attachment_73566" style="width: 310px" class="wp-caption aligncenter"><img loading="lazy" decoding="async" aria-describedby="caption-attachment-73566" class="size-medium wp-image-73566" src="https://www.topohvar.at/wp-content/uploads/2025/11/vk-tr-15-20-300x300.jpg" alt="" width="300" height="300" srcset="https://www.topohvar.at/wp-content/uploads/2025/11/vk-tr-15-20-300x300.jpg 300w, https://www.topohvar.at/wp-content/uploads/2025/11/vk-tr-15-20-150x150.jpg 150w, https://www.topohvar.at/wp-content/uploads/2025/11/vk-tr-15-20.jpg 450w" sizes="auto, (max-width: 300px) 100vw, 300px" /><p id="caption-attachment-73566" class="wp-caption-text">Ulaz / Eingang</p></div>
<p>Dana 09.10.2025 trim VK-TR-15 je posjećen i ustanovljeno je sljedeće:</p>
<p>Lokacija: šuma<br />
Podloga: nakošena<br />
Povezan s: samostojeći, izoliran<br />
Upotreba: ne koristi se<br />
Stanje: dijelovi su se srušili<br />
Broj stepenica trima: 2<br />
Dodatni kameni prsten: nema prstena<br />
Stepenište: nema<br />
Oblik kamena: uglast<br />
Područje ispred ulaza: lako dostupno<br />
Orijentacija ulaza: J (170°)<br />
Promjer trima (cm): 320<br />
Visina trima (cm): 200<br />
Visina stepenica (cm): stepenica 1: 90 , stepenica 2: 160<br />
Debljina zida (cm): 80<br />
Širina vrata (cm): 55<br />
Visina vrata (cm): 70<br />
Širina unutra (cm): 140 &#8211; 160<br />
Visina unutra (cm): 190<br />
Volumen iznutra (m3): 2,01<br />
Nema niše</p></div></div><div class='content-column one_half last_column'><div style="padding-right:0px;padding-left:6px;"><div id="attachment_73567" style="width: 310px" class="wp-caption aligncenter"><img loading="lazy" decoding="async" aria-describedby="caption-attachment-73567" class="wp-image-73567 size-medium" src="https://www.topohvar.at/wp-content/uploads/2025/11/vk-tr-15-21-300x300.jpg" alt="" width="300" height="300" srcset="https://www.topohvar.at/wp-content/uploads/2025/11/vk-tr-15-21-300x300.jpg 300w, https://www.topohvar.at/wp-content/uploads/2025/11/vk-tr-15-21-150x150.jpg 150w, https://www.topohvar.at/wp-content/uploads/2025/11/vk-tr-15-21.jpg 450w" sizes="auto, (max-width: 300px) 100vw, 300px" /><p id="caption-attachment-73567" class="wp-caption-text">Stražnja strana trima / Trimrückseite</p></div>
<p>Am 09.10.2025 wurde der Trim VK-TR-15 besucht und näher untersucht:</p>
<p>Standort: Wald<br />
Untergrund: geneigt<br />
Verbunden mit: freistehend<br />
Nutzung: ungenutzt<br />
Zustand: Teile abgestürzt<br />
Anzahl der Trimstufen: 2<br />
Zusätzlicher Steinring: kein Steinring<br />
Stiege: keine<br />
Steinform: kantig<br />
Eingangsbereich: frei<br />
Eingangsseite: S (170°)<br />
Trimdurchmesser (cm): 320<br />
Trimhöhe (cm): 200<br />
Höhe der Trimstufen (cm): Stufe 1: 90 , Stufe 2: 160<br />
Wandstärke (cm): 80<br />
Türbreite (cm): 55<br />
Türhöhe (cm): 70<br />
Innenraumbreite (cm): 140 &#8211; 160<br />
Innenraumhöhe (cm): 190<br />
Raumvolumen (m3): 2,01<br />
Keine Nische</p></div></div><div class='clear_column'></div></p>
<p><img loading="lazy" decoding="async" class="alignleft size-full wp-image-73544" src="https://www.topohvar.at/wp-content/uploads/2025/11/vk-tr-15-scan.jpg" alt="" width="900" height="997" srcset="https://www.topohvar.at/wp-content/uploads/2025/11/vk-tr-15-scan.jpg 900w, https://www.topohvar.at/wp-content/uploads/2025/11/vk-tr-15-scan-271x300.jpg 271w, https://www.topohvar.at/wp-content/uploads/2025/11/vk-tr-15-scan-768x851.jpg 768w" sizes="auto, (max-width: 900px) 100vw, 900px" /></p>
<p style="text-align: right;"><span style="color: #3366ff;"><a style="color: #3366ff;" href="#seite_oben">natrag na vrh / Seitenanfang</a></span></p>
<hr />
<p><strong>Linkovi / Links</strong></p>
<p><a href="https://www.topohvar.at/topo/orte/vk/vk-tr-11-1/">Trim »VK-TR-11«</a></p>

<p>Ime / Name Trim »VK-TR-15« Code: VK-TR-15                                    Adresa / Adresse Vrisnik, jugoistočno od vrha &#8222;Gvozd&#8220; / südöstlich des Gipfels &#8222;Gvozd&#8220; Lokacija / Position Latitude: &hellip; <a href="https://www.topohvar.at/topo/orte/vk/vk-tr-15-1/">Weiterlesen <span class="meta-nav">&rarr;</span></a></p>
