{"id":72904,"date":"2025-10-23T19:01:33","date_gmt":"2025-10-23T17:01:33","guid":{"rendered":"https:\/\/www.topohvar.at\/topo\/?page_id=72904"},"modified":"2025-12-01T08:31:47","modified_gmt":"2025-12-01T07:31:47","slug":"gm-tr-04-1","status":"publish","type":"page","link":"https:\/\/www.topohvar.at\/topo\/orte\/gm\/gm-tr-04-1\/","title":{"rendered":"MALO GRABLJE &#8211; Trim \u00bbGM-TR-04\u00ab"},"content":{"rendered":"<p><a name=\"seite_oben\"><\/a><br \/>\n<strong><img loading=\"lazy\" decoding=\"async\" class=\"aligncenter wp-image-72905 size-full\" src=\"https:\/\/www.topohvar.at\/wp-content\/uploads\/2025\/10\/GM-TR-04-01.jpg\" alt=\"\" width=\"1080\" height=\"530\" srcset=\"https:\/\/www.topohvar.at\/wp-content\/uploads\/2025\/10\/GM-TR-04-01.jpg 1080w, https:\/\/www.topohvar.at\/wp-content\/uploads\/2025\/10\/GM-TR-04-01-300x147.jpg 300w, https:\/\/www.topohvar.at\/wp-content\/uploads\/2025\/10\/GM-TR-04-01-1024x503.jpg 1024w, https:\/\/www.topohvar.at\/wp-content\/uploads\/2025\/10\/GM-TR-04-01-768x377.jpg 768w\" sizes=\"auto, (max-width: 1080px) 100vw, 1080px\" \/><\/strong><\/p>\n<p><strong>Ime \/ Name<br \/>\n<\/strong>Trim \u00bbGM-TR-04\u00ab<\/p>\n<p><strong>Code: <\/strong>GM-TR-04\u00a0 \u00a0 \u00a0 \u00a0 \u00a0 \u00a0 \u00a0 \u00a0 \u00a0 \u00a0 \u00a0 \u00a0 \u00a0 \u00a0 <a href=\"https:\/\/www.topohvar.at\/orte\/gm\/gm-tr-00-1\/\"><img loading=\"lazy\" decoding=\"async\" class=\"alignnone wp-image-12300 size-full\" src=\"https:\/\/www.topohvar.at\/wp-content\/uploads\/2018\/09\/push-vor-30.jpg\" alt=\"\" width=\"61\" height=\"30\" \/><\/a>\u00a0<strong><a href=\"https:\/\/www.topohvar.at\/orte\/gm\/gm-tr-03-1\/\"><img loading=\"lazy\" decoding=\"async\" class=\"alignnone wp-image-533 size-full\" src=\"https:\/\/www.topohvar.at\/wp-content\/uploads\/2018\/07\/push-l-30.jpg\" alt=\"\" width=\"61\" height=\"30\" \/><\/a> <a href=\"https:\/\/www.topohvar.at\/orte\/gm\/\"><img loading=\"lazy\" decoding=\"async\" class=\"alignnone wp-image-535 size-full\" src=\"https:\/\/www.topohvar.at\/wp-content\/uploads\/2018\/07\/push-o-30.jpg\" alt=\"\" width=\"61\" height=\"30\" \/><\/a> <a href=\"https:\/\/www.topohvar.at\/orte\/gm\/gm-tr-01-1\/\"><img loading=\"lazy\" decoding=\"async\" class=\"alignnone wp-image-536 size-full\" src=\"https:\/\/www.topohvar.at\/wp-content\/uploads\/2018\/07\/push-r-30.jpg\" alt=\"\" width=\"61\" height=\"30\" \/><\/a><\/strong><\/p>\n<hr \/>\n<p><strong>Adresa \/ Adresse<br \/>\n<\/strong>Malo Grablje, u selu<\/p>\n<p><strong>Lokacija \/ Position<a href=\"https:\/\/maps.app.goo.gl\/bBtKjRRRw1hMZqvf6\"><img loading=\"lazy\" decoding=\"async\" class=\"alignright wp-image-72906\" src=\"https:\/\/www.topohvar.at\/wp-content\/uploads\/2025\/10\/4356.jpg\" alt=\"\" width=\"134\" height=\"100\" \/><\/a><br \/>\n<\/strong><a href=\"https:\/\/maps.app.goo.gl\/bBtKjRRRw1hMZqvf6\"><span style=\"color: #3366ff;\">Latitude: N 43,16907\u00b0\u00a0 \u00a0Longitude: E 16,50276\u00b0<\/span><\/a> <strong><br \/>\n<\/strong>Visina \/ H\u00f6he: 157 m<\/p>\n<p><strong>Katastarska \u010destica \/ Grundst\u00fccke<br \/>\n<\/strong>*19<div class='content-column one_half'><div style=\"padding-right:6px;\"><p><strong>Datum snimanja \/ Erfassungsdatum<br \/>\n<\/strong>17.10.2025 10:50:00<\/p>\n<hr \/>\n<p><strong>Informacije<\/strong><\/p>\n<p>Trim na sjeverozapadnom rubu sela Malo Grablje je prili\u010dno o\u0161te\u0107en; kupola mugotovo u potpunosti nedostaje. Desna strana je ugra\u0111ena u planinsku padinu. Na vanjskoj strani, do biv\u0161eg krova vode konzolne kamene. Zidna ni\u0161a nalazi se desno iznad ulaza. Druga zidna ni\u0161a nalazi se u elipti\u010dnoj unutra\u0161njosti, \u010diji je pod neravan i ispresijecan kamenim grebenima. Trim se vi\u0161e ne koristi.<\/p><\/div><\/div><div class='content-column one_half last_column'><div style=\"padding-right:0px;padding-left:6px;\"><p><strong>Stupanj za\u0161tite \/ Schutzstellung<br \/>\n<\/strong>&#8211;<\/p>\n<hr \/>\n<p><strong>Info<\/strong><\/p>\n<p>Der Trim am nordwestlichen Rand des Dorfes Malo Grablje ist ziemlich besch\u00e4digt, Seine Kuppel fehlt fast zur G\u00e4nze. Die rechte Seite steckt im Berghang. An seiner Au\u00dfenseite f\u00fchren Kragstufen auf das ehemalige Dach. Rechts oberhalb des Eingangs findet sich eine Wandnische. Eine zweite Wandnische gibt es im ellipsenf\u00f6rmigen Innenraum dessen Boden nicht eben ist und von Felsrippen durchzogen ist. Der Trim wird nicht mehr verwendet.<\/p><\/div><\/div><div class='clear_column'><\/div><div class='content-column one_half'><div style=\"padding-right:6px;\"><div id=\"attachment_73591\" style=\"width: 310px\" class=\"wp-caption aligncenter\"><img loading=\"lazy\" decoding=\"async\" aria-describedby=\"caption-attachment-73591\" class=\"size-medium wp-image-73591\" src=\"https:\/\/www.topohvar.at\/wp-content\/uploads\/2025\/11\/GM-TR-04-20-300x300.jpg\" alt=\"\" width=\"300\" height=\"300\" srcset=\"https:\/\/www.topohvar.at\/wp-content\/uploads\/2025\/11\/GM-TR-04-20-300x300.jpg 300w, https:\/\/www.topohvar.at\/wp-content\/uploads\/2025\/11\/GM-TR-04-20-150x150.jpg 150w, https:\/\/www.topohvar.at\/wp-content\/uploads\/2025\/11\/GM-TR-04-20.jpg 450w\" sizes=\"auto, (max-width: 300px) 100vw, 300px\" \/><p id=\"caption-attachment-73591\" class=\"wp-caption-text\">Ulaz \/ Eingang<\/p><\/div>\n<p>Dana 17.10.2025 trim GM-TR-04 je posje\u0107en i ustanovljeno je sljede\u0107e:<\/p>\n<p>Lokacija: poljoprivredni sklop<br \/>\nPodloga: nako\u0161ena<br \/>\nPovezan s: kamenim zidom<br \/>\nUpotreba: ne koristi se<br \/>\nStanje: kupola se sru\u0161ila<br \/>\nBroj stepenica trima: 1<br \/>\nDodatni kameni prsten: nema prstena<br \/>\nStepeni\u0161te: konzolne stepenice<br \/>\nOblik kamena: uglast<br \/>\nPodru\u010dje ispred ulaza: lako dostupno<br \/>\nOrijentacija ulaza: S (20\u00b0)<br \/>\nPromjer trima (cm): 460<br \/>\nVisina trima (cm): ?<br \/>\nVisina stepenica (cm): stepenica 1: ?<br \/>\nDebljina zida (cm): 90<br \/>\n\u0160irina vrata (cm): 80<br \/>\nVisina vrata (cm): 150<br \/>\n\u0160irina unutra (cm): 270 &#8211; 280<br \/>\nVisina unutra (cm): ?<br \/>\nVolumen iznutra (m3): ?<br \/>\nNi\u0161a 1 (P\/\u0160\/V\/D) (cm): 75 \/ 25 \/ 25 \/ 30<\/p><\/div><\/div><div class='content-column one_half last_column'><div style=\"padding-right:0px;padding-left:6px;\"><div id=\"attachment_73592\" style=\"width: 310px\" class=\"wp-caption aligncenter\"><img loading=\"lazy\" decoding=\"async\" aria-describedby=\"caption-attachment-73592\" class=\"wp-image-73592 size-medium\" src=\"https:\/\/www.topohvar.at\/wp-content\/uploads\/2025\/11\/GM-TR-04-21-300x300.jpg\" alt=\"\" width=\"300\" height=\"300\" srcset=\"https:\/\/www.topohvar.at\/wp-content\/uploads\/2025\/11\/GM-TR-04-21-300x300.jpg 300w, https:\/\/www.topohvar.at\/wp-content\/uploads\/2025\/11\/GM-TR-04-21-150x150.jpg 150w, https:\/\/www.topohvar.at\/wp-content\/uploads\/2025\/11\/GM-TR-04-21.jpg 450w\" sizes=\"auto, (max-width: 300px) 100vw, 300px\" \/><p id=\"caption-attachment-73592\" class=\"wp-caption-text\">konzolne stepenice \/ Kragstufen an der Au\u00dfenwand<\/p><\/div>\n<p>Am 17.10.2025 wurde der Trim GM-TR-04 besucht und n\u00e4her untersucht:<\/p>\n<p>Standort: landwirtsch. Gemenge<br \/>\nUntergrund: geneigt<br \/>\nVerbunden mit: Steinmauer<br \/>\nNutzung: ungenutzt<br \/>\nZustand: Kuppel fehlt<br \/>\nAnzahl der Trimstufen: 1<br \/>\nZus\u00e4tzlicher Steinring: kein Steinring<br \/>\nStiege: Kragsteine<br \/>\nSteinform: kantig<br \/>\nEingangsbereich: frei<br \/>\nEingangsseite: N (20\u00b0)<br \/>\nTrimdurchmesser (cm): 460<br \/>\nTrimh\u00f6he (cm): ?<br \/>\nH\u00f6he der Trimstufen (cm): Stufe 1: ?<br \/>\nWandst\u00e4rke (cm): 90<br \/>\nT\u00fcrbreite (cm): 80<br \/>\nT\u00fcrh\u00f6he (cm): 150<br \/>\nInnenraumbreite (cm): 270 &#8211; 280<br \/>\nInnenraumh\u00f6he (cm): ?<br \/>\nRaumvolumen (m3): ?<br \/>\nNische 1 (P\/B\/H\/T) (cm): 75 \/ 25 \/ 25 \/ 30<\/p><\/div><\/div><div class='clear_column'><\/div><\/p>\n<p><img loading=\"lazy\" decoding=\"async\" class=\"alignleft size-full wp-image-73514\" src=\"https:\/\/www.topohvar.at\/wp-content\/uploads\/2025\/11\/gm-tr-04-scan.jpg\" alt=\"\" width=\"900\" height=\"1281\" srcset=\"https:\/\/www.topohvar.at\/wp-content\/uploads\/2025\/11\/gm-tr-04-scan.jpg 900w, https:\/\/www.topohvar.at\/wp-content\/uploads\/2025\/11\/gm-tr-04-scan-211x300.jpg 211w, https:\/\/www.topohvar.at\/wp-content\/uploads\/2025\/11\/gm-tr-04-scan-719x1024.jpg 719w, https:\/\/www.topohvar.at\/wp-content\/uploads\/2025\/11\/gm-tr-04-scan-768x1093.jpg 768w\" sizes=\"auto, (max-width: 900px) 100vw, 900px\" \/><\/p>\n<p style=\"text-align: right;\"><a href=\"#seite_oben\">natrag na vrh \/ Seitenanfang<\/a><\/p>\n<hr \/>\n<p><strong>Linkovi \/ Links<\/strong><\/p>\n<p>&#8211;<\/p>\n","protected":false},"excerpt":{"rendered":"<p>Ime \/ Name Trim \u00bbGM-TR-04\u00ab Code: GM-TR-04\u00a0 \u00a0 \u00a0 \u00a0 \u00a0 \u00a0 \u00a0 \u00a0 \u00a0 \u00a0 \u00a0 \u00a0 \u00a0 \u00a0 \u00a0 Adresa \/ Adresse Malo Grablje, u selu Lokacija \/ Position Latitude: N 43,16907\u00b0\u00a0 \u00a0Longitude: E 16,50276\u00b0 Visina \/ H\u00f6he: &hellip; <a href=\"https:\/\/www.topohvar.at\/topo\/orte\/gm\/gm-tr-04-1\/\">Weiterlesen <span class=\"meta-nav\">&rarr;<\/span><\/a><\/p>\n","protected":false},"author":1,"featured_media":0,"parent":74,"menu_order":0,"comment_status":"closed","ping_status":"closed","template":"","meta":{"footnotes":""},"class_list":["post-72904","page","type-page","status-publish","hentry"],"_links":{"self":[{"href":"https:\/\/www.topohvar.at\/topo\/wp-json\/wp\/v2\/pages\/72904","targetHints":{"allow":["GET"]}}],"collection":[{"href":"https:\/\/www.topohvar.at\/topo\/wp-json\/wp\/v2\/pages"}],"about":[{"href":"https:\/\/www.topohvar.at\/topo\/wp-json\/wp\/v2\/types\/page"}],"author":[{"embeddable":true,"href":"https:\/\/www.topohvar.at\/topo\/wp-json\/wp\/v2\/users\/1"}],"replies":[{"embeddable":true,"href":"https:\/\/www.topohvar.at\/topo\/wp-json\/wp\/v2\/comments?post=72904"}],"version-history":[{"count":9,"href":"https:\/\/www.topohvar.at\/topo\/wp-json\/wp\/v2\/pages\/72904\/revisions"}],"predecessor-version":[{"id":73712,"href":"https:\/\/www.topohvar.at\/topo\/wp-json\/wp\/v2\/pages\/72904\/revisions\/73712"}],"up":[{"embeddable":true,"href":"https:\/\/www.topohvar.at\/topo\/wp-json\/wp\/v2\/pages\/74"}],"wp:attachment":[{"href":"https:\/\/www.topohvar.at\/topo\/wp-json\/wp\/v2\/media?parent=72904"}],"curies":[{"name":"wp","href":"https:\/\/api.w.org\/{rel}","templated":true}]}}

<p><a name="seite_oben"></a><br />
<strong><img loading="lazy" decoding="async" class="aligncenter wp-image-72905 size-full" src="https://www.topohvar.at/wp-content/uploads/2025/10/GM-TR-04-01.jpg" alt="" width="1080" height="530" srcset="https://www.topohvar.at/wp-content/uploads/2025/10/GM-TR-04-01.jpg 1080w, https://www.topohvar.at/wp-content/uploads/2025/10/GM-TR-04-01-300x147.jpg 300w, https://www.topohvar.at/wp-content/uploads/2025/10/GM-TR-04-01-1024x503.jpg 1024w, https://www.topohvar.at/wp-content/uploads/2025/10/GM-TR-04-01-768x377.jpg 768w" sizes="auto, (max-width: 1080px) 100vw, 1080px" /></strong></p>
<p><strong>Ime / Name<br />
</strong>Trim »GM-TR-04«</p>
<p><strong>Code: </strong>GM-TR-04                            <a href="https://www.topohvar.at/orte/gm/gm-tr-00-1/"><img loading="lazy" decoding="async" class="alignnone wp-image-12300 size-full" src="https://www.topohvar.at/wp-content/uploads/2018/09/push-vor-30.jpg" alt="" width="61" height="30" /></a> <strong><a href="https://www.topohvar.at/orte/gm/gm-tr-03-1/"><img loading="lazy" decoding="async" class="alignnone wp-image-533 size-full" src="https://www.topohvar.at/wp-content/uploads/2018/07/push-l-30.jpg" alt="" width="61" height="30" /></a> <a href="https://www.topohvar.at/orte/gm/"><img loading="lazy" decoding="async" class="alignnone wp-image-535 size-full" src="https://www.topohvar.at/wp-content/uploads/2018/07/push-o-30.jpg" alt="" width="61" height="30" /></a> <a href="https://www.topohvar.at/orte/gm/gm-tr-01-1/"><img loading="lazy" decoding="async" class="alignnone wp-image-536 size-full" src="https://www.topohvar.at/wp-content/uploads/2018/07/push-r-30.jpg" alt="" width="61" height="30" /></a></strong></p>
<hr />
<p><strong>Adresa / Adresse<br />
</strong>Malo Grablje, u selu</p>
<p><strong>Lokacija / Position<a href="https://maps.app.goo.gl/bBtKjRRRw1hMZqvf6"><img loading="lazy" decoding="async" class="alignright wp-image-72906" src="https://www.topohvar.at/wp-content/uploads/2025/10/4356.jpg" alt="" width="134" height="100" /></a><br />
</strong><a href="https://maps.app.goo.gl/bBtKjRRRw1hMZqvf6"><span style="color: #3366ff;">Latitude: N 43,16907°   Longitude: E 16,50276°</span></a> <strong><br />
</strong>Visina / Höhe: 157 m</p>
<p><strong>Katastarska čestica / Grundstücke<br />
</strong>*19<div class='content-column one_half'><div style="padding-right:6px;"><p><strong>Datum snimanja / Erfassungsdatum<br />
</strong>17.10.2025 10:50:00</p>
<hr />
<p><strong>Informacije</strong></p>
<p>Trim na sjeverozapadnom rubu sela Malo Grablje je prilično oštećen; kupola mugotovo u potpunosti nedostaje. Desna strana je ugrađena u planinsku padinu. Na vanjskoj strani, do bivšeg krova vode konzolne kamene. Zidna niša nalazi se desno iznad ulaza. Druga zidna niša nalazi se u eliptičnoj unutrašnjosti, čiji je pod neravan i ispresijecan kamenim grebenima. Trim se više ne koristi.</p></div></div><div class='content-column one_half last_column'><div style="padding-right:0px;padding-left:6px;"><p><strong>Stupanj zaštite / Schutzstellung<br />
</strong>&#8211;</p>
<hr />
<p><strong>Info</strong></p>
<p>Der Trim am nordwestlichen Rand des Dorfes Malo Grablje ist ziemlich beschädigt, Seine Kuppel fehlt fast zur Gänze. Die rechte Seite steckt im Berghang. An seiner Außenseite führen Kragstufen auf das ehemalige Dach. Rechts oberhalb des Eingangs findet sich eine Wandnische. Eine zweite Wandnische gibt es im ellipsenförmigen Innenraum dessen Boden nicht eben ist und von Felsrippen durchzogen ist. Der Trim wird nicht mehr verwendet.</p></div></div><div class='clear_column'></div><div class='content-column one_half'><div style="padding-right:6px;"><div id="attachment_73591" style="width: 310px" class="wp-caption aligncenter"><img loading="lazy" decoding="async" aria-describedby="caption-attachment-73591" class="size-medium wp-image-73591" src="https://www.topohvar.at/wp-content/uploads/2025/11/GM-TR-04-20-300x300.jpg" alt="" width="300" height="300" srcset="https://www.topohvar.at/wp-content/uploads/2025/11/GM-TR-04-20-300x300.jpg 300w, https://www.topohvar.at/wp-content/uploads/2025/11/GM-TR-04-20-150x150.jpg 150w, https://www.topohvar.at/wp-content/uploads/2025/11/GM-TR-04-20.jpg 450w" sizes="auto, (max-width: 300px) 100vw, 300px" /><p id="caption-attachment-73591" class="wp-caption-text">Ulaz / Eingang</p></div>
<p>Dana 17.10.2025 trim GM-TR-04 je posjećen i ustanovljeno je sljedeće:</p>
<p>Lokacija: poljoprivredni sklop<br />
Podloga: nakošena<br />
Povezan s: kamenim zidom<br />
Upotreba: ne koristi se<br />
Stanje: kupola se srušila<br />
Broj stepenica trima: 1<br />
Dodatni kameni prsten: nema prstena<br />
Stepenište: konzolne stepenice<br />
Oblik kamena: uglast<br />
Područje ispred ulaza: lako dostupno<br />
Orijentacija ulaza: S (20°)<br />
Promjer trima (cm): 460<br />
Visina trima (cm): ?<br />
Visina stepenica (cm): stepenica 1: ?<br />
Debljina zida (cm): 90<br />
Širina vrata (cm): 80<br />
Visina vrata (cm): 150<br />
Širina unutra (cm): 270 &#8211; 280<br />
Visina unutra (cm): ?<br />
Volumen iznutra (m3): ?<br />
Niša 1 (P/Š/V/D) (cm): 75 / 25 / 25 / 30</p></div></div><div class='content-column one_half last_column'><div style="padding-right:0px;padding-left:6px;"><div id="attachment_73592" style="width: 310px" class="wp-caption aligncenter"><img loading="lazy" decoding="async" aria-describedby="caption-attachment-73592" class="wp-image-73592 size-medium" src="https://www.topohvar.at/wp-content/uploads/2025/11/GM-TR-04-21-300x300.jpg" alt="" width="300" height="300" srcset="https://www.topohvar.at/wp-content/uploads/2025/11/GM-TR-04-21-300x300.jpg 300w, https://www.topohvar.at/wp-content/uploads/2025/11/GM-TR-04-21-150x150.jpg 150w, https://www.topohvar.at/wp-content/uploads/2025/11/GM-TR-04-21.jpg 450w" sizes="auto, (max-width: 300px) 100vw, 300px" /><p id="caption-attachment-73592" class="wp-caption-text">konzolne stepenice / Kragstufen an der Außenwand</p></div>
<p>Am 17.10.2025 wurde der Trim GM-TR-04 besucht und näher untersucht:</p>
<p>Standort: landwirtsch. Gemenge<br />
Untergrund: geneigt<br />
Verbunden mit: Steinmauer<br />
Nutzung: ungenutzt<br />
Zustand: Kuppel fehlt<br />
Anzahl der Trimstufen: 1<br />
Zusätzlicher Steinring: kein Steinring<br />
Stiege: Kragsteine<br />
Steinform: kantig<br />
Eingangsbereich: frei<br />
Eingangsseite: N (20°)<br />
Trimdurchmesser (cm): 460<br />
Trimhöhe (cm): ?<br />
Höhe der Trimstufen (cm): Stufe 1: ?<br />
Wandstärke (cm): 90<br />
Türbreite (cm): 80<br />
Türhöhe (cm): 150<br />
Innenraumbreite (cm): 270 &#8211; 280<br />
Innenraumhöhe (cm): ?<br />
Raumvolumen (m3): ?<br />
Nische 1 (P/B/H/T) (cm): 75 / 25 / 25 / 30</p></div></div><div class='clear_column'></div></p>
<p><img loading="lazy" decoding="async" class="alignleft size-full wp-image-73514" src="https://www.topohvar.at/wp-content/uploads/2025/11/gm-tr-04-scan.jpg" alt="" width="900" height="1281" srcset="https://www.topohvar.at/wp-content/uploads/2025/11/gm-tr-04-scan.jpg 900w, https://www.topohvar.at/wp-content/uploads/2025/11/gm-tr-04-scan-211x300.jpg 211w, https://www.topohvar.at/wp-content/uploads/2025/11/gm-tr-04-scan-719x1024.jpg 719w, https://www.topohvar.at/wp-content/uploads/2025/11/gm-tr-04-scan-768x1093.jpg 768w" sizes="auto, (max-width: 900px) 100vw, 900px" /></p>
<p style="text-align: right;"><a href="#seite_oben">natrag na vrh / Seitenanfang</a></p>
<hr />
<p><strong>Linkovi / Links</strong></p>
<p>&#8211;</p>

<p>Ime / Name Trim »GM-TR-04« Code: GM-TR-04                              Adresa / Adresse Malo Grablje, u selu Lokacija / Position Latitude: N 43,16907°   Longitude: E 16,50276° Visina / Höhe: &hellip; <a href="https://www.topohvar.at/topo/orte/gm/gm-tr-04-1/">Weiterlesen <span class="meta-nav">&rarr;</span></a></p>
