{"id":73065,"date":"2025-10-28T13:58:26","date_gmt":"2025-10-28T12:58:26","guid":{"rendered":"https:\/\/www.topohvar.at\/topo\/?page_id=73065"},"modified":"2025-12-03T18:40:59","modified_gmt":"2025-12-03T17:40:59","slug":"sg-ip-25-1","status":"publish","type":"page","link":"https:\/\/www.topohvar.at\/topo\/orte\/sg\/sg-ip-25-1\/","title":{"rendered":"STARI GRAD &#8211; Informativna plo\u010da \u00bbBedemi Farosa\u00ab"},"content":{"rendered":"<p><a name=\"seite_oben\"><\/a><br \/>\n<img loading=\"lazy\" decoding=\"async\" class=\"alignleft wp-image-73066 size-full\" src=\"https:\/\/www.topohvar.at\/wp-content\/uploads\/2025\/10\/sg-ip-25-01.jpg\" alt=\"\" width=\"1080\" height=\"530\" srcset=\"https:\/\/www.topohvar.at\/wp-content\/uploads\/2025\/10\/sg-ip-25-01.jpg 1080w, https:\/\/www.topohvar.at\/wp-content\/uploads\/2025\/10\/sg-ip-25-01-300x147.jpg 300w, https:\/\/www.topohvar.at\/wp-content\/uploads\/2025\/10\/sg-ip-25-01-1024x503.jpg 1024w, https:\/\/www.topohvar.at\/wp-content\/uploads\/2025\/10\/sg-ip-25-01-768x377.jpg 768w\" sizes=\"auto, (max-width: 1080px) 100vw, 1080px\" \/><\/p>\n<p><strong>Ime \/ Name<br \/>\n<\/strong>Informativna plo\u010da \u00bbBedemi Farosa\u00ab \/ Infotafel \u00bbdie Stadtmauern von\u00a0 Faros\u00ab.<\/p>\n<p><strong>Code: <\/strong>SG-IP-25\u00a0 \u00a0 \u00a0 \u00a0 \u00a0 \u00a0 \u00a0 \u00a0 \u00a0 \u00a0 \u00a0 \u00a0 \u00a0 \u00a0 \u00a0 \u00a0 \u00a0 \u00a0 <strong><a href=\"https:\/\/www.topohvar.at\/orte\/sg\/sg-ip-16-1\/\"><img loading=\"lazy\" decoding=\"async\" class=\"alignnone wp-image-533 size-full\" src=\"https:\/\/www.topohvar.at\/wp-content\/uploads\/2018\/07\/push-l-30.jpg\" alt=\"\" width=\"61\" height=\"30\" \/><\/a> <a href=\"https:\/\/www.topohvar.at\/orte\/sg\/\"><img loading=\"lazy\" decoding=\"async\" class=\"alignnone wp-image-535 size-full\" src=\"https:\/\/www.topohvar.at\/wp-content\/uploads\/2018\/07\/push-o-30.jpg\" alt=\"\" width=\"61\" height=\"30\" \/><\/a> <a href=\"https:\/\/www.topohvar.at\/orte\/sg\/sg-ip-17-1\/\"><img loading=\"lazy\" decoding=\"async\" class=\"alignnone wp-image-536 size-full\" src=\"https:\/\/www.topohvar.at\/wp-content\/uploads\/2018\/07\/push-r-30.jpg\" alt=\"\" width=\"61\" height=\"30\" \/><\/a>\u00a0<a href=\"https:\/\/www.topohvar.at\/orte\/sg\/sg-is-19-2\/\"><img loading=\"lazy\" decoding=\"async\" class=\"alignnone wp-image-12299 size-full\" src=\"https:\/\/www.topohvar.at\/wp-content\/uploads\/2018\/09\/push-next-30.jpg\" alt=\"\" width=\"61\" height=\"30\" \/><\/a>\u00a0<\/strong><\/p>\n<hr \/>\n<p><strong>Adresa \/ Adresse<br \/>\n<\/strong>Stari Grad, Vukovarska Cesta 2<\/p>\n<p><strong>Lokacija \/ Position<a href=\"https:\/\/maps.app.goo.gl\/xUvwAZuPnkNmzdU98\"><img loading=\"lazy\" decoding=\"async\" class=\"alignright wp-image-73067\" src=\"https:\/\/www.topohvar.at\/wp-content\/uploads\/2025\/10\/4367.jpg\" alt=\"\" width=\"134\" height=\"100\" \/><\/a><br \/>\n<\/strong><a href=\"https:\/\/maps.app.goo.gl\/xUvwAZuPnkNmzdU98\"><span style=\"color: #3366ff;\">Latitude: N 43,18229\u00b0\u00a0 \u00a0Longitude: E 16,58918\u00b0 <\/span><\/a><strong><br \/>\n<\/strong>Visina \/ H\u00f6he: 8 m<\/p>\n<p><strong>Katastarska \u010destica \/ Grundst\u00fccke<br \/>\n<\/strong>10622\/2<div class='content-column one_half'><div style=\"padding-right:6px;\"><p><strong>Datum snimanja \/ Erfassungsdatum<br \/>\n<\/strong>11.10.2025 12:28:27<\/p>\n<hr \/>\n<p><strong>Informacije<\/strong><\/p>\n<p>U blizini ostataka bedemi starog Farosa nalazi se ova plo\u010da s informacijama na hrvatskom i engleskom jeziku.<\/p><\/div><\/div><div class='content-column one_half last_column'><div style=\"padding-right:0px;padding-left:6px;\"><p><strong>Stupanj za\u0161tite \/ Schutzstellung<br \/>\n<\/strong>&#8211;<\/p>\n<hr \/>\n<p><strong>Info<\/strong><\/p>\n<p>Bei den Resten der antiken Stadtmauer des alten Pharos steht diese Tafel mit Infos in kroatischer und englischer Sprache.<\/p><\/div><\/div><div class='clear_column'><\/div><\/p>\n<hr \/>\n<div class='content-column one_third'><div style=\"padding-right:6px;\"><p><strong>Bedemi Farosa<\/strong><\/p>\n<p>Iako su gr\u010dki pomorci i trgovci plovili Jadranom ve\u0107 od 7.\/6. st. pr. Kr., prve gr\u010dke kolonije na isto\u010dnoj obali Jadranaosnivaju se tek u 4. st. pr. Kr.<\/p><\/div><\/div><div class='content-column one_third'><div style=\"padding-right:6px;\"><p><strong>The Walls of Pharos<\/strong><\/p>\n<p>Although ancient Greek sailors and merchants sailed the Adriatic from 7th\/6th century BC, the first Greek colonies on the eastern Adriatic coast were established only in the 4th century BC.<\/p><\/div><\/div><div class='content-column one_third last_column'><div style=\"padding-right:0px;padding-left:6px;\"><p><strong>Die Stadtmauern von Pharos<\/strong><\/p>\n<p>Obwohl griechische Seefahrer und H\u00e4ndler bereits seit dem 7.\/6. Jahrhundert v. Chr. die Adria befuhren, wurden die ersten griechischen Kolonien an der Ostk\u00fcste der Adria erst im 4. Jahrhundert v. Chr. gegr\u00fcndet.<\/p><\/div><\/div><div class='clear_column'><\/div><div class='content-column one_third'><div style=\"padding-right:6px;\"><p>Tako su Grci s egejskog otoka Parosa osnovali 385.\/384. g. pr. Kr. svoju novu koloniju Faros na mjestu danasnjega Staroga Grada. Farosje svom relativno kratkom vremenu neovisnosti finkcionrao kao pravi grad-dr\u017eava (<em>polis<\/em>) koji je imao vlastiti teritorij (Farosa hora, dana\u0161nje Starogradsko polje), novac, radionice i razgranatu trgovinu.<\/p><\/div><\/div><div class='content-column one_third'><div style=\"padding-right:6px;\"><p>The Greeks from the Aegean island of Paros founded in 385\/384 BC,their new colony of Pharos on the site of present-day Stari Grad. In its relatively short period of independence, Pharos functioned as a proper city-state (<em>polis<\/em>) with its own territory (Chora of Pharo, today&#8217;s Stari Grad Plain), money, workshops, and a branched trade.<\/p><\/div><\/div><div class='content-column one_third last_column'><div style=\"padding-right:0px;padding-left:6px;\"><p>So gr\u00fcndeten die Griechen von der \u00c4g\u00e4isinsel Paros 385\/384 v. Chr. ihre neue Kolonie Pharos im Bereich des heutigen Stari Grad. W\u00e4hrend seiner relativ kurzen Unabh\u00e4ngigkeitszeit fungierte Pharos als vollwertiger Stadtstaat (<em>Polis<\/em>) mit eigenem Territorium (Pharosa Chora, das heutige Stari-Grader Feld), eigener W\u00e4hrung, Werkst\u00e4tten und einem regen Handel.<\/p><\/div><\/div><div class='clear_column'><\/div><div class='content-column one_third'><div style=\"padding-right:6px;\"><p>Ovdje vidljivi ostaci bedema, sa\u010duvani u duljini od 12 metara, potje\u010du iz turbulentnog vrenena kraja 3. st. pr. Kr. kada lokalni vladar Demetrije Faranin ulazi u sukobe s budu\u0107im vladarima Mediterana-Rimljanima.<\/p><\/div><\/div><div class='content-column one_third'><div style=\"padding-right:6px;\"><p>The remains of the city walls visible here, preserved in the length of 12 meters, date from the turbulent time at the end of the 3rd century BC when local ruler Demetrius of Pharos enters into conflict with the future rulers of the Mediterranean &#8211; the Romans.<\/p><\/div><\/div><div class='content-column one_third last_column'><div style=\"padding-right:0px;padding-left:6px;\"><p>Die hier sichtbaren Stadtmauerreste, die auf eine L\u00e4nge von 12 Metern erhalten sind, stammen aus der turbulenten Zeit des sp\u00e4ten 3. Jahrhunderts v. Chr., als der lokale Herrscher Demetrius Faraninus in Konflikt mit den zuk\u00fcnftigen Herrschern des Mittelmeerraums \u2013 den R\u00f6mern \u2013 geriet.<\/p><\/div><\/div><div class='clear_column'><\/div><div class='content-column one_third'><div style=\"padding-right:6px;\"><p>U tim nesidurnim vrenemina organizira se obrana grada, \u0161to uklju\u010duje i gradnju bedema. Dosada\u0161nja arheolo\u0161ka istra\u017eivanja jo\u0161 nisu utvrdila perimetar grada prije ove reorganizacije, ali se pretpostavlja da se grad rasprostirao na ve\u0107em prostoru nego do tada.<\/p><\/div><\/div><div class='content-column one_third'><div style=\"padding-right:6px;\"><p>In these uncertain times, it was necessary to organise the city\u00b4s defence, which included the construction of city walls. Archaeological studies to date have not yet identified the perimeter of the city prior to this reorganization, but it is assumed that the city spread over a larger area than before.<\/p><\/div><\/div><div class='content-column one_third last_column'><div style=\"padding-right:0px;padding-left:6px;\"><p>In diesen unruhigen Zeiten wurden die Verteidigungsanlagen der Stadt verst\u00e4rkt, unter anderem durch den Bau von Stadtmauern. Arch\u00e4ologische Forschungen konnten den Umfang der Stadt vor dieser Umstrukturierung bisher noch nicht genau bestimmen, man geht jedoch davon aus, dass sie sich \u00fcber ein gr\u00f6\u00dferes Gebiet erstreckte als zuvor.<\/p><\/div><\/div><div class='clear_column'><\/div><div class='content-column one_third'><div style=\"padding-right:6px;\"><p>Ovi ostaci bedema integralni su dio Arheolo\u0161kog parka Faros, koji se nalazi samo 50m isto\u010dno.<\/p><\/div><\/div><div class='content-column one_third'><div style=\"padding-right:6px;\"><p>These remains of the city walls are an integral part of the Faros Archaeological Park, located just 50m further east.<\/p><\/div><\/div><div class='content-column one_third last_column'><div style=\"padding-right:0px;padding-left:6px;\"><p>Diese \u00dcberreste der Befestigungsanlagen sind ein integraler Bestandteil des Arch\u00e4ologischen Parks von Faros, der sich nur 50 m \u00f6stlich befindet.<\/p><\/div><\/div><div class='clear_column'><\/div><\/p>\n<p style=\"text-align: right;\"><a href=\"#seite_oben\">natrag na vrh \/ Seitenanfang<\/a><\/p>\n<hr \/>\n<p><strong>Linkovi \/ Links<\/strong><\/p>\n<p><span style=\"color: #3366ff;\"><a style=\"color: #3366ff;\" href=\"https:\/\/www.topohvar.at\/topo\/orte\/sg\/sg-po-15-3\/\">Povijesni objekt \u00bbOstaci gr\u010dkih gradskih zidina\u00ab \/ Reste der griechischen Stadtmauer<\/a><br \/>\n<a style=\"color: #3366ff;\" href=\"https:\/\/www.topohvar.at\/orte\/sg\/sg-tg-48-1\/\">Zgrada \u00bbAGER \u2013 Agencija za upravljarje Starigradskim poljem\u00ab \/ AGER \u2013 <span style=\"color: #3366ff;\">Verwaltungsagentur Starigrader Feld<\/span><\/a><br \/>\n<a style=\"color: #3366ff;\" href=\"https:\/\/www.topohvar.at\/orte\/sg\/sg-po-07-2\/\">Povijesni lokalitet \u00bbRemetin vrt\u00ab\/ Historischer Ort \u201eGarten des Remetin\u201c<\/a><br \/>\n<a style=\"color: #3366ff;\" href=\"https:\/\/www.topohvar.at\/topo\/orte\/sg\/sg-po-16-2\/\">Povijesni objekt \u00bbBedem Pharie\u00ab \/ Historische Stadtmauer des alten Pharos<\/a><br \/>\n<\/span><\/p>\n","protected":false},"excerpt":{"rendered":"<p>Ime \/ Name Informativna plo\u010da \u00bbBedemi Farosa\u00ab \/ Infotafel \u00bbdie Stadtmauern von\u00a0 Faros\u00ab. Code: SG-IP-25\u00a0 \u00a0 \u00a0 \u00a0 \u00a0 \u00a0 \u00a0 \u00a0 \u00a0 \u00a0 \u00a0 \u00a0 \u00a0 \u00a0 \u00a0 \u00a0 \u00a0 \u00a0 \u00a0\u00a0 Adresa \/ Adresse Stari Grad, Vukovarska Cesta &hellip; <a href=\"https:\/\/www.topohvar.at\/topo\/orte\/sg\/sg-ip-25-1\/\">Weiterlesen <span class=\"meta-nav\">&rarr;<\/span><\/a><\/p>\n","protected":false},"author":1,"featured_media":0,"parent":99,"menu_order":0,"comment_status":"closed","ping_status":"closed","template":"","meta":{"footnotes":""},"class_list":["post-73065","page","type-page","status-publish","hentry"],"_links":{"self":[{"href":"https:\/\/www.topohvar.at\/topo\/wp-json\/wp\/v2\/pages\/73065","targetHints":{"allow":["GET"]}}],"collection":[{"href":"https:\/\/www.topohvar.at\/topo\/wp-json\/wp\/v2\/pages"}],"about":[{"href":"https:\/\/www.topohvar.at\/topo\/wp-json\/wp\/v2\/types\/page"}],"author":[{"embeddable":true,"href":"https:\/\/www.topohvar.at\/topo\/wp-json\/wp\/v2\/users\/1"}],"replies":[{"embeddable":true,"href":"https:\/\/www.topohvar.at\/topo\/wp-json\/wp\/v2\/comments?post=73065"}],"version-history":[{"count":8,"href":"https:\/\/www.topohvar.at\/topo\/wp-json\/wp\/v2\/pages\/73065\/revisions"}],"predecessor-version":[{"id":73822,"href":"https:\/\/www.topohvar.at\/topo\/wp-json\/wp\/v2\/pages\/73065\/revisions\/73822"}],"up":[{"embeddable":true,"href":"https:\/\/www.topohvar.at\/topo\/wp-json\/wp\/v2\/pages\/99"}],"wp:attachment":[{"href":"https:\/\/www.topohvar.at\/topo\/wp-json\/wp\/v2\/media?parent=73065"}],"curies":[{"name":"wp","href":"https:\/\/api.w.org\/{rel}","templated":true}]}}

STARI GRAD &#8211; Informativna ploča »Bedemi Farosa«

<p><a name="seite_oben"></a><br />
<img loading="lazy" decoding="async" class="alignleft wp-image-73066 size-full" src="https://www.topohvar.at/wp-content/uploads/2025/10/sg-ip-25-01.jpg" alt="" width="1080" height="530" srcset="https://www.topohvar.at/wp-content/uploads/2025/10/sg-ip-25-01.jpg 1080w, https://www.topohvar.at/wp-content/uploads/2025/10/sg-ip-25-01-300x147.jpg 300w, https://www.topohvar.at/wp-content/uploads/2025/10/sg-ip-25-01-1024x503.jpg 1024w, https://www.topohvar.at/wp-content/uploads/2025/10/sg-ip-25-01-768x377.jpg 768w" sizes="auto, (max-width: 1080px) 100vw, 1080px" /></p>
<p><strong>Ime / Name<br />
</strong>Informativna ploča »Bedemi Farosa« / Infotafel »die Stadtmauern von  Faros«.</p>
<p><strong>Code: </strong>SG-IP-25                                    <strong><a href="https://www.topohvar.at/orte/sg/sg-ip-16-1/"><img loading="lazy" decoding="async" class="alignnone wp-image-533 size-full" src="https://www.topohvar.at/wp-content/uploads/2018/07/push-l-30.jpg" alt="" width="61" height="30" /></a> <a href="https://www.topohvar.at/orte/sg/"><img loading="lazy" decoding="async" class="alignnone wp-image-535 size-full" src="https://www.topohvar.at/wp-content/uploads/2018/07/push-o-30.jpg" alt="" width="61" height="30" /></a> <a href="https://www.topohvar.at/orte/sg/sg-ip-17-1/"><img loading="lazy" decoding="async" class="alignnone wp-image-536 size-full" src="https://www.topohvar.at/wp-content/uploads/2018/07/push-r-30.jpg" alt="" width="61" height="30" /></a> <a href="https://www.topohvar.at/orte/sg/sg-is-19-2/"><img loading="lazy" decoding="async" class="alignnone wp-image-12299 size-full" src="https://www.topohvar.at/wp-content/uploads/2018/09/push-next-30.jpg" alt="" width="61" height="30" /></a> </strong></p>
<hr />
<p><strong>Adresa / Adresse<br />
</strong>Stari Grad, Vukovarska Cesta 2</p>
<p><strong>Lokacija / Position<a href="https://maps.app.goo.gl/xUvwAZuPnkNmzdU98"><img loading="lazy" decoding="async" class="alignright wp-image-73067" src="https://www.topohvar.at/wp-content/uploads/2025/10/4367.jpg" alt="" width="134" height="100" /></a><br />
</strong><a href="https://maps.app.goo.gl/xUvwAZuPnkNmzdU98"><span style="color: #3366ff;">Latitude: N 43,18229°   Longitude: E 16,58918° </span></a><strong><br />
</strong>Visina / Höhe: 8 m</p>
<p><strong>Katastarska čestica / Grundstücke<br />
</strong>10622/2<div class='content-column one_half'><div style="padding-right:6px;"><p><strong>Datum snimanja / Erfassungsdatum<br />
</strong>11.10.2025 12:28:27</p>
<hr />
<p><strong>Informacije</strong></p>
<p>U blizini ostataka bedemi starog Farosa nalazi se ova ploča s informacijama na hrvatskom i engleskom jeziku.</p></div></div><div class='content-column one_half last_column'><div style="padding-right:0px;padding-left:6px;"><p><strong>Stupanj zaštite / Schutzstellung<br />
</strong>&#8211;</p>
<hr />
<p><strong>Info</strong></p>
<p>Bei den Resten der antiken Stadtmauer des alten Pharos steht diese Tafel mit Infos in kroatischer und englischer Sprache.</p></div></div><div class='clear_column'></div></p>
<hr />
<div class='content-column one_third'><div style="padding-right:6px;"><p><strong>Bedemi Farosa</strong></p>
<p>Iako su grčki pomorci i trgovci plovili Jadranom već od 7./6. st. pr. Kr., prve grčke kolonije na istočnoj obali Jadranaosnivaju se tek u 4. st. pr. Kr.</p></div></div><div class='content-column one_third'><div style="padding-right:6px;"><p><strong>The Walls of Pharos</strong></p>
<p>Although ancient Greek sailors and merchants sailed the Adriatic from 7th/6th century BC, the first Greek colonies on the eastern Adriatic coast were established only in the 4th century BC.</p></div></div><div class='content-column one_third last_column'><div style="padding-right:0px;padding-left:6px;"><p><strong>Die Stadtmauern von Pharos</strong></p>
<p>Obwohl griechische Seefahrer und Händler bereits seit dem 7./6. Jahrhundert v. Chr. die Adria befuhren, wurden die ersten griechischen Kolonien an der Ostküste der Adria erst im 4. Jahrhundert v. Chr. gegründet.</p></div></div><div class='clear_column'></div><div class='content-column one_third'><div style="padding-right:6px;"><p>Tako su Grci s egejskog otoka Parosa osnovali 385./384. g. pr. Kr. svoju novu koloniju Faros na mjestu danasnjega Staroga Grada. Farosje svom relativno kratkom vremenu neovisnosti finkcionrao kao pravi grad-država (<em>polis</em>) koji je imao vlastiti teritorij (Farosa hora, današnje Starogradsko polje), novac, radionice i razgranatu trgovinu.</p></div></div><div class='content-column one_third'><div style="padding-right:6px;"><p>The Greeks from the Aegean island of Paros founded in 385/384 BC,their new colony of Pharos on the site of present-day Stari Grad. In its relatively short period of independence, Pharos functioned as a proper city-state (<em>polis</em>) with its own territory (Chora of Pharo, today&#8217;s Stari Grad Plain), money, workshops, and a branched trade.</p></div></div><div class='content-column one_third last_column'><div style="padding-right:0px;padding-left:6px;"><p>So gründeten die Griechen von der Ägäisinsel Paros 385/384 v. Chr. ihre neue Kolonie Pharos im Bereich des heutigen Stari Grad. Während seiner relativ kurzen Unabhängigkeitszeit fungierte Pharos als vollwertiger Stadtstaat (<em>Polis</em>) mit eigenem Territorium (Pharosa Chora, das heutige Stari-Grader Feld), eigener Währung, Werkstätten und einem regen Handel.</p></div></div><div class='clear_column'></div><div class='content-column one_third'><div style="padding-right:6px;"><p>Ovdje vidljivi ostaci bedema, sačuvani u duljini od 12 metara, potječu iz turbulentnog vrenena kraja 3. st. pr. Kr. kada lokalni vladar Demetrije Faranin ulazi u sukobe s budućim vladarima Mediterana-Rimljanima.</p></div></div><div class='content-column one_third'><div style="padding-right:6px;"><p>The remains of the city walls visible here, preserved in the length of 12 meters, date from the turbulent time at the end of the 3rd century BC when local ruler Demetrius of Pharos enters into conflict with the future rulers of the Mediterranean &#8211; the Romans.</p></div></div><div class='content-column one_third last_column'><div style="padding-right:0px;padding-left:6px;"><p>Die hier sichtbaren Stadtmauerreste, die auf eine Länge von 12 Metern erhalten sind, stammen aus der turbulenten Zeit des späten 3. Jahrhunderts v. Chr., als der lokale Herrscher Demetrius Faraninus in Konflikt mit den zukünftigen Herrschern des Mittelmeerraums – den Römern – geriet.</p></div></div><div class='clear_column'></div><div class='content-column one_third'><div style="padding-right:6px;"><p>U tim nesidurnim vrenemina organizira se obrana grada, što uključuje i gradnju bedema. Dosadašnja arheološka istraživanja još nisu utvrdila perimetar grada prije ove reorganizacije, ali se pretpostavlja da se grad rasprostirao na većem prostoru nego do tada.</p></div></div><div class='content-column one_third'><div style="padding-right:6px;"><p>In these uncertain times, it was necessary to organise the city´s defence, which included the construction of city walls. Archaeological studies to date have not yet identified the perimeter of the city prior to this reorganization, but it is assumed that the city spread over a larger area than before.</p></div></div><div class='content-column one_third last_column'><div style="padding-right:0px;padding-left:6px;"><p>In diesen unruhigen Zeiten wurden die Verteidigungsanlagen der Stadt verstärkt, unter anderem durch den Bau von Stadtmauern. Archäologische Forschungen konnten den Umfang der Stadt vor dieser Umstrukturierung bisher noch nicht genau bestimmen, man geht jedoch davon aus, dass sie sich über ein größeres Gebiet erstreckte als zuvor.</p></div></div><div class='clear_column'></div><div class='content-column one_third'><div style="padding-right:6px;"><p>Ovi ostaci bedema integralni su dio Arheološkog parka Faros, koji se nalazi samo 50m istočno.</p></div></div><div class='content-column one_third'><div style="padding-right:6px;"><p>These remains of the city walls are an integral part of the Faros Archaeological Park, located just 50m further east.</p></div></div><div class='content-column one_third last_column'><div style="padding-right:0px;padding-left:6px;"><p>Diese Überreste der Befestigungsanlagen sind ein integraler Bestandteil des Archäologischen Parks von Faros, der sich nur 50 m östlich befindet.</p></div></div><div class='clear_column'></div></p>
<p style="text-align: right;"><a href="#seite_oben">natrag na vrh / Seitenanfang</a></p>
<hr />
<p><strong>Linkovi / Links</strong></p>
<p><span style="color: #3366ff;"><a style="color: #3366ff;" href="https://www.topohvar.at/topo/orte/sg/sg-po-15-3/">Povijesni objekt »Ostaci grčkih gradskih zidina« / Reste der griechischen Stadtmauer</a><br />
<a style="color: #3366ff;" href="https://www.topohvar.at/orte/sg/sg-tg-48-1/">Zgrada »AGER – Agencija za upravljarje Starigradskim poljem« / AGER – <span style="color: #3366ff;">Verwaltungsagentur Starigrader Feld</span></a><br />
<a style="color: #3366ff;" href="https://www.topohvar.at/orte/sg/sg-po-07-2/">Povijesni lokalitet »Remetin vrt«/ Historischer Ort „Garten des Remetin“</a><br />
<a style="color: #3366ff;" href="https://www.topohvar.at/topo/orte/sg/sg-po-16-2/">Povijesni objekt »Bedem Pharie« / Historische Stadtmauer des alten Pharos</a><br />
</span></p>

<p>Ime / Name Informativna ploča »Bedemi Farosa« / Infotafel »die Stadtmauern von  Faros«. Code: SG-IP-25                                       Adresa / Adresse Stari Grad, Vukovarska Cesta &hellip; <a href="https://www.topohvar.at/topo/orte/sg/sg-ip-25-1/">Weiterlesen <span class="meta-nav">&rarr;</span></a></p>
