{"id":7426,"date":"2018-08-25T05:19:56","date_gmt":"2018-08-25T03:19:56","guid":{"rendered":"https:\/\/www.topohvar.at\/?page_id=7426"},"modified":"2022-01-26T18:38:46","modified_gmt":"2022-01-26T17:38:46","slug":"sv-ci-01-1","status":"publish","type":"page","link":"https:\/\/www.topohvar.at\/topo\/orte\/sv\/sv-ci-01-1\/","title":{"rendered":"SVIR\u010cE &#8211; \u017dupna crkva \u00bbSv. Magdalene\u00ab"},"content":{"rendered":"<p><a name=\"seite_oben\"><\/a><br \/>\n<strong><img loading=\"lazy\" decoding=\"async\" class=\"alignnone wp-image-7323 size-large\" src=\"https:\/\/www.topohvar.at\/wp-content\/uploads\/2018\/08\/SV-CI-01-0-1024x503.jpg\" alt=\"\" width=\"640\" height=\"314\" srcset=\"https:\/\/www.topohvar.at\/wp-content\/uploads\/2018\/08\/SV-CI-01-0-1024x503.jpg 1024w, https:\/\/www.topohvar.at\/wp-content\/uploads\/2018\/08\/SV-CI-01-0-300x147.jpg 300w, https:\/\/www.topohvar.at\/wp-content\/uploads\/2018\/08\/SV-CI-01-0-768x377.jpg 768w, https:\/\/www.topohvar.at\/wp-content\/uploads\/2018\/08\/SV-CI-01-0.jpg 1080w\" sizes=\"auto, (max-width: 640px) 100vw, 640px\" \/><\/strong><\/p>\n<p><strong>Ime \/ Name<br \/>\n<\/strong>\u017dupna crkva \u00bbSv. Magdalene\u00ab \/ Pfarrkirche zur hl. Magdalena<\/p>\n<p><strong>Code: <\/strong>SV-CI-01\u00a0 \u00a0 \u00a0 \u00a0 \u00a0 \u00a0 \u00a0 \u00a0<strong>\u00a0 \u00a0 \u00a0 \u00a0 \u00a0 \u00a0 \u00a0 \u00a0 \u00a0 \u00a0<a href=\"https:\/\/www.topohvar.at\/orte\/sv\/sv-ck-02-1\/\"><img loading=\"lazy\" decoding=\"async\" class=\"alignnone wp-image-533 size-full\" src=\"https:\/\/www.topohvar.at\/wp-content\/uploads\/2018\/07\/push-l-30.jpg\" alt=\"\" width=\"61\" height=\"30\" \/><\/a>\u00a0<a href=\"https:\/\/www.topohvar.at\/orte\/sv\/\"><img loading=\"lazy\" decoding=\"async\" class=\"alignnone wp-image-535 size-full\" src=\"https:\/\/www.topohvar.at\/wp-content\/uploads\/2018\/07\/push-o-30.jpg\" alt=\"\" width=\"61\" height=\"30\" \/><\/a>\u00a0<a href=\"https:\/\/www.topohvar.at\/orte\/sv\/sv-ci-02-1\/\"><img loading=\"lazy\" decoding=\"async\" class=\"alignnone wp-image-536 size-full\" src=\"https:\/\/www.topohvar.at\/wp-content\/uploads\/2018\/07\/push-r-30.jpg\" alt=\"\" width=\"61\" height=\"30\" \/><\/a><\/strong><\/p>\n<hr \/>\n<p><strong>Adresa \/ Adresse<br \/>\n<\/strong>Svir\u0107e<\/p>\n<p><strong>Lokacija<\/strong><strong> \/ Position<a href=\"https:\/\/goo.gl\/maps\/9cmvgZCSF3GJAiLS8\"><img loading=\"lazy\" decoding=\"async\" class=\"alignright wp-image-7641\" src=\"https:\/\/www.topohvar.at\/wp-content\/uploads\/2018\/08\/0786.jpg\" alt=\"\" width=\"134\" height=\"100\" \/><\/a><br \/>\n<\/strong><span style=\"color: #3366ff;\"><a style=\"color: #3366ff;\" href=\"https:\/\/goo.gl\/maps\/9cmvgZCSF3GJAiLS8\">Latitude: N 43,16015\u00b0\u00a0 \u00a0 Longitude: E 16,64971\u00b0\u00a0<\/a><\/span><strong><br \/>\n<\/strong>Visina \/ H\u00f6he: 87 m<\/p>\n<p><strong>Katastarska \u010destica<\/strong><strong> \/ Grundst\u00fccke<br \/>\n<\/strong>*259\/1, *259\/2, 4093<div class='content-column one_half'><div style=\"padding-right:6px;\"><p><strong>Datum snimanja \/ Erfassungsdatum<br \/>\n<\/strong>18.05.2013 09:28:10<\/p>\n<hr \/>\n<p><strong>Informacije<\/strong><\/p>\n<p>\u017dupna crkva Sv. Marije Magdalene u Svir\u010dima na otoku Hvaru izgra\u0111ena je godine 1777. na temeljima crkve iste svetice koja se spominje godine 1586. i jo\u0161 starije crkve Sv. Ilije koju spominje Hvarski statut iz 1331.<\/p><\/div><\/div><div class='content-column one_half last_column'><div style=\"padding-right:0px;padding-left:6px;\"><p><strong>Stupanj za\u0161tite <\/strong><strong>\/ Schutzstellung<br \/>\n<\/strong>Z-5742, P-867<\/p>\n<hr \/>\n<p><strong>Info<\/strong><\/p>\n<p>Die Pfarrkirche der hl. Maria Magdalena in Svir\u010de wurde im Jahr 1777 auf den Grundmauern einer Kirche die 1586 erw\u00e4hnt und einer noch \u00e4lteren Kirche des hl. Elias, die im Hvarer Statut von 1331 erw\u00e4hnt wird, errichtet.<\/p><\/div><\/div><div class='clear_column'><\/div><div class='content-column one_half'><div style=\"padding-right:6px;\"><p>\u017dupa se osniva 1690. godine. Dana\u0161nja \u017eupna crkva ima jednobrodna gra\u0111evina s plitkom, \u010detvrtastom apsidom, te dogra\u0111enom sakristijom. Samostoje\u0107i zvonik nalazi se ju\u017eno od glavnog ulaza. Na glavnom pro\u010delju je barokni portal profiliranih dovratnika s dijamantnim ukrasom u dnu. Nadvratnik barokne profilacije ima poluobli jastu\u010di\u0107 i otvoreni lu\u010dni zabat. Crkva isti\u010de se autenti\u010dno kupolom koju nema niti jedna crkva na otoka Hvaru.<\/p><\/div><\/div><div class='content-column one_half last_column'><div style=\"padding-right:0px;padding-left:6px;\"><p>Die Pfarre wurde 1690 gegr\u00fcndet. Die heutige Pfarrkirche ist einschiffig mit einer flachen, quadratischen Apsis und einer Sakristei. Der Glockenturm steht frei s\u00fcdlich des Haupteinganges. An der Hauptfassade befindet sich ein barockes Portal mit profilierten T\u00fcrrahmen und Diamantdekoration unten. Der Sturz im Stile des Barocks mit halbkreisf\u00f6rmigen Polster hat einen offenen gew\u00f6lbten Giebel. Die Kirche zeichnet sich authentisch durch eine Kuppel aus, die keine Kirche auf der Insel Hvar hat.<\/p><\/div><\/div><div class='clear_column'><\/div><div class='content-column one_half'><div style=\"padding-right:6px;\"><p>Velikim dijelom je dogra\u0111ena, podvostru\u010dena, 1914. godine na poticaj i uz potporu onda\u0161njega splitskog i makarskog pomo\u0107nog biskupa dr. Jurja Cari\u0107a, ro\u0111enog u Svir\u010dima, koji ju je posvetio te godine na blagdan Sv. Magdalene 22. srpnja.<\/p><\/div><\/div><div class='content-column one_half last_column'><div style=\"padding-right:0px;padding-left:6px;\"><p>Auf Anregung und Unterst\u00fctzung des damaligen Bischofs von Split und Makarska Dr. Juraj Cari\u0107, geboren in Svir\u010de, wurde die Kirche im Jahr 1914 durch gro\u00dfe Zubauten verdoppelt. Dr. Juraj Cari\u0107 weihte sie am Festtag der hl. Maria Magdalena, den 22. Juli, ein.<\/p><\/div><\/div><div class='clear_column'><\/div><div class='content-column one_half'><div style=\"padding-right:6px;\"><p>Blagdan, Sv. Magdalena &#8211; Svir\u010de 22.07<\/p><\/div><\/div><div class='content-column one_half last_column'><div style=\"padding-right:0px;padding-left:6px;\"><p>Der Feiertag der hl. Magdalena wird am 22. Juli gefeiert.<\/p><\/div><\/div><div class='clear_column'><\/div><div class='content-column one_half'><div style=\"padding-right:6px;\"><p>Registra kilzutnih dobara Republike Hrvartske br. 03\/2012, lista za\u0161ti\u0107enih kulturnih dobara:<br \/>\nBroj registra: Z-5742<br \/>\nRje\u0161enje: 28.8.2012<\/p>\n<p>\u010cemprese su za\u0161ti\u010deni spomenik kulture.<\/p><\/div><\/div><div class='content-column one_half last_column'><div style=\"padding-right:0px;padding-left:6px;\"><p>Register der Kulturg\u00fcter der Republik Kroatien Nr. 02\/2016, Liste der gesch\u00fctzten Kulturg\u00fcter:<br \/>\nRegistrierungsnummer: Z-5742<br \/>\nEntscheidung vom: 28.8.2012<\/p>\n<p>Die Zypressen sind ein gesch\u00fctztes Kulturdenkmal.<\/p><\/div><\/div><div class='clear_column'><\/div><\/p>\n<hr \/>\n<div class='content-column one_half'><div style=\"padding-right:6px;\"><p><strong>Zvonik<\/strong><\/p>\n<p>Od izvorne crkve u Svir\u010du iz 1777. godine sa\u010duvana je samo barokna zvonika.<\/p><\/div><\/div><div class='content-column one_half last_column'><div style=\"padding-right:0px;padding-left:6px;\"><p><strong>Glockenturm<\/strong><\/p>\n<p>Von der urspr\u00fcnglichen Kirche in Svir\u010de aus dem Jahr 1777 blieb nur der barocke Glockenturm erhalten.<\/p><\/div><\/div><div class='clear_column'><\/div><div class='content-column one_half'><div style=\"padding-right:6px;\"><p>Nakon natpisa na ulazu u toranj, pla\u0107eni su tro\u0161kovi (za obnovu?) stanovni\u0161tva Svir\u010de 1856. godine.<\/p><\/div><\/div><div class='content-column one_half last_column'><div style=\"padding-right:0px;padding-left:6px;\"><p>Nach der Inschrift am Turmeingang wurden die Kosten (f\u00fcr die Renovierung?) von der Bev\u00f6lkerung von Svir\u010de im Jahr 1856 geleistet.<\/p><\/div><\/div><div class='clear_column'><\/div><div class='content-column one_half'><div style=\"padding-right:6px;\"><p>Memorijska plo\u010da &#8222;Anki Makjani\u0107&#8220; na isto\u010dnoj strani.<\/p><\/div><\/div><div class='content-column one_half last_column'><div style=\"padding-right:0px;padding-left:6px;\"><p>Gedenktafel \u201eAnki Makjani\u0107\u201c an der Ostseite.<\/p><\/div><\/div><div class='clear_column'><\/div><\/p>\n<p style=\"text-align: right;\"><span style=\"color: #3366ff;\"><a style=\"color: #3366ff;\" href=\"#seite_oben\">natrag na vrh \/ Seitenanfang<\/a><\/span><\/p>\n<p><img loading=\"lazy\" decoding=\"async\" class=\"alignnone size-large wp-image-7375\" src=\"https:\/\/www.topohvar.at\/wp-content\/uploads\/2018\/08\/sv-oz-01-0-1024x503.jpg\" alt=\"\" width=\"640\" height=\"314\" srcset=\"https:\/\/www.topohvar.at\/wp-content\/uploads\/2018\/08\/sv-oz-01-0-1024x503.jpg 1024w, https:\/\/www.topohvar.at\/wp-content\/uploads\/2018\/08\/sv-oz-01-0-300x147.jpg 300w, https:\/\/www.topohvar.at\/wp-content\/uploads\/2018\/08\/sv-oz-01-0-768x377.jpg 768w, https:\/\/www.topohvar.at\/wp-content\/uploads\/2018\/08\/sv-oz-01-0.jpg 1080w\" sizes=\"auto, (max-width: 640px) 100vw, 640px\" \/><\/p>\n<hr \/>\n<p><strong>Linkovi \/ Links<\/strong><\/p>\n<p><span style=\"color: #3366ff;\"><a style=\"color: #3366ff;\" href=\"https:\/\/www.topohvar.at\/orte\/sv\/sv-is-05-1\/\">Spomen plo\u010da \u00bbIzgradnja crkve 1777\u00ab \/ Gedenktafel Bau der Kirche 1777<\/a><\/span><br \/>\n<span style=\"color: #3366ff;\"><a style=\"color: #3366ff;\" href=\"https:\/\/www.topohvar.at\/orte\/sv\/sv-is-10-1\/\">Spomen plo\u010da \u00bbDom moj\u00ab \/ Gedenktafel &#8211; Mein Zuhause<\/a><br \/>\n<\/span><span style=\"color: #3366ff;\"><a style=\"color: #3366ff;\" href=\"https:\/\/www.topohvar.at\/orte\/sv\/sv-in-03-1\/\">Natpis na ulazu u toranj \/ Inschrift am Turmeingang<\/a>\u00a0\u00a0<\/span><br \/>\n<span style=\"color: #3366ff;\"><a style=\"color: #3366ff;\" href=\"https:\/\/www.topohvar.at\/orte\/sv\/sv-is-02-1\/\">Spomen plo\u010da \/ Gedenktafel Anki Makjani\u0107<\/a>\u00a0\u00a0<\/span><\/p>\n<p>&nbsp;<\/p>\n","protected":false},"excerpt":{"rendered":"<p>Ime \/ Name \u017dupna crkva \u00bbSv. Magdalene\u00ab \/ Pfarrkirche zur hl. Magdalena Code: SV-CI-01\u00a0 \u00a0 \u00a0 \u00a0 \u00a0 \u00a0 \u00a0 \u00a0\u00a0 \u00a0 \u00a0 \u00a0 \u00a0 \u00a0 \u00a0 \u00a0 \u00a0 \u00a0\u00a0\u00a0 Adresa \/ Adresse Svir\u0107e Lokacija \/ Position Latitude: N 43,16015\u00b0\u00a0 &hellip; <a href=\"https:\/\/www.topohvar.at\/topo\/orte\/sv\/sv-ci-01-1\/\">Weiterlesen <span class=\"meta-nav\">&rarr;<\/span><\/a><\/p>\n","protected":false},"author":1,"featured_media":0,"parent":106,"menu_order":0,"comment_status":"closed","ping_status":"closed","template":"","meta":{"footnotes":""},"class_list":["post-7426","page","type-page","status-publish","hentry"],"_links":{"self":[{"href":"https:\/\/www.topohvar.at\/topo\/wp-json\/wp\/v2\/pages\/7426","targetHints":{"allow":["GET"]}}],"collection":[{"href":"https:\/\/www.topohvar.at\/topo\/wp-json\/wp\/v2\/pages"}],"about":[{"href":"https:\/\/www.topohvar.at\/topo\/wp-json\/wp\/v2\/types\/page"}],"author":[{"embeddable":true,"href":"https:\/\/www.topohvar.at\/topo\/wp-json\/wp\/v2\/users\/1"}],"replies":[{"embeddable":true,"href":"https:\/\/www.topohvar.at\/topo\/wp-json\/wp\/v2\/comments?post=7426"}],"version-history":[{"count":17,"href":"https:\/\/www.topohvar.at\/topo\/wp-json\/wp\/v2\/pages\/7426\/revisions"}],"predecessor-version":[{"id":56819,"href":"https:\/\/www.topohvar.at\/topo\/wp-json\/wp\/v2\/pages\/7426\/revisions\/56819"}],"up":[{"embeddable":true,"href":"https:\/\/www.topohvar.at\/topo\/wp-json\/wp\/v2\/pages\/106"}],"wp:attachment":[{"href":"https:\/\/www.topohvar.at\/topo\/wp-json\/wp\/v2\/media?parent=7426"}],"curies":[{"name":"wp","href":"https:\/\/api.w.org\/{rel}","templated":true}]}}