{"id":7464,"date":"2018-08-25T05:57:33","date_gmt":"2018-08-25T03:57:33","guid":{"rendered":"https:\/\/www.topohvar.at\/?page_id=7464"},"modified":"2020-12-16T18:18:10","modified_gmt":"2020-12-16T17:18:10","slug":"sv-cs-03-1","status":"publish","type":"page","link":"https:\/\/www.topohvar.at\/topo\/orte\/sv\/sv-cs-03-1\/","title":{"rendered":"SVIR\u010cE &#8211; Kapelica \u00bbSv. Ante (3)\u00ab"},"content":{"rendered":"<p><strong><img loading=\"lazy\" decoding=\"async\" class=\"alignnone wp-image-7337 size-large\" src=\"https:\/\/www.topohvar.at\/wp-content\/uploads\/2018\/08\/SV-CS-03-0-1024x503.jpg\" alt=\"\" width=\"640\" height=\"314\" srcset=\"https:\/\/www.topohvar.at\/wp-content\/uploads\/2018\/08\/SV-CS-03-0-1024x503.jpg 1024w, https:\/\/www.topohvar.at\/wp-content\/uploads\/2018\/08\/SV-CS-03-0-300x147.jpg 300w, https:\/\/www.topohvar.at\/wp-content\/uploads\/2018\/08\/SV-CS-03-0-768x377.jpg 768w, https:\/\/www.topohvar.at\/wp-content\/uploads\/2018\/08\/SV-CS-03-0.jpg 1080w\" sizes=\"auto, (max-width: 640px) 100vw, 640px\" \/><\/strong><\/p>\n<p><strong>Ime \/ Name<br \/>\n<\/strong>Kapelica \u00bbSv. Ante (3)\u00ab \/ Bildstock des hl. Antonius (3)<\/p>\n<p><strong>Code: <\/strong>SV-CS-03\u00a0 \u00a0 \u00a0 \u00a0 \u00a0 \u00a0 \u00a0 \u00a0<strong>\u00a0 \u00a0 \u00a0 \u00a0 \u00a0 \u00a0 \u00a0 \u00a0 \u00a0 \u00a0<a href=\"https:\/\/www.topohvar.at\/orte\/sv\/sv-cs-06-1\/\"><img loading=\"lazy\" decoding=\"async\" class=\"alignnone wp-image-533 size-full\" src=\"https:\/\/www.topohvar.at\/wp-content\/uploads\/2018\/07\/push-l-30.jpg\" alt=\"\" width=\"61\" height=\"30\" \/><\/a>\u00a0<a href=\"https:\/\/www.topohvar.at\/orte\/sv\/\"><img loading=\"lazy\" decoding=\"async\" class=\"alignnone wp-image-535 size-full\" src=\"https:\/\/www.topohvar.at\/wp-content\/uploads\/2018\/07\/push-o-30.jpg\" alt=\"\" width=\"61\" height=\"30\" \/><\/a>\u00a0<a href=\"https:\/\/www.topohvar.at\/orte\/sv\/sv-cs-05-1\/\"><img loading=\"lazy\" decoding=\"async\" class=\"alignnone wp-image-536 size-full\" src=\"https:\/\/www.topohvar.at\/wp-content\/uploads\/2018\/07\/push-r-30.jpg\" alt=\"\" width=\"61\" height=\"30\" \/><\/a><\/strong><\/p>\n<hr \/>\n<p><strong>Adresa \/ Adresse<br \/>\n<\/strong><\/p>\n<p>Svir\u010de,\u00a0na zapadu mjesta \/ im Westen der Ortes<\/p>\n<p><strong>Lokalna polo\u017eaj \/ Position<a href=\"https:\/\/goo.gl\/maps\/nmBiv8ot3UbzXvZFA\"><img loading=\"lazy\" decoding=\"async\" class=\"alignright wp-image-7743\" src=\"https:\/\/www.topohvar.at\/wp-content\/uploads\/2018\/08\/0800.jpg\" alt=\"\" width=\"134\" height=\"100\" \/><\/a><br \/>\n<\/strong><span style=\"color: #3366ff;\"><a style=\"color: #3366ff;\" href=\"https:\/\/goo.gl\/maps\/nmBiv8ot3UbzXvZFA\">Latitude: N 43,15857\u00b0\u00a0 \u00a0 Longitude: E 16,64251\u00b0<\/a>\u00a0<\/span><strong><br \/>\n<\/strong>Visina \/ H\u00f6he: 126 m<\/p>\n<p><strong>Zemlji\u0161te \/ Grundst\u00fccke<br \/>\n<\/strong>3073<div class='content-column one_half'><div style=\"padding-right:6px;\"><p><strong>Datum snimanja \/ Erfassungsdatum<br \/>\n<\/strong>26.10.2014 09:17:38<\/p>\n<hr \/>\n<p><strong>Informacije<\/strong><\/p>\n<p>Kapelica Sv. Ante na potpornom zidu 1919. godine sagradio je Ante Bo\u017eikovi\u0107.<\/p><\/div><\/div><div class='content-column one_half last_column'><div style=\"padding-right:0px;padding-left:6px;\"><p><strong>Za\u0161titni polo\u017eaj \/ Schutzstellung<br \/>\n<\/strong>&#8211;<\/p>\n<hr \/>\n<p><strong>Info<\/strong><\/p>\n<p>Der Bildstock des hl. Antonius auf der St\u00fctzmauer wurde im Jahr 1919 von Anton Bo\u017eikovi\u0107 errichtet.<\/p><\/div><\/div><div class='clear_column'><\/div><div class='content-column one_half'><div style=\"padding-right:6px;\"><p>Spomen plo\u010da:<\/p>\n<p style=\"text-align: center;\">SVETI ANTUNE<br \/>\nMOLI ZA<br \/>\nNAS<br \/>\nANTE BO\u017dIKOVI\u0106<br \/>\nSAGRADIO<br \/>\nGOD 1919 4<\/p><\/div><\/div><div class='content-column one_half last_column'><div style=\"padding-right:0px;padding-left:6px;\"><p>Gedenktafel:<\/p>\n<p style=\"text-align: center;\">Heiliger Antonius<br \/>\nbitte f\u00fcr<br \/>\nuns<br \/>\nErrichtet von<br \/>\nAnte Bo\u017eikovi\u0107<br \/>\nim Jahr 1919 (April?)<\/p><\/div><\/div><div class='clear_column'><\/div><\/p>\n<hr \/>\n<p><strong>Linkovi \/ Links<\/strong><\/p>\n<p>&#8211;<\/p>\n","protected":false},"excerpt":{"rendered":"<p>Ime \/ Name Kapelica \u00bbSv. Ante (3)\u00ab \/ Bildstock des hl. Antonius (3) Code: SV-CS-03\u00a0 \u00a0 \u00a0 \u00a0 \u00a0 \u00a0 \u00a0 \u00a0\u00a0 \u00a0 \u00a0 \u00a0 \u00a0 \u00a0 \u00a0 \u00a0 \u00a0 \u00a0\u00a0\u00a0 Adresa \/ Adresse Svir\u010de,\u00a0na zapadu mjesta \/ im Westen &hellip; <a href=\"https:\/\/www.topohvar.at\/topo\/orte\/sv\/sv-cs-03-1\/\">Weiterlesen <span class=\"meta-nav\">&rarr;<\/span><\/a><\/p>\n","protected":false},"author":1,"featured_media":0,"parent":106,"menu_order":0,"comment_status":"closed","ping_status":"closed","template":"","meta":{"footnotes":""},"class_list":["post-7464","page","type-page","status-publish","hentry"],"_links":{"self":[{"href":"https:\/\/www.topohvar.at\/topo\/wp-json\/wp\/v2\/pages\/7464","targetHints":{"allow":["GET"]}}],"collection":[{"href":"https:\/\/www.topohvar.at\/topo\/wp-json\/wp\/v2\/pages"}],"about":[{"href":"https:\/\/www.topohvar.at\/topo\/wp-json\/wp\/v2\/types\/page"}],"author":[{"embeddable":true,"href":"https:\/\/www.topohvar.at\/topo\/wp-json\/wp\/v2\/users\/1"}],"replies":[{"embeddable":true,"href":"https:\/\/www.topohvar.at\/topo\/wp-json\/wp\/v2\/comments?post=7464"}],"version-history":[{"count":10,"href":"https:\/\/www.topohvar.at\/topo\/wp-json\/wp\/v2\/pages\/7464\/revisions"}],"predecessor-version":[{"id":46005,"href":"https:\/\/www.topohvar.at\/topo\/wp-json\/wp\/v2\/pages\/7464\/revisions\/46005"}],"up":[{"embeddable":true,"href":"https:\/\/www.topohvar.at\/topo\/wp-json\/wp\/v2\/pages\/106"}],"wp:attachment":[{"href":"https:\/\/www.topohvar.at\/topo\/wp-json\/wp\/v2\/media?parent=7464"}],"curies":[{"name":"wp","href":"https:\/\/api.w.org\/{rel}","templated":true}]}}

SVIRČE &#8211; Kapelica »Sv. Ante (3)«

<p><strong><img loading="lazy" decoding="async" class="alignnone wp-image-7337 size-large" src="https://www.topohvar.at/wp-content/uploads/2018/08/SV-CS-03-0-1024x503.jpg" alt="" width="640" height="314" srcset="https://www.topohvar.at/wp-content/uploads/2018/08/SV-CS-03-0-1024x503.jpg 1024w, https://www.topohvar.at/wp-content/uploads/2018/08/SV-CS-03-0-300x147.jpg 300w, https://www.topohvar.at/wp-content/uploads/2018/08/SV-CS-03-0-768x377.jpg 768w, https://www.topohvar.at/wp-content/uploads/2018/08/SV-CS-03-0.jpg 1080w" sizes="auto, (max-width: 640px) 100vw, 640px" /></strong></p>
<p><strong>Ime / Name<br />
</strong>Kapelica »Sv. Ante (3)« / Bildstock des hl. Antonius (3)</p>
<p><strong>Code: </strong>SV-CS-03               <strong>                   <a href="https://www.topohvar.at/orte/sv/sv-cs-06-1/"><img loading="lazy" decoding="async" class="alignnone wp-image-533 size-full" src="https://www.topohvar.at/wp-content/uploads/2018/07/push-l-30.jpg" alt="" width="61" height="30" /></a> <a href="https://www.topohvar.at/orte/sv/"><img loading="lazy" decoding="async" class="alignnone wp-image-535 size-full" src="https://www.topohvar.at/wp-content/uploads/2018/07/push-o-30.jpg" alt="" width="61" height="30" /></a> <a href="https://www.topohvar.at/orte/sv/sv-cs-05-1/"><img loading="lazy" decoding="async" class="alignnone wp-image-536 size-full" src="https://www.topohvar.at/wp-content/uploads/2018/07/push-r-30.jpg" alt="" width="61" height="30" /></a></strong></p>
<hr />
<p><strong>Adresa / Adresse<br />
</strong></p>
<p>Svirče, na zapadu mjesta / im Westen der Ortes</p>
<p><strong>Lokalna položaj / Position<a href="https://goo.gl/maps/nmBiv8ot3UbzXvZFA"><img loading="lazy" decoding="async" class="alignright wp-image-7743" src="https://www.topohvar.at/wp-content/uploads/2018/08/0800.jpg" alt="" width="134" height="100" /></a><br />
</strong><span style="color: #3366ff;"><a style="color: #3366ff;" href="https://goo.gl/maps/nmBiv8ot3UbzXvZFA">Latitude: N 43,15857°    Longitude: E 16,64251°</a> </span><strong><br />
</strong>Visina / Höhe: 126 m</p>
<p><strong>Zemljište / Grundstücke<br />
</strong>3073<div class='content-column one_half'><div style="padding-right:6px;"><p><strong>Datum snimanja / Erfassungsdatum<br />
</strong>26.10.2014 09:17:38</p>
<hr />
<p><strong>Informacije</strong></p>
<p>Kapelica Sv. Ante na potpornom zidu 1919. godine sagradio je Ante Božiković.</p></div></div><div class='content-column one_half last_column'><div style="padding-right:0px;padding-left:6px;"><p><strong>Zaštitni položaj / Schutzstellung<br />
</strong>&#8211;</p>
<hr />
<p><strong>Info</strong></p>
<p>Der Bildstock des hl. Antonius auf der Stützmauer wurde im Jahr 1919 von Anton Božiković errichtet.</p></div></div><div class='clear_column'></div><div class='content-column one_half'><div style="padding-right:6px;"><p>Spomen ploča:</p>
<p style="text-align: center;">SVETI ANTUNE<br />
MOLI ZA<br />
NAS<br />
ANTE BOŽIKOVIĆ<br />
SAGRADIO<br />
GOD 1919 4</p></div></div><div class='content-column one_half last_column'><div style="padding-right:0px;padding-left:6px;"><p>Gedenktafel:</p>
<p style="text-align: center;">Heiliger Antonius<br />
bitte für<br />
uns<br />
Errichtet von<br />
Ante Božiković<br />
im Jahr 1919 (April?)</p></div></div><div class='clear_column'></div></p>
<hr />
<p><strong>Linkovi / Links</strong></p>
<p>&#8211;</p>

<p>Ime / Name Kapelica »Sv. Ante (3)« / Bildstock des hl. Antonius (3) Code: SV-CS-03                                     Adresa / Adresse Svirče, na zapadu mjesta / im Westen &hellip; <a href="https://www.topohvar.at/topo/orte/sv/sv-cs-03-1/">Weiterlesen <span class="meta-nav">&rarr;</span></a></p>
