{"id":7551,"date":"2018-08-25T07:12:10","date_gmt":"2018-08-25T05:12:10","guid":{"rendered":"https:\/\/www.topohvar.at\/?page_id=7551"},"modified":"2024-07-30T16:12:25","modified_gmt":"2024-07-30T14:12:25","slug":"sv-aa-06-1","status":"publish","type":"page","link":"https:\/\/www.topohvar.at\/topo\/orte\/sv\/sv-aa-06-1\/","title":{"rendered":"SVIR\u010cE &#8211; Zaseok \u00bbVorhi\u00ab"},"content":{"rendered":"<p><a name=\"seite_oben\"><\/a><img loading=\"lazy\" decoding=\"async\" class=\"aligncenter wp-image-29836 size-large\" src=\"https:\/\/www.topohvar.at\/wp-content\/uploads\/2020\/01\/sv-aa-06-1-1024x503.jpg\" alt=\"\" width=\"640\" height=\"314\" srcset=\"https:\/\/www.topohvar.at\/wp-content\/uploads\/2020\/01\/sv-aa-06-1-1024x503.jpg 1024w, https:\/\/www.topohvar.at\/wp-content\/uploads\/2020\/01\/sv-aa-06-1-300x147.jpg 300w, https:\/\/www.topohvar.at\/wp-content\/uploads\/2020\/01\/sv-aa-06-1-768x377.jpg 768w, https:\/\/www.topohvar.at\/wp-content\/uploads\/2020\/01\/sv-aa-06-1.jpg 1080w\" sizes=\"auto, (max-width: 640px) 100vw, 640px\" \/><\/p>\n<p><strong>Ime \/ Name<br \/>\n<\/strong>Zaseok \u00bbVorhi\u00ab \/ Weiler \u00bbVorhi\u00ab<\/p>\n<p><strong>Code: <\/strong>SV-AA-06\u00a0 \u00a0 \u00a0 \u00a0 \u00a0 \u00a0 \u00a0 \u00a0<strong>\u00a0 \u00a0 \u00a0 \u00a0 \u00a0 \u00a0 \u00a0 \u00a0 \u00a0 \u00a0<a href=\"https:\/\/www.topohvar.at\/orte\/sv\/sv-aa-00-1\/\"><img loading=\"lazy\" decoding=\"async\" class=\"alignnone wp-image-533 size-full\" src=\"https:\/\/www.topohvar.at\/wp-content\/uploads\/2018\/07\/push-l-30.jpg\" alt=\"\" width=\"61\" height=\"30\" \/><\/a>\u00a0<a href=\"https:\/\/www.topohvar.at\/orte\/sv\/\"><img loading=\"lazy\" decoding=\"async\" class=\"alignnone wp-image-535 size-full\" src=\"https:\/\/www.topohvar.at\/wp-content\/uploads\/2018\/07\/push-o-30.jpg\" alt=\"\" width=\"61\" height=\"30\" \/><\/a> <a href=\"https:\/\/www.topohvar.at\/topo\/orte\/sv\/sv-ai-01-1\/\"><img loading=\"lazy\" decoding=\"async\" class=\"alignnone wp-image-536 size-full\" src=\"https:\/\/www.topohvar.at\/wp-content\/uploads\/2018\/07\/push-r-30.jpg\" alt=\"\" width=\"61\" height=\"30\" \/><\/a><\/strong><\/p>\n<hr \/>\n<p><strong>Adresa \/ Adresse<br \/>\n<\/strong>Svir\u010de, Poljica, Vorhi<\/p>\n<p><strong>Lokacija<\/strong><strong> \/ Position<a href=\"https:\/\/goo.gl\/maps\/tnXHtWpgrH3MGxt78\"><img loading=\"lazy\" decoding=\"async\" class=\"alignright wp-image-29833\" src=\"https:\/\/www.topohvar.at\/wp-content\/uploads\/2020\/01\/2119.jpg\" alt=\"\" width=\"134\" height=\"100\" \/><\/a><br \/>\n<\/strong><span style=\"color: #3366ff;\"><a style=\"color: #3366ff;\" href=\"https:\/\/goo.gl\/maps\/tnXHtWpgrH3MGxt78\">Latitude: N 43,14578\u00b0\u00a0 \u00a0 Longitude: E 16,60617\u00b0<\/a><\/span>\u00a0<strong><br \/>\n<\/strong>Visina \/ H\u00f6he: 470 m<\/p>\n<p><strong>Katastarska \u010destica<\/strong><strong> \/ Grundst\u00fccke<br \/>\n<\/strong>&#8211;<div class='content-column one_half'><div style=\"padding-right:6px;\"><p><strong>Datum snimanja \/ Erfassungsdatum<br \/>\n<\/strong>07.05.2015 11:30:00<\/p>\n<hr \/>\n<p><strong>Informacije<\/strong><\/p>\n<p>Manje polje koje je smje\u0161teno na visoravni podno samog najvi\u0161eg vrha otoka, Svetog Nikole. Polje je usmjereno u pravcu istok-zapad, a na njegovom sjeveroisto\u010dnom dijelu smje\u0161teno je nekoliko ku\u0107a s ogra\u00f1enim dvori\u0161tima. Ku\u0107e su gra\u00f1ene u suhozidu, prvenstveno gospodarske namjene, ali s mogu\u0107no\u0161\u0107u privremenog boravka ljudi. Tu je i mnogo, uglavnom dobro o\u010duvanog trima. Cjelina polja ome\u00f1enih suhozidima\u00a0i predstavlja s ku\u0107ama i trimima na rubovima izuzetno kvalitetan ambijent.<\/p><\/div><\/div><div class='content-column one_half last_column'><div style=\"padding-right:0px;padding-left:6px;\"><p><strong>Stupanj za\u0161tite<\/strong><strong> \/ Schutzstellung<br \/>\n<\/strong>&#8211;<\/p>\n<hr \/>\n<p><strong>Info<\/strong><\/p>\n<p>Ein kleineres Feld befindet sich auf dem Plateauboden unterhalb des h\u00f6chsten Gipfels der Insel (Sv. Nikola). Das Feld ist Ost-West orientiert. Im nord\u00f6stlichen Teil gibt es mehrere H\u00e4user mit eingez\u00e4unten H\u00f6fen. Die H\u00e4user waren urspr\u00fcnglich aus Trockensteinmauern gebaut. Das Untergeschoss diente haupts\u00e4chlich wirtschaftlichen Zwecken, boten aber auch Platz f\u00fcr vor\u00fcbergehende Wohnm\u00f6glichkeit. Es finden sich hier auch viele, meist gut erhaltene Trims. Der gesamte Bereich ist von Trockenmauern umgeben und repr\u00e4sentiert mit den H\u00e4usern und Trims an den R\u00e4ndern ein \u00e4u\u00dferst hochwertiges Ambiente.<\/p><\/div><\/div><div class='clear_column'><\/div><\/p>\n<p><a href=\"https:\/\/www.topohvar.at\/wp-content\/uploads\/2024\/07\/sv-aa-06-11.jpg\"><img loading=\"lazy\" decoding=\"async\" class=\"aligncenter wp-image-69264 size-full\" src=\"https:\/\/www.topohvar.at\/wp-content\/uploads\/2024\/07\/sv-aa-06-11.jpg\" alt=\"\" width=\"1080\" height=\"663\" srcset=\"https:\/\/www.topohvar.at\/wp-content\/uploads\/2024\/07\/sv-aa-06-11.jpg 1080w, https:\/\/www.topohvar.at\/wp-content\/uploads\/2024\/07\/sv-aa-06-11-300x184.jpg 300w, https:\/\/www.topohvar.at\/wp-content\/uploads\/2024\/07\/sv-aa-06-11-1024x629.jpg 1024w, https:\/\/www.topohvar.at\/wp-content\/uploads\/2024\/07\/sv-aa-06-11-768x471.jpg 768w\" sizes=\"auto, (max-width: 1080px) 100vw, 1080px\" \/><\/a><\/p>\n<p style=\"text-align: right;\"><span style=\"color: #3366ff;\"><a style=\"color: #3366ff;\" href=\"#seite_oben\">natrag na vrh \/ Seitenanfang<\/a><\/span><\/p>\n<hr \/>\n<p><strong>Linkovi \/ Links<\/strong><\/p>\n<p>&#8211;<\/p>\n","protected":false},"excerpt":{"rendered":"<p>Ime \/ Name Zaseok \u00bbVorhi\u00ab \/ Weiler \u00bbVorhi\u00ab Code: SV-AA-06\u00a0 \u00a0 \u00a0 \u00a0 \u00a0 \u00a0 \u00a0 \u00a0\u00a0 \u00a0 \u00a0 \u00a0 \u00a0 \u00a0 \u00a0 \u00a0 \u00a0 \u00a0\u00a0 Adresa \/ Adresse Svir\u010de, Poljica, Vorhi Lokacija \/ Position Latitude: N 43,14578\u00b0\u00a0 \u00a0 Longitude: &hellip; <a href=\"https:\/\/www.topohvar.at\/topo\/orte\/sv\/sv-aa-06-1\/\">Weiterlesen <span class=\"meta-nav\">&rarr;<\/span><\/a><\/p>\n","protected":false},"author":1,"featured_media":0,"parent":106,"menu_order":0,"comment_status":"closed","ping_status":"closed","template":"","meta":{"footnotes":""},"class_list":["post-7551","page","type-page","status-publish","hentry"],"_links":{"self":[{"href":"https:\/\/www.topohvar.at\/topo\/wp-json\/wp\/v2\/pages\/7551","targetHints":{"allow":["GET"]}}],"collection":[{"href":"https:\/\/www.topohvar.at\/topo\/wp-json\/wp\/v2\/pages"}],"about":[{"href":"https:\/\/www.topohvar.at\/topo\/wp-json\/wp\/v2\/types\/page"}],"author":[{"embeddable":true,"href":"https:\/\/www.topohvar.at\/topo\/wp-json\/wp\/v2\/users\/1"}],"replies":[{"embeddable":true,"href":"https:\/\/www.topohvar.at\/topo\/wp-json\/wp\/v2\/comments?post=7551"}],"version-history":[{"count":18,"href":"https:\/\/www.topohvar.at\/topo\/wp-json\/wp\/v2\/pages\/7551\/revisions"}],"predecessor-version":[{"id":69266,"href":"https:\/\/www.topohvar.at\/topo\/wp-json\/wp\/v2\/pages\/7551\/revisions\/69266"}],"up":[{"embeddable":true,"href":"https:\/\/www.topohvar.at\/topo\/wp-json\/wp\/v2\/pages\/106"}],"wp:attachment":[{"href":"https:\/\/www.topohvar.at\/topo\/wp-json\/wp\/v2\/media?parent=7551"}],"curies":[{"name":"wp","href":"https:\/\/api.w.org\/{rel}","templated":true}]}}