{"id":7565,"date":"2018-08-25T07:23:56","date_gmt":"2018-08-25T05:23:56","guid":{"rendered":"https:\/\/www.topohvar.at\/?page_id=7565"},"modified":"2024-09-10T12:24:21","modified_gmt":"2024-09-10T10:24:21","slug":"sv-tr-10-1","status":"publish","type":"page","link":"https:\/\/www.topohvar.at\/topo\/orte\/sv\/sv-tr-10-1\/","title":{"rendered":"SVIR\u010cE &#8211; Trim \u00bbSV-TR-10 (Veliki trim Vrankovi\u0107-Plon\u010dini)\u00ab"},"content":{"rendered":"<p><a name=\"seite_oben\"><\/a><\/p>\n<p><img loading=\"lazy\" decoding=\"async\" class=\"size-full wp-image-50951\" src=\"https:\/\/www.topohvar.at\/wp-content\/uploads\/2021\/08\/sv-tr-10-20.jpg\" alt=\"\" width=\"1080\" height=\"530\" srcset=\"https:\/\/www.topohvar.at\/wp-content\/uploads\/2021\/08\/sv-tr-10-20.jpg 1080w, https:\/\/www.topohvar.at\/wp-content\/uploads\/2021\/08\/sv-tr-10-20-300x147.jpg 300w, https:\/\/www.topohvar.at\/wp-content\/uploads\/2021\/08\/sv-tr-10-20-1024x503.jpg 1024w, https:\/\/www.topohvar.at\/wp-content\/uploads\/2021\/08\/sv-tr-10-20-768x377.jpg 768w\" sizes=\"auto, (max-width: 1080px) 100vw, 1080px\" \/><\/p>\n<p><strong>Ime \/ Name<br \/>\n<\/strong>Trim \u00bbSV-TR-10 (Veliki trim \/ gro\u00dfer Trim Vrankovi\u0107-Plon\u010dini)\u00ab<\/p>\n<p><strong>Code: <\/strong>SV-TR-10\u00a0 \u00a0 \u00a0 \u00a0 \u00a0 \u00a0 \u00a0 \u00a0 \u00a0 \u00a0 \u00a0 \u00a0 \u00a0<strong>\u00a0 \u00a0 \u00a0 \u00a0 <a href=\"https:\/\/www.topohvar.at\/orte\/sv\/sv-tr-00-1\/\"><img loading=\"lazy\" decoding=\"async\" class=\"alignnone wp-image-12300 size-full\" src=\"https:\/\/www.topohvar.at\/wp-content\/uploads\/2018\/09\/push-vor-30.jpg\" alt=\"\" width=\"61\" height=\"30\" \/><\/a> <a href=\"https:\/\/www.topohvar.at\/orte\/sv\/sv-tr-35-1\/\"><img loading=\"lazy\" decoding=\"async\" class=\"alignnone wp-image-533 size-full\" src=\"https:\/\/www.topohvar.at\/wp-content\/uploads\/2018\/07\/push-l-30.jpg\" alt=\"\" width=\"61\" height=\"30\" \/><\/a>\u00a0<a href=\"https:\/\/www.topohvar.at\/orte\/sv\/\"><img loading=\"lazy\" decoding=\"async\" class=\"alignnone wp-image-535 size-full\" src=\"https:\/\/www.topohvar.at\/wp-content\/uploads\/2018\/07\/push-o-30.jpg\" alt=\"\" width=\"61\" height=\"30\" \/><\/a>\u00a0<a href=\"https:\/\/www.topohvar.at\/orte\/sv\/sv-tr-11-1\/\"><img loading=\"lazy\" decoding=\"async\" class=\"alignnone wp-image-536 size-full\" src=\"https:\/\/www.topohvar.at\/wp-content\/uploads\/2018\/07\/push-r-30.jpg\" alt=\"\" width=\"61\" height=\"30\" \/><\/a><\/strong><\/p>\n<hr \/>\n<p><strong>Adresa \/ Adresse<br \/>\n<\/strong>Svir\u010de, Poljica<\/p>\n<p><strong>Lokacija \/ Position<a href=\"https:\/\/goo.gl\/maps\/RNZoxZRDwzPWdPSZ6\"><img loading=\"lazy\" decoding=\"async\" class=\"alignright wp-image-7954\" src=\"https:\/\/www.topohvar.at\/wp-content\/uploads\/2018\/08\/0829.jpg\" alt=\"\" width=\"133\" height=\"100\" \/><\/a><br \/>\n<\/strong><a href=\"https:\/\/goo.gl\/maps\/RNZoxZRDwzPWdPSZ6\">Latitude: N 43,14298\u00b0\u00a0 \u00a0 Longitude: E 16,61856\u00b0\u00a0<\/a><strong><br \/>\n<\/strong>Visina \/ H\u00f6he: 435 m<\/p>\n<p><strong>Katastarska \u010destica \/ Grundst\u00fccke<br \/>\n<\/strong>2153\/2<div class='content-column one_half'><div style=\"padding-right:6px;\"><p><strong>Datum snimanja \/ Erfassungsdatum<br \/>\n<\/strong>07.05.2015 10:50:53<\/p>\n<hr \/>\n<p><strong>Informacije<\/strong><\/p>\n<p>Ivan Vrankovi\u0107 bio je poglavar obiteljske \u017eupe koja je posjedovala poljoprivredno zemlji\u0161te. Podignuo je nekoliko trime, od kojih je najpoznatija hrpa trima na cesti Jelsa-Svir\u010de (VK-TR-04).<\/p><\/div><\/div><div class='content-column one_half last_column'><div style=\"padding-right:0px;padding-left:6px;\"><p><strong>Stupanj za\u0161tite \/ Schutzstellung<br \/>\n<\/strong>&#8211;<\/p>\n<hr \/>\n<p><strong>Info<\/strong><\/p>\n<p>Ivan Vrankovi\u0107 war das Haupt einer Familiengemeinde, die landwirtschaftliche Grundst\u00fccke besa\u00df. Er errichtete mehrere Trims, von denen der Trim-Haufen an der Stra\u00dfe Jelsa-Svir\u010de am bekanntesten ist (VK-TR-04).<\/p><\/div><\/div><div class='clear_column'><\/div><div class='content-column one_half'><div style=\"padding-right:6px;\"><p>Trim je na putu od Svir\u010da preko Poljica do Sv. Nikola vodi neposredno prije nego \u0161to do\u0111ete do visoravni. Trim konusnog oblika djelomi\u010dno je zaglavljen u obroncima planine. \u201eArhai\u010dnog\u201c je oblika: kalota sa nediferenciranim prijelazom izme\u0111u zida i kupole. Gra\u0111en je od izrazito nepravilnog kamena \u0161to u kombinaciji sa veli\u010dinom govori o vje\u0161tini i odlu\u010dnosti graditelja. Njegove dvije stupenje te\u0161ko je prepoznati.<\/p><\/div><\/div><div class='content-column one_half last_column'><div style=\"padding-right:0px;padding-left:6px;\"><p>Der Trim befindet sich am Weg der von Svir\u010de \u00fcber Poljica nach Sv. Nikola f\u00fchrt, kurz bevor man auf die Hochebene kommt. Der Trim mit einer konischen Form steckt zum Teil im Berghang. Er hat eine \u201earchaische\u201c Form: eine Kuppel mit einem undifferenzierten \u00dcbergang zwischen Wand und Kuppel. Er wurde aus extrem unregelm\u00e4\u00dfigem Stein gebaut, was in Kombination mit seiner Gr\u00f6\u00dfe vom K\u00f6nnen und der Entschlossenheit des Erbauers zeugt. Seine zwei Stufen sind nur schwach ausgebildet.<\/p><\/div><\/div><div class='clear_column'><\/div><div class='content-column one_half'><div style=\"padding-right:6px;\"><p>Nadvoj nad ulazom je pribli\u017enih dimenzija 30 x 120 x 75 cm \u0161to pomno\u017eeno sa 2,5 t\/m<sup>3<\/sup> daje impresivnu te\u017einu od preko 650 kg. Unutra\u0161njost je visoka i okrugla. Dio zida napravljen je od stijene. Trim je u dobrom stanju, ali se vi\u0161e ne koristi. Jedan od najzanimljivijih i najnetipi\u010dnijih trima na Hvaru.<\/p><\/div><\/div><div class='content-column one_half last_column'><div style=\"padding-right:0px;padding-left:6px;\"><p>Der Sturz \u00fcber dem Eingang hat ungef\u00e4hre Ma\u00dfe von 30 x 120 x 75 cm, was multipliziert mit 2,5 t\/m<sup>3<\/sup> ein beeindruckendes Gewicht von \u00fcber 650 kg ergibt.\u00a0 Der Innenraum ist hoch und rund. Ein Teil der Wand besteht aus Felsgestein. Der Trim ist gut erhalten, wird aber nicht mehr genutzt. Er ist einer der interessantesten und untypischsten Trims auf Hvar.<\/p><\/div><\/div><div class='clear_column'><\/div><div class='content-column one_half'><div style=\"padding-right:6px;\"><p><em>Informacije su dopunjene &#8222;izvje\u0161taj sa jesenskog vikend terena na otoku Hvaru 22. i 23. studenog 2014. &#8211; S Antunom Vrankovi\u0107em u lovu na trime.\u201d<\/em><\/p><\/div><\/div><div class='content-column one_half last_column'><div style=\"padding-right:0px;padding-left:6px;\"><p><em>Die Infos wurden erg\u00e4nzt durch einen &#8222;Bericht vom Herbstwochenende auf der Insel Hvar am 22. und 23. November 2014 &#8211; Mit Antun Vrankovi\u0107 auf der Jagd nach Trims&#8220;<\/em><\/p>\n<p><strong>\u00a0<\/strong><\/div><\/div><div class='clear_column'><\/div><div class='content-column one_half'><div style=\"padding-right:6px;\"><div id=\"attachment_50952\" style=\"width: 310px\" class=\"wp-caption aligncenter\"><img loading=\"lazy\" decoding=\"async\" aria-describedby=\"caption-attachment-50952\" class=\"size-medium wp-image-50952\" src=\"https:\/\/www.topohvar.at\/wp-content\/uploads\/2021\/08\/sv-tr-10-23-300x300.jpg\" alt=\"\" width=\"300\" height=\"300\" srcset=\"https:\/\/www.topohvar.at\/wp-content\/uploads\/2021\/08\/sv-tr-10-23-300x300.jpg 300w, https:\/\/www.topohvar.at\/wp-content\/uploads\/2021\/08\/sv-tr-10-23-150x150.jpg 150w, https:\/\/www.topohvar.at\/wp-content\/uploads\/2021\/08\/sv-tr-10-23.jpg 450w\" sizes=\"auto, (max-width: 300px) 100vw, 300px\" \/><p id=\"caption-attachment-50952\" class=\"wp-caption-text\">Ulaz \/ Eingang<\/p><\/div><\/div><\/div><div class='content-column one_half last_column'><div style=\"padding-right:0px;padding-left:6px;\"><div id=\"attachment_50953\" style=\"width: 310px\" class=\"wp-caption aligncenter\"><img loading=\"lazy\" decoding=\"async\" aria-describedby=\"caption-attachment-50953\" class=\"size-medium wp-image-50953\" src=\"https:\/\/www.topohvar.at\/wp-content\/uploads\/2021\/08\/sv-tr-10-25-300x300.jpg\" alt=\"\" width=\"300\" height=\"300\" srcset=\"https:\/\/www.topohvar.at\/wp-content\/uploads\/2021\/08\/sv-tr-10-25-300x300.jpg 300w, https:\/\/www.topohvar.at\/wp-content\/uploads\/2021\/08\/sv-tr-10-25-150x150.jpg 150w, https:\/\/www.topohvar.at\/wp-content\/uploads\/2021\/08\/sv-tr-10-25.jpg 450w\" sizes=\"auto, (max-width: 300px) 100vw, 300px\" \/><p id=\"caption-attachment-50953\" class=\"wp-caption-text\">Unutra\u0161njost trima \/ Innenraum<\/p><\/div><\/div><\/div><div class='clear_column'><\/div><div class='content-column one_half'><div style=\"padding-right:6px;\"><p>Dana 21.04.2021 trim je posje\u0107en i ustanovljeno je sljede\u0107e:<\/p>\n<p>Lokacija: grmlje<br \/>\nPodloga: padina<br \/>\nPovezan s: nije povezan, samostoje\u0107i, izoliran<br \/>\nUpotreba: ne koristi se<br \/>\nStanje: dobro sa\u010duvan<br \/>\nBroj stepenica trima: 1<br \/>\nDodatni kameni prsten: nema kamenog prstena<br \/>\nStepeni\u0161te: nema<br \/>\nOblik kamena: uglast<br \/>\nPodru\u010dje ispred ulaza: lako dostupno<br \/>\nOrijentacija ulaza: Z (270\u00b0)<br \/>\nPromjer trima (cm): 470<br \/>\nVisina trima (cm): 400<br \/>\nVisina stepenica (cm): stepenica 1: 350<br \/>\nDebljina zida (cm): 100<br \/>\n\u0160irina vrata (cm): 100<br \/>\nVisina vrata (cm): 125<br \/>\n\u0160irina unutra (cm): 250 &#8211; 270<br \/>\nVisina unutra (cm): 350<br \/>\nVolumen iznutra (m3): 11,22<br \/>\nNema ni\u0161e<\/p><\/div><\/div><div class='content-column one_half last_column'><div style=\"padding-right:0px;padding-left:6px;\"><p>Am 21.04.2021 wurde der Trim besucht und n\u00e4her untersucht:<\/p>\n<p>Standort: Buschwerk<br \/>\nUntergrund: Hanglage<br \/>\nVerbunden mit: freistehend<br \/>\nNutzung: ungenutzt<br \/>\nZustand: gut erhalten<br \/>\nAnzahl der Trimstufen: 1<br \/>\nZus\u00e4tzlicher Steinring: kein Steinring<br \/>\nStiege: keine<br \/>\nSteinform: kantig<br \/>\nEingangsbereich: frei<br \/>\nEingangsseite: W (270\u00b0)<br \/>\nTrimdurchmesser (cm): 470<br \/>\nTrimh\u00f6he (cm): 400<br \/>\nH\u00f6he der Trimstufen (cm): Stufe 1: 350<br \/>\nWandst\u00e4rke (cm): 100<br \/>\nT\u00fcrbreite (cm): 100<br \/>\nT\u00fcrh\u00f6he (cm): 125<br \/>\nInnenraumbreite (cm): 250 &#8211; 270<br \/>\nInnenraumh\u00f6he (cm): 350<br \/>\nRaumvolumen (m3): 11,22<br \/>\nKeine Nische<\/p><\/div><\/div><div class='clear_column'><\/div><\/p>\n<p><img loading=\"lazy\" decoding=\"async\" class=\"aligncenter size-full wp-image-50954\" src=\"https:\/\/www.topohvar.at\/wp-content\/uploads\/2021\/08\/sv-tr-10-scan.jpg\" alt=\"\" width=\"600\" height=\"917\" srcset=\"https:\/\/www.topohvar.at\/wp-content\/uploads\/2021\/08\/sv-tr-10-scan.jpg 600w, https:\/\/www.topohvar.at\/wp-content\/uploads\/2021\/08\/sv-tr-10-scan-196x300.jpg 196w\" sizes=\"auto, (max-width: 600px) 100vw, 600px\" \/><\/p>\n<p>&nbsp;<\/p>\n<p style=\"text-align: right;\"><a href=\"#seite_oben\">natrag na vrh \/ Seitenanfang<\/a><\/p>\n<hr \/>\n<p><strong>Linkovi \/ Links<\/strong><\/p>\n<p><span style=\"color: #3366ff;\"><a style=\"color: #3366ff;\" href=\"https:\/\/www.topohvar.at\/orte\/sv\/sv-tg-07-1\/\">Sklop ku\u0107a Vrankovi\u0107 \/ Hof der\u00a0Vrankovi\u0107<\/a><br \/>\n<\/span><span style=\"color: #3366ff;\"><a style=\"color: #3366ff;\" href=\"https:\/\/www.topohvar.at\/orte\/vk\/vk-tr-04-1\/\">Vrisnik:\u00a0 \u00a0 \u00a0 \u00a0 Trim \u00bbVK-TR-04\u00ab (Trim Vrankovi\u0107a &#8211; &#8222;u gomile&#8220;)<\/a>\u00a0<\/span><br \/>\n<span style=\"color: #3366ff;\"><a style=\"color: #3366ff;\" href=\"https:\/\/www.topohvar.at\/orte\/sg\/sg-tr-41-1\/\">Stari Grad:\u00a0 \u00a0Trim \u00bbSG-TR-41\u00ab (Trim Ivana Vrankovi\u0107a na Munja\u010di)<\/a>\u00a0<\/span><\/p>\n","protected":false},"excerpt":{"rendered":"<p>Ime \/ Name Trim \u00bbSV-TR-10 (Veliki trim \/ gro\u00dfer Trim Vrankovi\u0107-Plon\u010dini)\u00ab Code: SV-TR-10\u00a0 \u00a0 \u00a0 \u00a0 \u00a0 \u00a0 \u00a0 \u00a0 \u00a0 \u00a0 \u00a0 \u00a0 \u00a0\u00a0 \u00a0 \u00a0 \u00a0 \u00a0\u00a0 Adresa \/ Adresse Svir\u010de, Poljica Lokacija \/ Position Latitude: N 43,14298\u00b0\u00a0 &hellip; <a href=\"https:\/\/www.topohvar.at\/topo\/orte\/sv\/sv-tr-10-1\/\">Weiterlesen <span class=\"meta-nav\">&rarr;<\/span><\/a><\/p>\n","protected":false},"author":1,"featured_media":0,"parent":106,"menu_order":0,"comment_status":"closed","ping_status":"closed","template":"","meta":{"footnotes":""},"class_list":["post-7565","page","type-page","status-publish","hentry"],"_links":{"self":[{"href":"https:\/\/www.topohvar.at\/topo\/wp-json\/wp\/v2\/pages\/7565","targetHints":{"allow":["GET"]}}],"collection":[{"href":"https:\/\/www.topohvar.at\/topo\/wp-json\/wp\/v2\/pages"}],"about":[{"href":"https:\/\/www.topohvar.at\/topo\/wp-json\/wp\/v2\/types\/page"}],"author":[{"embeddable":true,"href":"https:\/\/www.topohvar.at\/topo\/wp-json\/wp\/v2\/users\/1"}],"replies":[{"embeddable":true,"href":"https:\/\/www.topohvar.at\/topo\/wp-json\/wp\/v2\/comments?post=7565"}],"version-history":[{"count":21,"href":"https:\/\/www.topohvar.at\/topo\/wp-json\/wp\/v2\/pages\/7565\/revisions"}],"predecessor-version":[{"id":69611,"href":"https:\/\/www.topohvar.at\/topo\/wp-json\/wp\/v2\/pages\/7565\/revisions\/69611"}],"up":[{"embeddable":true,"href":"https:\/\/www.topohvar.at\/topo\/wp-json\/wp\/v2\/pages\/106"}],"wp:attachment":[{"href":"https:\/\/www.topohvar.at\/topo\/wp-json\/wp\/v2\/media?parent=7565"}],"curies":[{"name":"wp","href":"https:\/\/api.w.org\/{rel}","templated":true}]}}