{"id":7579,"date":"2018-08-25T07:34:42","date_gmt":"2018-08-25T05:34:42","guid":{"rendered":"https:\/\/www.topohvar.at\/?page_id=7579"},"modified":"2024-06-14T16:22:48","modified_gmt":"2024-06-14T14:22:48","slug":"sv-tr-17-1","status":"publish","type":"page","link":"https:\/\/www.topohvar.at\/topo\/orte\/sv\/sv-tr-17-1\/","title":{"rendered":"SVIR\u010cE &#8211; Trim \u00bbSV-TR-17\u00ab"},"content":{"rendered":"<p><a name=\"seite_oben\"><\/a><br \/>\n<strong><img loading=\"lazy\" decoding=\"async\" class=\"alignnone wp-image-7394 size-large\" src=\"https:\/\/www.topohvar.at\/wp-content\/uploads\/2018\/08\/sv-tr-17-0-1024x503.jpg\" alt=\"\" width=\"640\" height=\"314\" srcset=\"https:\/\/www.topohvar.at\/wp-content\/uploads\/2018\/08\/sv-tr-17-0-1024x503.jpg 1024w, https:\/\/www.topohvar.at\/wp-content\/uploads\/2018\/08\/sv-tr-17-0-300x147.jpg 300w, https:\/\/www.topohvar.at\/wp-content\/uploads\/2018\/08\/sv-tr-17-0-768x377.jpg 768w, https:\/\/www.topohvar.at\/wp-content\/uploads\/2018\/08\/sv-tr-17-0.jpg 1080w\" sizes=\"auto, (max-width: 640px) 100vw, 640px\" \/><\/strong><\/p>\n<p><strong>Ime \/ Name<br \/>\n<\/strong>Trim \u00bbSV-TR-17\u00ab<\/p>\n<p><strong>Code: <\/strong>SV-TR-17\u00a0 \u00a0 \u00a0 \u00a0 \u00a0 \u00a0 \u00a0 \u00a0<strong>\u00a0 \u00a0 \u00a0 \u00a0 \u00a0 \u00a0 \u00a0 \u00a0 \u00a0 <a href=\"https:\/\/www.topohvar.at\/orte\/sv\/sv-tr-00-1\/\"><img loading=\"lazy\" decoding=\"async\" class=\"alignnone wp-image-12300 size-full\" src=\"https:\/\/www.topohvar.at\/wp-content\/uploads\/2018\/09\/push-vor-30.jpg\" alt=\"\" width=\"61\" height=\"30\" \/><\/a> <a href=\"https:\/\/www.topohvar.at\/orte\/sv\/sv-tr-16-1\/\"><img loading=\"lazy\" decoding=\"async\" class=\"alignnone wp-image-533 size-full\" src=\"https:\/\/www.topohvar.at\/wp-content\/uploads\/2018\/07\/push-l-30.jpg\" alt=\"\" width=\"61\" height=\"30\" \/><\/a>\u00a0<a href=\"https:\/\/www.topohvar.at\/orte\/sv\/\"><img loading=\"lazy\" decoding=\"async\" class=\"alignnone wp-image-535 size-full\" src=\"https:\/\/www.topohvar.at\/wp-content\/uploads\/2018\/07\/push-o-30.jpg\" alt=\"\" width=\"61\" height=\"30\" \/><\/a>\u00a0<a href=\"https:\/\/www.topohvar.at\/orte\/sv\/sv-tr-18-1\/\"><img loading=\"lazy\" decoding=\"async\" class=\"alignnone wp-image-536 size-full\" src=\"https:\/\/www.topohvar.at\/wp-content\/uploads\/2018\/07\/push-r-30.jpg\" alt=\"\" width=\"61\" height=\"30\" \/><\/a><\/strong><\/p>\n<hr \/>\n<p><strong>Adresa \/ Adresse<br \/>\n<\/strong>Svir\u010de, Vorhi (Poljica)<\/p>\n<p><strong>Lokacija \/ Position<a href=\"https:\/\/goo.gl\/maps\/io6d7AYstQZRsCUs7\"><img loading=\"lazy\" decoding=\"async\" class=\"alignright wp-image-7989\" src=\"https:\/\/www.topohvar.at\/wp-content\/uploads\/2018\/08\/0817.jpg\" alt=\"\" width=\"133\" height=\"100\" \/><\/a><br \/>\n<\/strong><a href=\"https:\/\/goo.gl\/maps\/io6d7AYstQZRsCUs7\">Latitude: N 43,14628\u00b0\u00a0 \u00a0 Longitude: E 16,60492\u00b0\u00a0<\/a><strong><br \/>\n<\/strong>Visina \/ H\u00f6he: 470 m<\/p>\n<p><strong>Katastarska \u010destica \/ Grundst\u00fccke<br \/>\n<\/strong>5141\/1<div class='content-column one_half'><div style=\"padding-right:6px;\"><p><strong>Datum snimanja \/ Erfassungsdatum<br \/>\n<\/strong>12.05.2015 11:10:15<\/p>\n<hr \/>\n<p><strong>Informacije<\/strong><\/p>\n<p>Dvostupanjski trim nalazi se usred Poljica u predjelu Vorhi. Trim iznad ulaza je o\u0161te\u0107en, ali je ina\u010de u dobrom stanju. Zid kru\u017ene unutra\u0161njosti o\u017ebukan je u donjem dijelu. Ovdje se nalazi i zidna ni\u0161a.<\/p><\/div><\/div><div class='content-column one_half last_column'><div style=\"padding-right:0px;padding-left:6px;\"><p><strong>Stupanj za\u0161tite \/ Schutzstellung<br \/>\n<\/strong>&#8211;<\/p>\n<hr \/>\n<p><strong>Info<\/strong><\/p>\n<p>Der zweistufige Trim befindet sich mitten in Poljica in der Gegend Vorhi. \u00dcber dem Eingang ist der Trim besch\u00e4digt, ansonsten aber gut erhalten. Die Wand des kreisrunden Innenraums ist im unteren Bereich verputzt. Hier befindet sich auch eine Wandnische.<\/p><\/div><\/div><div class='clear_column'><\/div><div class='content-column one_half'><div style=\"padding-right:6px;\"><p>Uz trim se nalazi gospodarska zgrada s cisternom. Na zabatu gospodarske zgrade je kapelica sv. Antonije.<\/p><\/div><\/div><div class='content-column one_half last_column'><div style=\"padding-right:0px;padding-left:6px;\"><p>Neben dem Trim steht ein Wirtschaftsgeb\u00e4ude mit einer Zisterne. Am Giebel des Wirtschaftsgeb\u00e4udes befindet sich ein Bildstock des hl. Antonius.<\/p><\/div><\/div><div class='clear_column'><\/div><div class='content-column one_half'><div style=\"padding-right:6px;\"><div id=\"attachment_50770\" style=\"width: 310px\" class=\"wp-caption aligncenter\"><img loading=\"lazy\" decoding=\"async\" aria-describedby=\"caption-attachment-50770\" class=\"size-medium wp-image-50770\" src=\"https:\/\/www.topohvar.at\/wp-content\/uploads\/2021\/08\/sv-tr-17-11-300x300.jpg\" alt=\"\" width=\"300\" height=\"300\" srcset=\"https:\/\/www.topohvar.at\/wp-content\/uploads\/2021\/08\/sv-tr-17-11-300x300.jpg 300w, https:\/\/www.topohvar.at\/wp-content\/uploads\/2021\/08\/sv-tr-17-11-150x150.jpg 150w, https:\/\/www.topohvar.at\/wp-content\/uploads\/2021\/08\/sv-tr-17-11.jpg 450w\" sizes=\"auto, (max-width: 300px) 100vw, 300px\" \/><p id=\"caption-attachment-50770\" class=\"wp-caption-text\">Ulaz \/ Eingang<\/p><\/div><\/div><\/div><div class='content-column one_half last_column'><div style=\"padding-right:0px;padding-left:6px;\"><div id=\"attachment_50771\" style=\"width: 310px\" class=\"wp-caption aligncenter\"><img loading=\"lazy\" decoding=\"async\" aria-describedby=\"caption-attachment-50771\" class=\"size-medium wp-image-50771\" src=\"https:\/\/www.topohvar.at\/wp-content\/uploads\/2021\/08\/sv-tr-17-14-300x300.jpg\" alt=\"\" width=\"300\" height=\"300\" srcset=\"https:\/\/www.topohvar.at\/wp-content\/uploads\/2021\/08\/sv-tr-17-14-300x300.jpg 300w, https:\/\/www.topohvar.at\/wp-content\/uploads\/2021\/08\/sv-tr-17-14-150x150.jpg 150w, https:\/\/www.topohvar.at\/wp-content\/uploads\/2021\/08\/sv-tr-17-14.jpg 450w\" sizes=\"auto, (max-width: 300px) 100vw, 300px\" \/><p id=\"caption-attachment-50771\" class=\"wp-caption-text\">Sjeverna strana \/ Nordseite<\/p><\/div><\/div><\/div><div class='clear_column'><\/div><div class='content-column one_half'><div style=\"padding-right:6px;\"><p>Dana 10.06.2021 trim SV-TR-17 je posje\u0107en i ustanovljeno je sljede\u0107e:<\/p>\n<p>Lokacija: poljoprivredni sklop<br \/>\nPodloga: nako\u0161ena<br \/>\nPovezan s: nije povezan, samostoje\u0107i, izoliran<br \/>\nUpotreba: u upotrebi<br \/>\nStanje: dobro sa\u010duvan<br \/>\nBroj stepenica trima: 2<br \/>\nDodatni kameni prsten: nema kamenog prstena<br \/>\nStepeni\u0161te: nema<br \/>\nOblik kamena: uglast<br \/>\nPodru\u010dje ispred ulaza: lako dostupno<br \/>\nOrijentacija ulaza: J (180\u00b0)<br \/>\nPromjer trima (cm): 460<br \/>\nVisina trima (cm): 320<br \/>\nVisina stepenica (cm): stepenica 1: 170 , stepenica 2: 270<br \/>\nDebljina zida (cm): 100<br \/>\n\u0160irina vrata (cm): 75<br \/>\nVisina vrata (cm): 135<br \/>\n\u0160irina unutra (cm): 260<br \/>\nVisina unutra (cm): 310<br \/>\nVolumen iznutra (m3): 9,17<br \/>\nNi\u0161a 1 (P\/\u0160\/V\/D) (cm): 120 \/ 25 \/ 25 \/ 40<\/p><\/div><\/div><div class='content-column one_half last_column'><div style=\"padding-right:0px;padding-left:6px;\"><p>Am 10.06.2021 wurde der Trim SV-TR-17 besucht und n\u00e4her untersucht:<\/p>\n<p>Standort: landwirtsch. Gemenge<br \/>\nUntergrund: geneigt<br \/>\nVerbunden mit: freistehend<br \/>\nNutzung: genutzt<br \/>\nZustand: gut erhalten<br \/>\nAnzahl der Trimstufen: 2<br \/>\nZus\u00e4tzlicher Steinring: kein Steinring<br \/>\nStiege: keine<br \/>\nSteinform: kantig<br \/>\nEingangsbereich: frei<br \/>\nEingangsseite: S (180\u00b0)<br \/>\nTrimdurchmesser (cm): 460<br \/>\nTrimh\u00f6he (cm): 320<br \/>\nH\u00f6he der Trimstufen (cm): Stufe 1: 170 , Stufe 2: 270<br \/>\nWandst\u00e4rke (cm): 100<br \/>\nT\u00fcrbreite (cm): 75<br \/>\nT\u00fcrh\u00f6he (cm): 135<br \/>\nInnenraumbreite (cm): 260<br \/>\nInnenraumh\u00f6he (cm): 310<br \/>\nRaumvolumen (m3): 9,17<br \/>\nNische 1 (P\/B\/H\/T) (cm): 120 \/ 25 \/ 25 \/ 40<\/p><\/div><\/div><div class='clear_column'><\/div><\/p>\n<p><img loading=\"lazy\" decoding=\"async\" class=\"aligncenter wp-image-50772 size-full\" src=\"https:\/\/www.topohvar.at\/wp-content\/uploads\/2021\/08\/sv-tr-17-scan.jpg\" alt=\"\" width=\"600\" height=\"920\" srcset=\"https:\/\/www.topohvar.at\/wp-content\/uploads\/2021\/08\/sv-tr-17-scan.jpg 600w, https:\/\/www.topohvar.at\/wp-content\/uploads\/2021\/08\/sv-tr-17-scan-196x300.jpg 196w\" sizes=\"auto, (max-width: 600px) 100vw, 600px\" \/><\/p>\n<p style=\"text-align: right;\"><a href=\"#seite_oben\">natrag na vrh \/ Seitenanfang<\/a><\/p>\n<hr \/>\n<p><strong>Linkovi \/ Links<\/strong><\/p>\n<p><span style=\"color: #3366ff;\"><a style=\"color: #3366ff;\" href=\"https:\/\/www.topohvar.at\/topo\/orte\/sv\/sv-op-00-0\/#op-20\">Objekt \u00bbGustirna pored ku\u0107e (2)\u00ab \/ Zisterne beim Haus (2)<\/a><br \/>\n<a style=\"color: #3366ff;\" href=\"https:\/\/www.topohvar.at\/orte\/sv\/sv-cs-05-1\/\">Kapelica \u00bbSv. Ante (4)\u00ab \/ Bildstock des hl. Antonius (4)<\/a><br \/>\n<\/span><\/p>\n","protected":false},"excerpt":{"rendered":"<p>Ime \/ Name Trim \u00bbSV-TR-17\u00ab Code: SV-TR-17\u00a0 \u00a0 \u00a0 \u00a0 \u00a0 \u00a0 \u00a0 \u00a0\u00a0 \u00a0 \u00a0 \u00a0 \u00a0 \u00a0 \u00a0 \u00a0 \u00a0 \u00a0\u00a0 Adresa \/ Adresse Svir\u010de, Vorhi (Poljica) Lokacija \/ Position Latitude: N 43,14628\u00b0\u00a0 \u00a0 Longitude: E 16,60492\u00b0\u00a0 Visina &hellip; <a href=\"https:\/\/www.topohvar.at\/topo\/orte\/sv\/sv-tr-17-1\/\">Weiterlesen <span class=\"meta-nav\">&rarr;<\/span><\/a><\/p>\n","protected":false},"author":1,"featured_media":0,"parent":106,"menu_order":0,"comment_status":"closed","ping_status":"closed","template":"","meta":{"footnotes":""},"class_list":["post-7579","page","type-page","status-publish","hentry"],"_links":{"self":[{"href":"https:\/\/www.topohvar.at\/topo\/wp-json\/wp\/v2\/pages\/7579","targetHints":{"allow":["GET"]}}],"collection":[{"href":"https:\/\/www.topohvar.at\/topo\/wp-json\/wp\/v2\/pages"}],"about":[{"href":"https:\/\/www.topohvar.at\/topo\/wp-json\/wp\/v2\/types\/page"}],"author":[{"embeddable":true,"href":"https:\/\/www.topohvar.at\/topo\/wp-json\/wp\/v2\/users\/1"}],"replies":[{"embeddable":true,"href":"https:\/\/www.topohvar.at\/topo\/wp-json\/wp\/v2\/comments?post=7579"}],"version-history":[{"count":17,"href":"https:\/\/www.topohvar.at\/topo\/wp-json\/wp\/v2\/pages\/7579\/revisions"}],"predecessor-version":[{"id":68748,"href":"https:\/\/www.topohvar.at\/topo\/wp-json\/wp\/v2\/pages\/7579\/revisions\/68748"}],"up":[{"embeddable":true,"href":"https:\/\/www.topohvar.at\/topo\/wp-json\/wp\/v2\/pages\/106"}],"wp:attachment":[{"href":"https:\/\/www.topohvar.at\/topo\/wp-json\/wp\/v2\/media?parent=7579"}],"curies":[{"name":"wp","href":"https:\/\/api.w.org\/{rel}","templated":true}]}}

SVIRČE &#8211; Trim »SV-TR-17«

<p><a name="seite_oben"></a><br />
<strong><img loading="lazy" decoding="async" class="alignnone wp-image-7394 size-large" src="https://www.topohvar.at/wp-content/uploads/2018/08/sv-tr-17-0-1024x503.jpg" alt="" width="640" height="314" srcset="https://www.topohvar.at/wp-content/uploads/2018/08/sv-tr-17-0-1024x503.jpg 1024w, https://www.topohvar.at/wp-content/uploads/2018/08/sv-tr-17-0-300x147.jpg 300w, https://www.topohvar.at/wp-content/uploads/2018/08/sv-tr-17-0-768x377.jpg 768w, https://www.topohvar.at/wp-content/uploads/2018/08/sv-tr-17-0.jpg 1080w" sizes="auto, (max-width: 640px) 100vw, 640px" /></strong></p>
<p><strong>Ime / Name<br />
</strong>Trim »SV-TR-17«</p>
<p><strong>Code: </strong>SV-TR-17               <strong>                  <a href="https://www.topohvar.at/orte/sv/sv-tr-00-1/"><img loading="lazy" decoding="async" class="alignnone wp-image-12300 size-full" src="https://www.topohvar.at/wp-content/uploads/2018/09/push-vor-30.jpg" alt="" width="61" height="30" /></a> <a href="https://www.topohvar.at/orte/sv/sv-tr-16-1/"><img loading="lazy" decoding="async" class="alignnone wp-image-533 size-full" src="https://www.topohvar.at/wp-content/uploads/2018/07/push-l-30.jpg" alt="" width="61" height="30" /></a> <a href="https://www.topohvar.at/orte/sv/"><img loading="lazy" decoding="async" class="alignnone wp-image-535 size-full" src="https://www.topohvar.at/wp-content/uploads/2018/07/push-o-30.jpg" alt="" width="61" height="30" /></a> <a href="https://www.topohvar.at/orte/sv/sv-tr-18-1/"><img loading="lazy" decoding="async" class="alignnone wp-image-536 size-full" src="https://www.topohvar.at/wp-content/uploads/2018/07/push-r-30.jpg" alt="" width="61" height="30" /></a></strong></p>
<hr />
<p><strong>Adresa / Adresse<br />
</strong>Svirče, Vorhi (Poljica)</p>
<p><strong>Lokacija / Position<a href="https://goo.gl/maps/io6d7AYstQZRsCUs7"><img loading="lazy" decoding="async" class="alignright wp-image-7989" src="https://www.topohvar.at/wp-content/uploads/2018/08/0817.jpg" alt="" width="133" height="100" /></a><br />
</strong><a href="https://goo.gl/maps/io6d7AYstQZRsCUs7">Latitude: N 43,14628°    Longitude: E 16,60492° </a><strong><br />
</strong>Visina / Höhe: 470 m</p>
<p><strong>Katastarska čestica / Grundstücke<br />
</strong>5141/1<div class='content-column one_half'><div style="padding-right:6px;"><p><strong>Datum snimanja / Erfassungsdatum<br />
</strong>12.05.2015 11:10:15</p>
<hr />
<p><strong>Informacije</strong></p>
<p>Dvostupanjski trim nalazi se usred Poljica u predjelu Vorhi. Trim iznad ulaza je oštećen, ali je inače u dobrom stanju. Zid kružne unutrašnjosti ožbukan je u donjem dijelu. Ovdje se nalazi i zidna niša.</p></div></div><div class='content-column one_half last_column'><div style="padding-right:0px;padding-left:6px;"><p><strong>Stupanj zaštite / Schutzstellung<br />
</strong>&#8211;</p>
<hr />
<p><strong>Info</strong></p>
<p>Der zweistufige Trim befindet sich mitten in Poljica in der Gegend Vorhi. Über dem Eingang ist der Trim beschädigt, ansonsten aber gut erhalten. Die Wand des kreisrunden Innenraums ist im unteren Bereich verputzt. Hier befindet sich auch eine Wandnische.</p></div></div><div class='clear_column'></div><div class='content-column one_half'><div style="padding-right:6px;"><p>Uz trim se nalazi gospodarska zgrada s cisternom. Na zabatu gospodarske zgrade je kapelica sv. Antonije.</p></div></div><div class='content-column one_half last_column'><div style="padding-right:0px;padding-left:6px;"><p>Neben dem Trim steht ein Wirtschaftsgebäude mit einer Zisterne. Am Giebel des Wirtschaftsgebäudes befindet sich ein Bildstock des hl. Antonius.</p></div></div><div class='clear_column'></div><div class='content-column one_half'><div style="padding-right:6px;"><div id="attachment_50770" style="width: 310px" class="wp-caption aligncenter"><img loading="lazy" decoding="async" aria-describedby="caption-attachment-50770" class="size-medium wp-image-50770" src="https://www.topohvar.at/wp-content/uploads/2021/08/sv-tr-17-11-300x300.jpg" alt="" width="300" height="300" srcset="https://www.topohvar.at/wp-content/uploads/2021/08/sv-tr-17-11-300x300.jpg 300w, https://www.topohvar.at/wp-content/uploads/2021/08/sv-tr-17-11-150x150.jpg 150w, https://www.topohvar.at/wp-content/uploads/2021/08/sv-tr-17-11.jpg 450w" sizes="auto, (max-width: 300px) 100vw, 300px" /><p id="caption-attachment-50770" class="wp-caption-text">Ulaz / Eingang</p></div></div></div><div class='content-column one_half last_column'><div style="padding-right:0px;padding-left:6px;"><div id="attachment_50771" style="width: 310px" class="wp-caption aligncenter"><img loading="lazy" decoding="async" aria-describedby="caption-attachment-50771" class="size-medium wp-image-50771" src="https://www.topohvar.at/wp-content/uploads/2021/08/sv-tr-17-14-300x300.jpg" alt="" width="300" height="300" srcset="https://www.topohvar.at/wp-content/uploads/2021/08/sv-tr-17-14-300x300.jpg 300w, https://www.topohvar.at/wp-content/uploads/2021/08/sv-tr-17-14-150x150.jpg 150w, https://www.topohvar.at/wp-content/uploads/2021/08/sv-tr-17-14.jpg 450w" sizes="auto, (max-width: 300px) 100vw, 300px" /><p id="caption-attachment-50771" class="wp-caption-text">Sjeverna strana / Nordseite</p></div></div></div><div class='clear_column'></div><div class='content-column one_half'><div style="padding-right:6px;"><p>Dana 10.06.2021 trim SV-TR-17 je posjećen i ustanovljeno je sljedeće:</p>
<p>Lokacija: poljoprivredni sklop<br />
Podloga: nakošena<br />
Povezan s: nije povezan, samostojeći, izoliran<br />
Upotreba: u upotrebi<br />
Stanje: dobro sačuvan<br />
Broj stepenica trima: 2<br />
Dodatni kameni prsten: nema kamenog prstena<br />
Stepenište: nema<br />
Oblik kamena: uglast<br />
Područje ispred ulaza: lako dostupno<br />
Orijentacija ulaza: J (180°)<br />
Promjer trima (cm): 460<br />
Visina trima (cm): 320<br />
Visina stepenica (cm): stepenica 1: 170 , stepenica 2: 270<br />
Debljina zida (cm): 100<br />
Širina vrata (cm): 75<br />
Visina vrata (cm): 135<br />
Širina unutra (cm): 260<br />
Visina unutra (cm): 310<br />
Volumen iznutra (m3): 9,17<br />
Niša 1 (P/Š/V/D) (cm): 120 / 25 / 25 / 40</p></div></div><div class='content-column one_half last_column'><div style="padding-right:0px;padding-left:6px;"><p>Am 10.06.2021 wurde der Trim SV-TR-17 besucht und näher untersucht:</p>
<p>Standort: landwirtsch. Gemenge<br />
Untergrund: geneigt<br />
Verbunden mit: freistehend<br />
Nutzung: genutzt<br />
Zustand: gut erhalten<br />
Anzahl der Trimstufen: 2<br />
Zusätzlicher Steinring: kein Steinring<br />
Stiege: keine<br />
Steinform: kantig<br />
Eingangsbereich: frei<br />
Eingangsseite: S (180°)<br />
Trimdurchmesser (cm): 460<br />
Trimhöhe (cm): 320<br />
Höhe der Trimstufen (cm): Stufe 1: 170 , Stufe 2: 270<br />
Wandstärke (cm): 100<br />
Türbreite (cm): 75<br />
Türhöhe (cm): 135<br />
Innenraumbreite (cm): 260<br />
Innenraumhöhe (cm): 310<br />
Raumvolumen (m3): 9,17<br />
Nische 1 (P/B/H/T) (cm): 120 / 25 / 25 / 40</p></div></div><div class='clear_column'></div></p>
<p><img loading="lazy" decoding="async" class="aligncenter wp-image-50772 size-full" src="https://www.topohvar.at/wp-content/uploads/2021/08/sv-tr-17-scan.jpg" alt="" width="600" height="920" srcset="https://www.topohvar.at/wp-content/uploads/2021/08/sv-tr-17-scan.jpg 600w, https://www.topohvar.at/wp-content/uploads/2021/08/sv-tr-17-scan-196x300.jpg 196w" sizes="auto, (max-width: 600px) 100vw, 600px" /></p>
<p style="text-align: right;"><a href="#seite_oben">natrag na vrh / Seitenanfang</a></p>
<hr />
<p><strong>Linkovi / Links</strong></p>
<p><span style="color: #3366ff;"><a style="color: #3366ff;" href="https://www.topohvar.at/topo/orte/sv/sv-op-00-0/#op-20">Objekt »Gustirna pored kuće (2)« / Zisterne beim Haus (2)</a><br />
<a style="color: #3366ff;" href="https://www.topohvar.at/orte/sv/sv-cs-05-1/">Kapelica »Sv. Ante (4)« / Bildstock des hl. Antonius (4)</a><br />
</span></p>

<p>Ime / Name Trim »SV-TR-17« Code: SV-TR-17                                    Adresa / Adresse Svirče, Vorhi (Poljica) Lokacija / Position Latitude: N 43,14628°    Longitude: E 16,60492°  Visina &hellip; <a href="https://www.topohvar.at/topo/orte/sv/sv-tr-17-1/">Weiterlesen <span class="meta-nav">&rarr;</span></a></p>
