{"id":7595,"date":"2018-08-25T07:46:45","date_gmt":"2018-08-25T05:46:45","guid":{"rendered":"https:\/\/www.topohvar.at\/?page_id=7595"},"modified":"2021-12-01T15:59:05","modified_gmt":"2021-12-01T14:59:05","slug":"sv-tr-25-1","status":"publish","type":"page","link":"https:\/\/www.topohvar.at\/topo\/orte\/sv\/sv-tr-25-1\/","title":{"rendered":"SVIR\u010cE &#8211; Trim \u00bbSV-TR-25\u00ab"},"content":{"rendered":"<p><a name=\"seite_oben\"><\/a><br \/>\n<strong><img loading=\"lazy\" decoding=\"async\" class=\"aligncenter wp-image-51055 size-full\" src=\"https:\/\/www.topohvar.at\/wp-content\/uploads\/2021\/08\/sv-tr-25-20.jpg\" alt=\"\" width=\"1080\" height=\"530\" srcset=\"https:\/\/www.topohvar.at\/wp-content\/uploads\/2021\/08\/sv-tr-25-20.jpg 1080w, https:\/\/www.topohvar.at\/wp-content\/uploads\/2021\/08\/sv-tr-25-20-300x147.jpg 300w, https:\/\/www.topohvar.at\/wp-content\/uploads\/2021\/08\/sv-tr-25-20-1024x503.jpg 1024w, https:\/\/www.topohvar.at\/wp-content\/uploads\/2021\/08\/sv-tr-25-20-768x377.jpg 768w\" sizes=\"auto, (max-width: 1080px) 100vw, 1080px\" \/><\/strong><\/p>\n<p><strong>Ime \/ Name<br \/>\n<\/strong>Trim \u00bbSV-TR-25\u00ab<\/p>\n<p><strong>Code: <\/strong>SV-TR-25\u00a0 \u00a0 \u00a0 \u00a0 \u00a0 \u00a0 \u00a0 \u00a0 \u00a0 \u00a0 \u00a0 \u00a0 \u00a0<strong>\u00a0 \u00a0 \u00a0 \u00a0 <a href=\"https:\/\/www.topohvar.at\/orte\/sv\/sv-tr-00-1\/\"><img loading=\"lazy\" decoding=\"async\" class=\"alignnone wp-image-12300 size-full\" src=\"https:\/\/www.topohvar.at\/wp-content\/uploads\/2018\/09\/push-vor-30.jpg\" alt=\"\" width=\"61\" height=\"30\" \/><\/a> <a href=\"https:\/\/www.topohvar.at\/orte\/sv\/sv-tr-24-1\/\"><img loading=\"lazy\" decoding=\"async\" class=\"alignnone wp-image-533 size-full\" src=\"https:\/\/www.topohvar.at\/wp-content\/uploads\/2018\/07\/push-l-30.jpg\" alt=\"\" width=\"61\" height=\"30\" \/><\/a>\u00a0<a href=\"https:\/\/www.topohvar.at\/orte\/sv\/\"><img loading=\"lazy\" decoding=\"async\" class=\"alignnone wp-image-535 size-full\" src=\"https:\/\/www.topohvar.at\/wp-content\/uploads\/2018\/07\/push-o-30.jpg\" alt=\"\" width=\"61\" height=\"30\" \/><\/a>\u00a0<a href=\"https:\/\/www.topohvar.at\/orte\/sv\/sv-tr-26-1\/\"><img loading=\"lazy\" decoding=\"async\" class=\"alignnone wp-image-536 size-full\" src=\"https:\/\/www.topohvar.at\/wp-content\/uploads\/2018\/07\/push-r-30.jpg\" alt=\"\" width=\"61\" height=\"30\" \/><\/a><\/strong><\/p>\n<hr \/>\n<p><strong>Adresa \/ Adresse<br \/>\n<\/strong>Svir\u010de, Poljica<\/p>\n<p><strong>Lokacija \/ Position<a href=\"https:\/\/goo.gl\/maps\/NYs3QcenTHHsBaVv8\"><img loading=\"lazy\" decoding=\"async\" class=\"alignright wp-image-8013\" src=\"https:\/\/www.topohvar.at\/wp-content\/uploads\/2018\/08\/1758.jpg\" alt=\"\" width=\"134\" height=\"100\" \/><\/a><br \/>\n<\/strong><a href=\"https:\/\/goo.gl\/maps\/NYs3QcenTHHsBaVv8\">Latitude: N 43,14342\u00b0\u00a0 \u00a0 Longitude: E 16,60675\u00b0\u00a0<\/a><strong><br \/>\n<\/strong>Visina \/ H\u00f6he: 490 m<\/p>\n<p><strong>Katastarska \u010destica \/ Grundst\u00fccke<br \/>\n<\/strong>1975\/3,2023<div class='content-column one_half'><div style=\"padding-right:6px;\"><p><strong>Datum snimanja \/ Erfassungsdatum<br \/>\n<\/strong>29.05.2018 11:44:02<\/p>\n<hr \/>\n<p><strong>Informacije<\/strong><\/p>\n<p>Trim se nalazi prili\u010dno usred Poljica, malo sjevernije od grupe s pet trimima (SV-TR-26-SV-TR-30). Njegova ju\u017ena strana nalazi se na padini planine. Sa sjeverne strane trima pridru\u017euje se kameni zid. Ulaz je bio obrastao. Oblik nepravilne unutra\u0161njosti odre\u0111en je gromadama. Trim je u dobrom stanju, ali se vi\u0161e ne koristi.<\/p><\/div><\/div><div class='content-column one_half last_column'><div style=\"padding-right:0px;padding-left:6px;\"><p><strong>Stupanj za\u0161tite \/ Schutzstellung<br \/>\n<\/strong>&#8211;<\/p>\n<hr \/>\n<p><strong>Info<\/strong><\/p>\n<p>Der Trim befindet sich ziemlich in der Mitte von Poljica, etwas n\u00f6rdlich der Gruppe mit den f\u00fcnf Trims (SV-TR-26 \u2013 SV-TR-30). Er steckt mit seiner S\u00fcdseite im Berghang. An die Nordseite des Trims grenzt eine Steinmauer an. Der Eingang war verwachsen. Die Form des unregelm\u00e4\u00dfigen Innenraums wird durch Felsbl\u00f6cke bestimmt. Der Trim ist gut erhalten, wird aber nicht mehr genutzt.<\/p><\/div><\/div><div class='clear_column'><\/div><div class='content-column one_half'><div style=\"padding-right:6px;\"><div id=\"attachment_51056\" style=\"width: 310px\" class=\"wp-caption aligncenter\"><img loading=\"lazy\" decoding=\"async\" aria-describedby=\"caption-attachment-51056\" class=\"size-medium wp-image-51056\" src=\"https:\/\/www.topohvar.at\/wp-content\/uploads\/2021\/08\/sv-tr-25-21-300x300.jpg\" alt=\"\" width=\"300\" height=\"300\" srcset=\"https:\/\/www.topohvar.at\/wp-content\/uploads\/2021\/08\/sv-tr-25-21-300x300.jpg 300w, https:\/\/www.topohvar.at\/wp-content\/uploads\/2021\/08\/sv-tr-25-21-150x150.jpg 150w, https:\/\/www.topohvar.at\/wp-content\/uploads\/2021\/08\/sv-tr-25-21.jpg 450w\" sizes=\"auto, (max-width: 300px) 100vw, 300px\" \/><p id=\"caption-attachment-51056\" class=\"wp-caption-text\">Ulaz \/ Eingang<\/p><\/div><\/div><\/div><div class='content-column one_half last_column'><div style=\"padding-right:0px;padding-left:6px;\"><div id=\"attachment_51057\" style=\"width: 310px\" class=\"wp-caption aligncenter\"><img loading=\"lazy\" decoding=\"async\" aria-describedby=\"caption-attachment-51057\" class=\"size-medium wp-image-51057\" src=\"https:\/\/www.topohvar.at\/wp-content\/uploads\/2021\/08\/sv-tr-25-25-300x300.jpg\" alt=\"\" width=\"300\" height=\"300\" srcset=\"https:\/\/www.topohvar.at\/wp-content\/uploads\/2021\/08\/sv-tr-25-25-300x300.jpg 300w, https:\/\/www.topohvar.at\/wp-content\/uploads\/2021\/08\/sv-tr-25-25-150x150.jpg 150w, https:\/\/www.topohvar.at\/wp-content\/uploads\/2021\/08\/sv-tr-25-25.jpg 450w\" sizes=\"auto, (max-width: 300px) 100vw, 300px\" \/><p id=\"caption-attachment-51057\" class=\"wp-caption-text\">Pogled prema sjeveru \/ Blick nach Norden<\/p><\/div><\/div><\/div><div class='clear_column'><\/div><div class='content-column one_half'><div style=\"padding-right:6px;\"><\/p>\n<p>Dana\t24.04.2021\ttrim SV-TR-25 je posje\u0107en i ustanovljeno je sljede\u0107e:\t<\/p>\n<p>Lokacija: \tlivada, pa\u0161njak<br \/>\nPodloga: \tpadina<br \/>\nPovezan s: \tkamenim zidom<br \/>\nUpotreba: \tne koristi se<br \/>\nStanje: \tdobro sa\u010duvan<br \/>\nBroj stepenica trima:\t1<br \/>\nDodatni kameni prsten: \tnema kamenog prstena<br \/>\nStepeni\u0161te: \tnema<br \/>\nOblik kamena: \tuglast<br \/>\nPodru\u010dje ispred ulaza: \tzaraslo<br \/>\nOrijentacija ulaza: \tSZ (300\u00b0)<br \/>\nPromjer trima (cm): \t450<br \/>\nVisina trima (cm): \t280<br \/>\nVisina stepenica (cm): \tstepenica 1: 210<br \/>\nDebljina zida (cm): \t100<br \/>\n\u0160irina vrata (cm): \t90<br \/>\nVisina vrata (cm): \t120<br \/>\n\u0160irina unutra (cm):\t240 &#8211; 250<br \/>\nVisina unutra (cm): \t250<br \/>\nVolumen iznutra (m3): \t7,32<br \/>\nNema ni\u0161e\t\t\t<\/p><\/div><\/div><div class='content-column one_half last_column'><div style=\"padding-right:0px;padding-left:6px;\"><\/p>\n<p>Am\t24.04.2021\twurde der Trim SV-TR-25 besucht und n\u00e4her untersucht:\t<\/p>\n<p>Standort: \tWiese, Weide<br \/>\nUntergrund: \tHanglage<br \/>\nVerbunden mit: \tSteinmauer<br \/>\nNutzung: \tungenutzt<br \/>\nZustand: \tgut erhalten<br \/>\nAnzahl der Trimstufen:\t1<br \/>\nZus\u00e4tzlicher Steinring: \tkein Steinring<br \/>\nStiege: \tkeine<br \/>\nSteinform: \tkantig<br \/>\nEingangsbereich: \tverwachsen<br \/>\nEingangsseite:\tNW (300\u00b0)<br \/>\nTrimdurchmesser (cm): \t450<br \/>\nTrimh\u00f6he (cm): \t280<br \/>\nH\u00f6he der Trimstufen (cm): \tStufe 1: 210<br \/>\nWandst\u00e4rke (cm): \t100<br \/>\nT\u00fcrbreite (cm): \t90<br \/>\nT\u00fcrh\u00f6he (cm): \t120<br \/>\nInnenraumbreite (cm):\t240 &#8211; 250<br \/>\nInnenraumh\u00f6he (cm): \t250<br \/>\nRaumvolumen (m3): \t7,32<br \/>\nKeine Nische\t\t\t<\/p><\/div><\/div><div class='clear_column'><\/div>\t\t\t<\/p>\n<p><img loading=\"lazy\" decoding=\"async\" class=\"aligncenter size-full wp-image-51058\" src=\"https:\/\/www.topohvar.at\/wp-content\/uploads\/2021\/08\/sv-tr-25-scan.jpg\" alt=\"\" width=\"600\" height=\"919\" srcset=\"https:\/\/www.topohvar.at\/wp-content\/uploads\/2021\/08\/sv-tr-25-scan.jpg 600w, https:\/\/www.topohvar.at\/wp-content\/uploads\/2021\/08\/sv-tr-25-scan-196x300.jpg 196w\" sizes=\"auto, (max-width: 600px) 100vw, 600px\" \/><\/p>\n<p style=\"text-align: right;\"><a href=\"#seite_oben\">natrag na vrh \/ Seitenanfang<\/a><\/p>\n<hr \/>\n<p><strong>Linkovi \/ Links<\/strong><\/p>\n<p>&#8211;<\/p>\n","protected":false},"excerpt":{"rendered":"<p>Ime \/ Name Trim \u00bbSV-TR-25\u00ab Code: SV-TR-25\u00a0 \u00a0 \u00a0 \u00a0 \u00a0 \u00a0 \u00a0 \u00a0 \u00a0 \u00a0 \u00a0 \u00a0 \u00a0\u00a0 \u00a0 \u00a0 \u00a0 \u00a0\u00a0 Adresa \/ Adresse Svir\u010de, Poljica Lokacija \/ Position Latitude: N 43,14342\u00b0\u00a0 \u00a0 Longitude: E 16,60675\u00b0\u00a0 Visina \/ &hellip; <a href=\"https:\/\/www.topohvar.at\/topo\/orte\/sv\/sv-tr-25-1\/\">Weiterlesen <span class=\"meta-nav\">&rarr;<\/span><\/a><\/p>\n","protected":false},"author":1,"featured_media":0,"parent":106,"menu_order":0,"comment_status":"closed","ping_status":"closed","template":"","meta":{"footnotes":""},"class_list":["post-7595","page","type-page","status-publish","hentry"],"_links":{"self":[{"href":"https:\/\/www.topohvar.at\/topo\/wp-json\/wp\/v2\/pages\/7595","targetHints":{"allow":["GET"]}}],"collection":[{"href":"https:\/\/www.topohvar.at\/topo\/wp-json\/wp\/v2\/pages"}],"about":[{"href":"https:\/\/www.topohvar.at\/topo\/wp-json\/wp\/v2\/types\/page"}],"author":[{"embeddable":true,"href":"https:\/\/www.topohvar.at\/topo\/wp-json\/wp\/v2\/users\/1"}],"replies":[{"embeddable":true,"href":"https:\/\/www.topohvar.at\/topo\/wp-json\/wp\/v2\/comments?post=7595"}],"version-history":[{"count":12,"href":"https:\/\/www.topohvar.at\/topo\/wp-json\/wp\/v2\/pages\/7595\/revisions"}],"predecessor-version":[{"id":54152,"href":"https:\/\/www.topohvar.at\/topo\/wp-json\/wp\/v2\/pages\/7595\/revisions\/54152"}],"up":[{"embeddable":true,"href":"https:\/\/www.topohvar.at\/topo\/wp-json\/wp\/v2\/pages\/106"}],"wp:attachment":[{"href":"https:\/\/www.topohvar.at\/topo\/wp-json\/wp\/v2\/media?parent=7595"}],"curies":[{"name":"wp","href":"https:\/\/api.w.org\/{rel}","templated":true}]}}

SVIRČE &#8211; Trim »SV-TR-25«

<p><a name="seite_oben"></a><br />
<strong><img loading="lazy" decoding="async" class="aligncenter wp-image-51055 size-full" src="https://www.topohvar.at/wp-content/uploads/2021/08/sv-tr-25-20.jpg" alt="" width="1080" height="530" srcset="https://www.topohvar.at/wp-content/uploads/2021/08/sv-tr-25-20.jpg 1080w, https://www.topohvar.at/wp-content/uploads/2021/08/sv-tr-25-20-300x147.jpg 300w, https://www.topohvar.at/wp-content/uploads/2021/08/sv-tr-25-20-1024x503.jpg 1024w, https://www.topohvar.at/wp-content/uploads/2021/08/sv-tr-25-20-768x377.jpg 768w" sizes="auto, (max-width: 1080px) 100vw, 1080px" /></strong></p>
<p><strong>Ime / Name<br />
</strong>Trim »SV-TR-25«</p>
<p><strong>Code: </strong>SV-TR-25                         <strong>        <a href="https://www.topohvar.at/orte/sv/sv-tr-00-1/"><img loading="lazy" decoding="async" class="alignnone wp-image-12300 size-full" src="https://www.topohvar.at/wp-content/uploads/2018/09/push-vor-30.jpg" alt="" width="61" height="30" /></a> <a href="https://www.topohvar.at/orte/sv/sv-tr-24-1/"><img loading="lazy" decoding="async" class="alignnone wp-image-533 size-full" src="https://www.topohvar.at/wp-content/uploads/2018/07/push-l-30.jpg" alt="" width="61" height="30" /></a> <a href="https://www.topohvar.at/orte/sv/"><img loading="lazy" decoding="async" class="alignnone wp-image-535 size-full" src="https://www.topohvar.at/wp-content/uploads/2018/07/push-o-30.jpg" alt="" width="61" height="30" /></a> <a href="https://www.topohvar.at/orte/sv/sv-tr-26-1/"><img loading="lazy" decoding="async" class="alignnone wp-image-536 size-full" src="https://www.topohvar.at/wp-content/uploads/2018/07/push-r-30.jpg" alt="" width="61" height="30" /></a></strong></p>
<hr />
<p><strong>Adresa / Adresse<br />
</strong>Svirče, Poljica</p>
<p><strong>Lokacija / Position<a href="https://goo.gl/maps/NYs3QcenTHHsBaVv8"><img loading="lazy" decoding="async" class="alignright wp-image-8013" src="https://www.topohvar.at/wp-content/uploads/2018/08/1758.jpg" alt="" width="134" height="100" /></a><br />
</strong><a href="https://goo.gl/maps/NYs3QcenTHHsBaVv8">Latitude: N 43,14342°    Longitude: E 16,60675° </a><strong><br />
</strong>Visina / Höhe: 490 m</p>
<p><strong>Katastarska čestica / Grundstücke<br />
</strong>1975/3,2023<div class='content-column one_half'><div style="padding-right:6px;"><p><strong>Datum snimanja / Erfassungsdatum<br />
</strong>29.05.2018 11:44:02</p>
<hr />
<p><strong>Informacije</strong></p>
<p>Trim se nalazi prilično usred Poljica, malo sjevernije od grupe s pet trimima (SV-TR-26-SV-TR-30). Njegova južna strana nalazi se na padini planine. Sa sjeverne strane trima pridružuje se kameni zid. Ulaz je bio obrastao. Oblik nepravilne unutrašnjosti određen je gromadama. Trim je u dobrom stanju, ali se više ne koristi.</p></div></div><div class='content-column one_half last_column'><div style="padding-right:0px;padding-left:6px;"><p><strong>Stupanj zaštite / Schutzstellung<br />
</strong>&#8211;</p>
<hr />
<p><strong>Info</strong></p>
<p>Der Trim befindet sich ziemlich in der Mitte von Poljica, etwas nördlich der Gruppe mit den fünf Trims (SV-TR-26 – SV-TR-30). Er steckt mit seiner Südseite im Berghang. An die Nordseite des Trims grenzt eine Steinmauer an. Der Eingang war verwachsen. Die Form des unregelmäßigen Innenraums wird durch Felsblöcke bestimmt. Der Trim ist gut erhalten, wird aber nicht mehr genutzt.</p></div></div><div class='clear_column'></div><div class='content-column one_half'><div style="padding-right:6px;"><div id="attachment_51056" style="width: 310px" class="wp-caption aligncenter"><img loading="lazy" decoding="async" aria-describedby="caption-attachment-51056" class="size-medium wp-image-51056" src="https://www.topohvar.at/wp-content/uploads/2021/08/sv-tr-25-21-300x300.jpg" alt="" width="300" height="300" srcset="https://www.topohvar.at/wp-content/uploads/2021/08/sv-tr-25-21-300x300.jpg 300w, https://www.topohvar.at/wp-content/uploads/2021/08/sv-tr-25-21-150x150.jpg 150w, https://www.topohvar.at/wp-content/uploads/2021/08/sv-tr-25-21.jpg 450w" sizes="auto, (max-width: 300px) 100vw, 300px" /><p id="caption-attachment-51056" class="wp-caption-text">Ulaz / Eingang</p></div></div></div><div class='content-column one_half last_column'><div style="padding-right:0px;padding-left:6px;"><div id="attachment_51057" style="width: 310px" class="wp-caption aligncenter"><img loading="lazy" decoding="async" aria-describedby="caption-attachment-51057" class="size-medium wp-image-51057" src="https://www.topohvar.at/wp-content/uploads/2021/08/sv-tr-25-25-300x300.jpg" alt="" width="300" height="300" srcset="https://www.topohvar.at/wp-content/uploads/2021/08/sv-tr-25-25-300x300.jpg 300w, https://www.topohvar.at/wp-content/uploads/2021/08/sv-tr-25-25-150x150.jpg 150w, https://www.topohvar.at/wp-content/uploads/2021/08/sv-tr-25-25.jpg 450w" sizes="auto, (max-width: 300px) 100vw, 300px" /><p id="caption-attachment-51057" class="wp-caption-text">Pogled prema sjeveru / Blick nach Norden</p></div></div></div><div class='clear_column'></div><div class='content-column one_half'><div style="padding-right:6px;"></p>
<p>Dana	24.04.2021	trim SV-TR-25 je posjećen i ustanovljeno je sljedeće:	</p>
<p>Lokacija: 	livada, pašnjak<br />
Podloga: 	padina<br />
Povezan s: 	kamenim zidom<br />
Upotreba: 	ne koristi se<br />
Stanje: 	dobro sačuvan<br />
Broj stepenica trima:	1<br />
Dodatni kameni prsten: 	nema kamenog prstena<br />
Stepenište: 	nema<br />
Oblik kamena: 	uglast<br />
Područje ispred ulaza: 	zaraslo<br />
Orijentacija ulaza: 	SZ (300°)<br />
Promjer trima (cm): 	450<br />
Visina trima (cm): 	280<br />
Visina stepenica (cm): 	stepenica 1: 210<br />
Debljina zida (cm): 	100<br />
Širina vrata (cm): 	90<br />
Visina vrata (cm): 	120<br />
Širina unutra (cm):	240 &#8211; 250<br />
Visina unutra (cm): 	250<br />
Volumen iznutra (m3): 	7,32<br />
Nema niše			</p></div></div><div class='content-column one_half last_column'><div style="padding-right:0px;padding-left:6px;"></p>
<p>Am	24.04.2021	wurde der Trim SV-TR-25 besucht und näher untersucht:	</p>
<p>Standort: 	Wiese, Weide<br />
Untergrund: 	Hanglage<br />
Verbunden mit: 	Steinmauer<br />
Nutzung: 	ungenutzt<br />
Zustand: 	gut erhalten<br />
Anzahl der Trimstufen:	1<br />
Zusätzlicher Steinring: 	kein Steinring<br />
Stiege: 	keine<br />
Steinform: 	kantig<br />
Eingangsbereich: 	verwachsen<br />
Eingangsseite:	NW (300°)<br />
Trimdurchmesser (cm): 	450<br />
Trimhöhe (cm): 	280<br />
Höhe der Trimstufen (cm): 	Stufe 1: 210<br />
Wandstärke (cm): 	100<br />
Türbreite (cm): 	90<br />
Türhöhe (cm): 	120<br />
Innenraumbreite (cm):	240 &#8211; 250<br />
Innenraumhöhe (cm): 	250<br />
Raumvolumen (m3): 	7,32<br />
Keine Nische			</p></div></div><div class='clear_column'></div>			</p>
<p><img loading="lazy" decoding="async" class="aligncenter size-full wp-image-51058" src="https://www.topohvar.at/wp-content/uploads/2021/08/sv-tr-25-scan.jpg" alt="" width="600" height="919" srcset="https://www.topohvar.at/wp-content/uploads/2021/08/sv-tr-25-scan.jpg 600w, https://www.topohvar.at/wp-content/uploads/2021/08/sv-tr-25-scan-196x300.jpg 196w" sizes="auto, (max-width: 600px) 100vw, 600px" /></p>
<p style="text-align: right;"><a href="#seite_oben">natrag na vrh / Seitenanfang</a></p>
<hr />
<p><strong>Linkovi / Links</strong></p>
<p>&#8211;</p>

<p>Ime / Name Trim »SV-TR-25« Code: SV-TR-25                                    Adresa / Adresse Svirče, Poljica Lokacija / Position Latitude: N 43,14342°    Longitude: E 16,60675°  Visina / &hellip; <a href="https://www.topohvar.at/topo/orte/sv/sv-tr-25-1/">Weiterlesen <span class="meta-nav">&rarr;</span></a></p>
