{"id":7619,"date":"2018-08-25T08:03:39","date_gmt":"2018-08-25T06:03:39","guid":{"rendered":"https:\/\/www.topohvar.at\/?page_id=7619"},"modified":"2021-12-01T16:24:10","modified_gmt":"2021-12-01T15:24:10","slug":"sv-tr-37-1","status":"publish","type":"page","link":"https:\/\/www.topohvar.at\/topo\/orte\/sv\/sv-tr-37-1\/","title":{"rendered":"SVIR\u010cE &#8211; Trim \u00bbSV-TR-37\u00ab"},"content":{"rendered":"<p><a name=\"seite_oben\"><\/a><br \/>\n<strong><img loading=\"lazy\" decoding=\"async\" class=\"aligncenter wp-image-50987 size-full\" src=\"https:\/\/www.topohvar.at\/wp-content\/uploads\/2021\/08\/sv-tr-37-10.jpg\" alt=\"\" width=\"1080\" height=\"530\" srcset=\"https:\/\/www.topohvar.at\/wp-content\/uploads\/2021\/08\/sv-tr-37-10.jpg 1080w, https:\/\/www.topohvar.at\/wp-content\/uploads\/2021\/08\/sv-tr-37-10-300x147.jpg 300w, https:\/\/www.topohvar.at\/wp-content\/uploads\/2021\/08\/sv-tr-37-10-1024x503.jpg 1024w, https:\/\/www.topohvar.at\/wp-content\/uploads\/2021\/08\/sv-tr-37-10-768x377.jpg 768w\" sizes=\"auto, (max-width: 1080px) 100vw, 1080px\" \/><\/strong><\/p>\n<p><strong>Ime \/ Name<br \/>\n<\/strong>Trim \u00bbSV-TR-37\u00ab<\/p>\n<p><strong>Code: <\/strong>SV-TR-37\u00a0 \u00a0 \u00a0 \u00a0 \u00a0 \u00a0 \u00a0 \u00a0 \u00a0 \u00a0 \u00a0 \u00a0 \u00a0<strong>\u00a0 \u00a0 \u00a0 \u00a0 <a href=\"https:\/\/www.topohvar.at\/orte\/sv\/sv-tr-00-1\/\"><img loading=\"lazy\" decoding=\"async\" class=\"alignnone wp-image-12300 size-full\" src=\"https:\/\/www.topohvar.at\/wp-content\/uploads\/2018\/09\/push-vor-30.jpg\" alt=\"\" width=\"61\" height=\"30\" \/><\/a> <a href=\"https:\/\/www.topohvar.at\/orte\/sv\/sv-tr-36-1\/\"><img loading=\"lazy\" decoding=\"async\" class=\"alignnone wp-image-533 size-full\" src=\"https:\/\/www.topohvar.at\/wp-content\/uploads\/2018\/07\/push-l-30.jpg\" alt=\"\" width=\"61\" height=\"30\" \/><\/a>\u00a0<a href=\"https:\/\/www.topohvar.at\/orte\/sv\/\"><img loading=\"lazy\" decoding=\"async\" class=\"alignnone wp-image-535 size-full\" src=\"https:\/\/www.topohvar.at\/wp-content\/uploads\/2018\/07\/push-o-30.jpg\" alt=\"\" width=\"61\" height=\"30\" \/><\/a>\u00a0<a href=\"https:\/\/www.topohvar.at\/orte\/sv\/sv-tr-38-1\/\"><img loading=\"lazy\" decoding=\"async\" class=\"alignnone wp-image-536 size-full\" src=\"https:\/\/www.topohvar.at\/wp-content\/uploads\/2018\/07\/push-r-30.jpg\" alt=\"\" width=\"61\" height=\"30\" \/><\/a><\/strong><\/p>\n<hr \/>\n<p><strong>Adresa \/ Adresse<br \/>\n<\/strong>Svir\u010de, Poljica, Jagodnarski Dolac<\/p>\n<p><strong>Lokacija \/ Position<a href=\"https:\/\/goo.gl\/maps\/wHUvtyioArPXrZLQ9\"><img loading=\"lazy\" decoding=\"async\" class=\"alignright wp-image-8056\" src=\"https:\/\/www.topohvar.at\/wp-content\/uploads\/2018\/08\/0826.jpg\" alt=\"\" width=\"133\" height=\"100\" \/><\/a><br \/>\n<\/strong><a href=\"https:\/\/goo.gl\/maps\/wHUvtyioArPXrZLQ9\">Latitude: N 43,14344\u00b0\u00a0 \u00a0 Longitude: E 16,61274\u00b0<\/a>\u00a0<strong><br \/>\n<\/strong>Visina \/ H\u00f6he: 466 m<\/p>\n<p><strong>Katastarska \u010destica \/ Grundst\u00fccke<br \/>\n<\/strong>2090<div class='content-column one_half'><div style=\"padding-right:6px;\"><p><strong>Datum snimanja \/ Erfassungsdatum<br \/>\n<\/strong>07.05.2015 11:38:06<\/p>\n<hr \/>\n<p><strong>Informacije<\/strong><\/p>\n<p>Trim u jednom koraku u Poljicima, na podru\u010dju Jagodnarskog Dolca, integriran je svojom lijevom stranom u \u0161iroki kameni zid. Ulaz u obliku lijevka u pravokutnu unutra\u0161njost bio je zarastao. Trim je u dobrom stanju, ali se vi\u0161e ne koristi.<\/p><\/div><\/div><div class='content-column one_half last_column'><div style=\"padding-right:0px;padding-left:6px;\"><p><strong>Stupanj za\u0161tite \/ Schutzstellung<br \/>\n<\/strong>&#8211;<\/p>\n<hr \/>\n<p><strong>Info<\/strong><\/p>\n<p>Der einstufige Trim in Poljica, in der Gegend Jagodnarski Dolac ist mit seiner linken Seite in einer breiten Steinmauer integriert. Der trichterf\u00f6rmige Zugang zum rechteckigen Innenraum war verwachsen. Der Trim ist gut erhalten, wird aber nicht mehr genutzt.<\/p><\/div><\/div><div class='clear_column'><\/div><div class='content-column one_half'><div style=\"padding-right:6px;\"><div id=\"attachment_50988\" style=\"width: 310px\" class=\"wp-caption aligncenter\"><img loading=\"lazy\" decoding=\"async\" aria-describedby=\"caption-attachment-50988\" class=\"size-medium wp-image-50988\" src=\"https:\/\/www.topohvar.at\/wp-content\/uploads\/2021\/08\/sv-tr-37-11-300x300.jpg\" alt=\"\" width=\"300\" height=\"300\" srcset=\"https:\/\/www.topohvar.at\/wp-content\/uploads\/2021\/08\/sv-tr-37-11-300x300.jpg 300w, https:\/\/www.topohvar.at\/wp-content\/uploads\/2021\/08\/sv-tr-37-11-150x150.jpg 150w, https:\/\/www.topohvar.at\/wp-content\/uploads\/2021\/08\/sv-tr-37-11.jpg 450w\" sizes=\"auto, (max-width: 300px) 100vw, 300px\" \/><p id=\"caption-attachment-50988\" class=\"wp-caption-text\">Ulaz \/ Eingang<\/p><\/div><\/div><\/div><div class='content-column one_half last_column'><div style=\"padding-right:0px;padding-left:6px;\"><div id=\"attachment_50989\" style=\"width: 310px\" class=\"wp-caption aligncenter\"><img loading=\"lazy\" decoding=\"async\" aria-describedby=\"caption-attachment-50989\" class=\"size-medium wp-image-50989\" src=\"https:\/\/www.topohvar.at\/wp-content\/uploads\/2021\/08\/sv-tr-37-13-300x300.jpg\" alt=\"\" width=\"300\" height=\"300\" srcset=\"https:\/\/www.topohvar.at\/wp-content\/uploads\/2021\/08\/sv-tr-37-13-300x300.jpg 300w, https:\/\/www.topohvar.at\/wp-content\/uploads\/2021\/08\/sv-tr-37-13-150x150.jpg 150w, https:\/\/www.topohvar.at\/wp-content\/uploads\/2021\/08\/sv-tr-37-13.jpg 450w\" sizes=\"auto, (max-width: 300px) 100vw, 300px\" \/><p id=\"caption-attachment-50989\" class=\"wp-caption-text\">Isto\u010dna strana \/ Ostseite<\/p><\/div><\/div><\/div><div class='clear_column'><\/div><div class='content-column one_half'><div style=\"padding-right:6px;\"><\/p>\n<p>Dana\t23.04.2021\ttrim SV-TR-37 je posje\u0107en i ustanovljeno je sljede\u0107e:\t<\/p>\n<p>Lokacija: \tlivada, pa\u0161njak<br \/>\nPodloga: \tnako\u0161ena<br \/>\nPovezan s: \tkamenim zidom<br \/>\nUpotreba: \tne koristi se<br \/>\nStanje: \tdobro sa\u010duvan<br \/>\nBroj stepenica trima:\t1<br \/>\nDodatni kameni prsten: \tnema kamenog prstena<br \/>\nStepeni\u0161te: \tnema<br \/>\nOblik kamena: \tuglast<br \/>\nPodru\u010dje ispred ulaza: \tzaraslo<br \/>\nOrijentacija ulaza: \tZ (270\u00b0)<br \/>\nPromjer trima (cm): \t410<br \/>\nVisina trima (cm): \t250<br \/>\nVisina stepenica (cm): \tstepenica 1: 190<br \/>\nDebljina zida (cm): \t105<br \/>\n\u0160irina vrata (cm): \t70<br \/>\nVisina vrata (cm): \t110<br \/>\n\u0160irina unutra (cm):\t150 &#8211; 200<br \/>\nVisina unutra (cm): \t230<br \/>\nVolumen iznutra (m3): \t3,35<br \/>\nNema ni\u0161e\t\t\t<\/p><\/div><\/div><div class='content-column one_half last_column'><div style=\"padding-right:0px;padding-left:6px;\"><\/p>\n<p>Am\t23.04.2021\twurde der Trim SV-TR-37 besucht und n\u00e4her untersucht:\t<\/p>\n<p>Standort: \tWiese, Weide<br \/>\nUntergrund: \tgeneigt<br \/>\nVerbunden mit: \tSteinmauer<br \/>\nNutzung: \tungenutzt<br \/>\nZustand: \tgut erhalten<br \/>\nAnzahl der Trimstufen:\t1<br \/>\nZus\u00e4tzlicher Steinring: \tkein Steinring<br \/>\nStiege: \tkeine<br \/>\nSteinform: \tkantig<br \/>\nEingangsbereich: \tverwachsen<br \/>\nEingangsseite:\tW (270\u00b0)<br \/>\nTrimdurchmesser (cm): \t410<br \/>\nTrimh\u00f6he (cm): \t250<br \/>\nH\u00f6he der Trimstufen (cm): \tStufe 1: 190<br \/>\nWandst\u00e4rke (cm): \t105<br \/>\nT\u00fcrbreite (cm): \t70<br \/>\nT\u00fcrh\u00f6he (cm): \t110<br \/>\nInnenraumbreite (cm):\t150 &#8211; 200<br \/>\nInnenraumh\u00f6he (cm): \t230<br \/>\nRaumvolumen (m3): \t3,35<br \/>\nKeine Nische\t\t\t<\/p><\/div><\/div><div class='clear_column'><\/div>\t\t\t<\/p>\n<p><img loading=\"lazy\" decoding=\"async\" class=\"aligncenter size-full wp-image-50990\" src=\"https:\/\/www.topohvar.at\/wp-content\/uploads\/2021\/08\/sv-tr-37-scan.jpg\" alt=\"\" width=\"600\" height=\"929\" srcset=\"https:\/\/www.topohvar.at\/wp-content\/uploads\/2021\/08\/sv-tr-37-scan.jpg 600w, https:\/\/www.topohvar.at\/wp-content\/uploads\/2021\/08\/sv-tr-37-scan-194x300.jpg 194w\" sizes=\"auto, (max-width: 600px) 100vw, 600px\" \/><\/p>\n<p style=\"text-align: right;\"><a href=\"#seite_oben\">natrag na vrh \/ Seitenanfa<\/a><a href=\"#seite_oben\">ng<\/a><\/p>\n<hr \/>\n<p><strong>Linkovi \/ Links<\/strong><\/p>\n<p>&#8211;<\/p>\n","protected":false},"excerpt":{"rendered":"<p>Ime \/ Name Trim \u00bbSV-TR-37\u00ab Code: SV-TR-37\u00a0 \u00a0 \u00a0 \u00a0 \u00a0 \u00a0 \u00a0 \u00a0 \u00a0 \u00a0 \u00a0 \u00a0 \u00a0\u00a0 \u00a0 \u00a0 \u00a0 \u00a0\u00a0 Adresa \/ Adresse Svir\u010de, Poljica, Jagodnarski Dolac Lokacija \/ Position Latitude: N 43,14344\u00b0\u00a0 \u00a0 Longitude: E 16,61274\u00b0\u00a0 &hellip; <a href=\"https:\/\/www.topohvar.at\/topo\/orte\/sv\/sv-tr-37-1\/\">Weiterlesen <span class=\"meta-nav\">&rarr;<\/span><\/a><\/p>\n","protected":false},"author":1,"featured_media":0,"parent":106,"menu_order":0,"comment_status":"closed","ping_status":"closed","template":"","meta":{"footnotes":""},"class_list":["post-7619","page","type-page","status-publish","hentry"],"_links":{"self":[{"href":"https:\/\/www.topohvar.at\/topo\/wp-json\/wp\/v2\/pages\/7619","targetHints":{"allow":["GET"]}}],"collection":[{"href":"https:\/\/www.topohvar.at\/topo\/wp-json\/wp\/v2\/pages"}],"about":[{"href":"https:\/\/www.topohvar.at\/topo\/wp-json\/wp\/v2\/types\/page"}],"author":[{"embeddable":true,"href":"https:\/\/www.topohvar.at\/topo\/wp-json\/wp\/v2\/users\/1"}],"replies":[{"embeddable":true,"href":"https:\/\/www.topohvar.at\/topo\/wp-json\/wp\/v2\/comments?post=7619"}],"version-history":[{"count":12,"href":"https:\/\/www.topohvar.at\/topo\/wp-json\/wp\/v2\/pages\/7619\/revisions"}],"predecessor-version":[{"id":54166,"href":"https:\/\/www.topohvar.at\/topo\/wp-json\/wp\/v2\/pages\/7619\/revisions\/54166"}],"up":[{"embeddable":true,"href":"https:\/\/www.topohvar.at\/topo\/wp-json\/wp\/v2\/pages\/106"}],"wp:attachment":[{"href":"https:\/\/www.topohvar.at\/topo\/wp-json\/wp\/v2\/media?parent=7619"}],"curies":[{"name":"wp","href":"https:\/\/api.w.org\/{rel}","templated":true}]}}

SVIRČE &#8211; Trim »SV-TR-37«

<p><a name="seite_oben"></a><br />
<strong><img loading="lazy" decoding="async" class="aligncenter wp-image-50987 size-full" src="https://www.topohvar.at/wp-content/uploads/2021/08/sv-tr-37-10.jpg" alt="" width="1080" height="530" srcset="https://www.topohvar.at/wp-content/uploads/2021/08/sv-tr-37-10.jpg 1080w, https://www.topohvar.at/wp-content/uploads/2021/08/sv-tr-37-10-300x147.jpg 300w, https://www.topohvar.at/wp-content/uploads/2021/08/sv-tr-37-10-1024x503.jpg 1024w, https://www.topohvar.at/wp-content/uploads/2021/08/sv-tr-37-10-768x377.jpg 768w" sizes="auto, (max-width: 1080px) 100vw, 1080px" /></strong></p>
<p><strong>Ime / Name<br />
</strong>Trim »SV-TR-37«</p>
<p><strong>Code: </strong>SV-TR-37                         <strong>        <a href="https://www.topohvar.at/orte/sv/sv-tr-00-1/"><img loading="lazy" decoding="async" class="alignnone wp-image-12300 size-full" src="https://www.topohvar.at/wp-content/uploads/2018/09/push-vor-30.jpg" alt="" width="61" height="30" /></a> <a href="https://www.topohvar.at/orte/sv/sv-tr-36-1/"><img loading="lazy" decoding="async" class="alignnone wp-image-533 size-full" src="https://www.topohvar.at/wp-content/uploads/2018/07/push-l-30.jpg" alt="" width="61" height="30" /></a> <a href="https://www.topohvar.at/orte/sv/"><img loading="lazy" decoding="async" class="alignnone wp-image-535 size-full" src="https://www.topohvar.at/wp-content/uploads/2018/07/push-o-30.jpg" alt="" width="61" height="30" /></a> <a href="https://www.topohvar.at/orte/sv/sv-tr-38-1/"><img loading="lazy" decoding="async" class="alignnone wp-image-536 size-full" src="https://www.topohvar.at/wp-content/uploads/2018/07/push-r-30.jpg" alt="" width="61" height="30" /></a></strong></p>
<hr />
<p><strong>Adresa / Adresse<br />
</strong>Svirče, Poljica, Jagodnarski Dolac</p>
<p><strong>Lokacija / Position<a href="https://goo.gl/maps/wHUvtyioArPXrZLQ9"><img loading="lazy" decoding="async" class="alignright wp-image-8056" src="https://www.topohvar.at/wp-content/uploads/2018/08/0826.jpg" alt="" width="133" height="100" /></a><br />
</strong><a href="https://goo.gl/maps/wHUvtyioArPXrZLQ9">Latitude: N 43,14344°    Longitude: E 16,61274°</a> <strong><br />
</strong>Visina / Höhe: 466 m</p>
<p><strong>Katastarska čestica / Grundstücke<br />
</strong>2090<div class='content-column one_half'><div style="padding-right:6px;"><p><strong>Datum snimanja / Erfassungsdatum<br />
</strong>07.05.2015 11:38:06</p>
<hr />
<p><strong>Informacije</strong></p>
<p>Trim u jednom koraku u Poljicima, na području Jagodnarskog Dolca, integriran je svojom lijevom stranom u široki kameni zid. Ulaz u obliku lijevka u pravokutnu unutrašnjost bio je zarastao. Trim je u dobrom stanju, ali se više ne koristi.</p></div></div><div class='content-column one_half last_column'><div style="padding-right:0px;padding-left:6px;"><p><strong>Stupanj zaštite / Schutzstellung<br />
</strong>&#8211;</p>
<hr />
<p><strong>Info</strong></p>
<p>Der einstufige Trim in Poljica, in der Gegend Jagodnarski Dolac ist mit seiner linken Seite in einer breiten Steinmauer integriert. Der trichterförmige Zugang zum rechteckigen Innenraum war verwachsen. Der Trim ist gut erhalten, wird aber nicht mehr genutzt.</p></div></div><div class='clear_column'></div><div class='content-column one_half'><div style="padding-right:6px;"><div id="attachment_50988" style="width: 310px" class="wp-caption aligncenter"><img loading="lazy" decoding="async" aria-describedby="caption-attachment-50988" class="size-medium wp-image-50988" src="https://www.topohvar.at/wp-content/uploads/2021/08/sv-tr-37-11-300x300.jpg" alt="" width="300" height="300" srcset="https://www.topohvar.at/wp-content/uploads/2021/08/sv-tr-37-11-300x300.jpg 300w, https://www.topohvar.at/wp-content/uploads/2021/08/sv-tr-37-11-150x150.jpg 150w, https://www.topohvar.at/wp-content/uploads/2021/08/sv-tr-37-11.jpg 450w" sizes="auto, (max-width: 300px) 100vw, 300px" /><p id="caption-attachment-50988" class="wp-caption-text">Ulaz / Eingang</p></div></div></div><div class='content-column one_half last_column'><div style="padding-right:0px;padding-left:6px;"><div id="attachment_50989" style="width: 310px" class="wp-caption aligncenter"><img loading="lazy" decoding="async" aria-describedby="caption-attachment-50989" class="size-medium wp-image-50989" src="https://www.topohvar.at/wp-content/uploads/2021/08/sv-tr-37-13-300x300.jpg" alt="" width="300" height="300" srcset="https://www.topohvar.at/wp-content/uploads/2021/08/sv-tr-37-13-300x300.jpg 300w, https://www.topohvar.at/wp-content/uploads/2021/08/sv-tr-37-13-150x150.jpg 150w, https://www.topohvar.at/wp-content/uploads/2021/08/sv-tr-37-13.jpg 450w" sizes="auto, (max-width: 300px) 100vw, 300px" /><p id="caption-attachment-50989" class="wp-caption-text">Istočna strana / Ostseite</p></div></div></div><div class='clear_column'></div><div class='content-column one_half'><div style="padding-right:6px;"></p>
<p>Dana	23.04.2021	trim SV-TR-37 je posjećen i ustanovljeno je sljedeće:	</p>
<p>Lokacija: 	livada, pašnjak<br />
Podloga: 	nakošena<br />
Povezan s: 	kamenim zidom<br />
Upotreba: 	ne koristi se<br />
Stanje: 	dobro sačuvan<br />
Broj stepenica trima:	1<br />
Dodatni kameni prsten: 	nema kamenog prstena<br />
Stepenište: 	nema<br />
Oblik kamena: 	uglast<br />
Područje ispred ulaza: 	zaraslo<br />
Orijentacija ulaza: 	Z (270°)<br />
Promjer trima (cm): 	410<br />
Visina trima (cm): 	250<br />
Visina stepenica (cm): 	stepenica 1: 190<br />
Debljina zida (cm): 	105<br />
Širina vrata (cm): 	70<br />
Visina vrata (cm): 	110<br />
Širina unutra (cm):	150 &#8211; 200<br />
Visina unutra (cm): 	230<br />
Volumen iznutra (m3): 	3,35<br />
Nema niše			</p></div></div><div class='content-column one_half last_column'><div style="padding-right:0px;padding-left:6px;"></p>
<p>Am	23.04.2021	wurde der Trim SV-TR-37 besucht und näher untersucht:	</p>
<p>Standort: 	Wiese, Weide<br />
Untergrund: 	geneigt<br />
Verbunden mit: 	Steinmauer<br />
Nutzung: 	ungenutzt<br />
Zustand: 	gut erhalten<br />
Anzahl der Trimstufen:	1<br />
Zusätzlicher Steinring: 	kein Steinring<br />
Stiege: 	keine<br />
Steinform: 	kantig<br />
Eingangsbereich: 	verwachsen<br />
Eingangsseite:	W (270°)<br />
Trimdurchmesser (cm): 	410<br />
Trimhöhe (cm): 	250<br />
Höhe der Trimstufen (cm): 	Stufe 1: 190<br />
Wandstärke (cm): 	105<br />
Türbreite (cm): 	70<br />
Türhöhe (cm): 	110<br />
Innenraumbreite (cm):	150 &#8211; 200<br />
Innenraumhöhe (cm): 	230<br />
Raumvolumen (m3): 	3,35<br />
Keine Nische			</p></div></div><div class='clear_column'></div>			</p>
<p><img loading="lazy" decoding="async" class="aligncenter size-full wp-image-50990" src="https://www.topohvar.at/wp-content/uploads/2021/08/sv-tr-37-scan.jpg" alt="" width="600" height="929" srcset="https://www.topohvar.at/wp-content/uploads/2021/08/sv-tr-37-scan.jpg 600w, https://www.topohvar.at/wp-content/uploads/2021/08/sv-tr-37-scan-194x300.jpg 194w" sizes="auto, (max-width: 600px) 100vw, 600px" /></p>
<p style="text-align: right;"><a href="#seite_oben">natrag na vrh / Seitenanfa</a><a href="#seite_oben">ng</a></p>
<hr />
<p><strong>Linkovi / Links</strong></p>
<p>&#8211;</p>

<p>Ime / Name Trim »SV-TR-37« Code: SV-TR-37                                    Adresa / Adresse Svirče, Poljica, Jagodnarski Dolac Lokacija / Position Latitude: N 43,14344°    Longitude: E 16,61274°  &hellip; <a href="https://www.topohvar.at/topo/orte/sv/sv-tr-37-1/">Weiterlesen <span class="meta-nav">&rarr;</span></a></p>
