{"id":8195,"date":"2018-08-27T19:34:31","date_gmt":"2018-08-27T17:34:31","guid":{"rendered":"https:\/\/www.topohvar.at\/?page_id=8195"},"modified":"2021-12-09T10:49:24","modified_gmt":"2021-12-09T09:49:24","slug":"vk-is-02-1","status":"publish","type":"page","link":"https:\/\/www.topohvar.at\/topo\/orte\/vk\/vk-is-02-1\/","title":{"rendered":"VRISNIK &#8211; Spomen plo\u010da \u00bbIvan Cari\u0107\u00ab"},"content":{"rendered":"<p><a name=\"seite_oben\"><\/a><br \/>\n<strong><img loading=\"lazy\" decoding=\"async\" class=\"alignnone wp-image-8102 size-large\" src=\"https:\/\/www.topohvar.at\/wp-content\/uploads\/2018\/08\/VK-IS-02-0-1024x503.jpg\" alt=\"\" width=\"640\" height=\"314\" srcset=\"https:\/\/www.topohvar.at\/wp-content\/uploads\/2018\/08\/VK-IS-02-0-1024x503.jpg 1024w, https:\/\/www.topohvar.at\/wp-content\/uploads\/2018\/08\/VK-IS-02-0-300x147.jpg 300w, https:\/\/www.topohvar.at\/wp-content\/uploads\/2018\/08\/VK-IS-02-0-768x377.jpg 768w, https:\/\/www.topohvar.at\/wp-content\/uploads\/2018\/08\/VK-IS-02-0.jpg 1080w\" sizes=\"auto, (max-width: 640px) 100vw, 640px\" \/><\/strong><\/p>\n<p><strong>Ime \/ Name<br \/>\n<\/strong>Spomen plo\u010da \/ Gedenktafel \u00bbIvan Cari\u0107\u00ab<\/p>\n<p><strong>Code: <\/strong>VK-IS-02\u00a0 \u00a0 \u00a0 \u00a0 \u00a0 \u00a0 \u00a0 \u00a0<strong>\u00a0 \u00a0 \u00a0 \u00a0 \u00a0 \u00a0 \u00a0 \u00a0 \u00a0 \u00a0<a href=\"https:\/\/www.topohvar.at\/orte\/vk\/vk-is-05-1\/\"><img loading=\"lazy\" decoding=\"async\" class=\"alignnone wp-image-533 size-full\" src=\"https:\/\/www.topohvar.at\/wp-content\/uploads\/2018\/07\/push-l-30.jpg\" alt=\"\" width=\"61\" height=\"30\" \/><\/a>\u00a0<a href=\"https:\/\/www.topohvar.at\/orte\/vk\/\"><img loading=\"lazy\" decoding=\"async\" class=\"alignnone wp-image-535 size-full\" src=\"https:\/\/www.topohvar.at\/wp-content\/uploads\/2018\/07\/push-o-30.jpg\" alt=\"\" width=\"61\" height=\"30\" \/><\/a>\u00a0<a href=\"https:\/\/www.topohvar.at\/orte\/vk\/vk-is-03-1\/\"><img loading=\"lazy\" decoding=\"async\" class=\"alignnone wp-image-536 size-full\" src=\"https:\/\/www.topohvar.at\/wp-content\/uploads\/2018\/07\/push-r-30.jpg\" alt=\"\" width=\"61\" height=\"30\" \/><\/a><\/strong><\/p>\n<hr \/>\n<p><strong>Adresa \/ Adresse<br \/>\n<\/strong>Vrisnik,\u00a0pored ceste Svirce &#8211; Jelsa<\/p>\n<p><strong>Lokacija<\/strong><strong> \/ Position<a href=\"https:\/\/goo.gl\/maps\/xJYUgwmCXwkkHSGK7\"><img loading=\"lazy\" decoding=\"async\" class=\"alignright wp-image-8283\" src=\"https:\/\/www.topohvar.at\/wp-content\/uploads\/2018\/08\/0934.jpg\" alt=\"\" width=\"134\" height=\"100\" \/><\/a><br \/>\n<\/strong><span style=\"color: #3366ff;\">L<a style=\"color: #3366ff;\" href=\"https:\/\/goo.gl\/maps\/xJYUgwmCXwkkHSGK7\">atitude: N 43,16241\u00b0\u00a0 \u00a0 Longitude: E 16,66035\u00b0\u00a0<\/a><\/span><strong><br \/>\n<\/strong>Visina \/ H\u00f6he: 53 m<\/p>\n<p><strong>Katastarska \u010destica<\/strong><strong> \/ Grundst\u00fccke<br \/>\n<\/strong>1680\/2<div class='content-column one_half'><div style=\"padding-right:6px;\"><p><strong>Datum snimanja \/ Erfassungsdatum<br \/>\n<\/strong>24.05.2013 16:25:19<\/p>\n<hr \/>\n<p><strong>Informacije<\/strong><\/p>\n<p>Uz cestu Svir\u010de-Jelsa je smje\u0161tena na bazi betona, plo\u010da sa sljede\u0107im natpisom:<\/p><\/div><\/div><div class='content-column one_half last_column'><div style=\"padding-right:0px;padding-left:6px;\"><p><strong>Stupanj za\u0161tite<\/strong><strong> \/ Schutzstellung<br \/>\n<\/strong>&#8211;<\/p>\n<hr \/>\n<p><strong>Info<\/strong><\/p>\n<p>Neben der Stra\u00dfe Svir\u010de-Jelsa befindet sich auf einem Betonsockel die Gedenktafel mit folgender\u00a0Inschrift:<\/p><\/div><\/div><div class='clear_column'><\/div><div class='content-column one_half'><div style=\"padding-right:6px;\"><p style=\"text-align: center;\">NA OMOM MJESTO<br \/>\nUMRO JE<br \/>\n<strong>IVAN CARI\u0106<\/strong><\/p>\n<p style=\"text-align: left;\"><\/div><\/div><div class='content-column one_half last_column'><div style=\"padding-right:0px;padding-left:6px;\"><p style=\"text-align: center;\">An diesem Ort<br \/>\nstarb<br \/>\n<strong>Ivan Cari\u0107<\/strong><\/p><\/div><\/div><div class='clear_column'><\/div><\/p>\n<p style=\"text-align: right;\"><span style=\"color: #3366ff;\"><a style=\"color: #3366ff;\" href=\"#seite_oben\">natrag na vrh \/ Seitenanfang<\/a><\/span><\/p>\n<hr \/>\n<p><strong>Linkovi \/ Links<\/strong><\/p>\n<p>&#8211;<\/p>\n","protected":false},"excerpt":{"rendered":"<p>Ime \/ Name Spomen plo\u010da \/ Gedenktafel \u00bbIvan Cari\u0107\u00ab Code: VK-IS-02\u00a0 \u00a0 \u00a0 \u00a0 \u00a0 \u00a0 \u00a0 \u00a0\u00a0 \u00a0 \u00a0 \u00a0 \u00a0 \u00a0 \u00a0 \u00a0 \u00a0 \u00a0\u00a0\u00a0 Adresa \/ Adresse Vrisnik,\u00a0pored ceste Svirce &#8211; Jelsa Lokacija \/ Position Latitude: N &hellip; <a href=\"https:\/\/www.topohvar.at\/topo\/orte\/vk\/vk-is-02-1\/\">Weiterlesen <span class=\"meta-nav\">&rarr;<\/span><\/a><\/p>\n","protected":false},"author":1,"featured_media":0,"parent":113,"menu_order":0,"comment_status":"closed","ping_status":"closed","template":"","meta":{"footnotes":""},"class_list":["post-8195","page","type-page","status-publish","hentry"],"_links":{"self":[{"href":"https:\/\/www.topohvar.at\/topo\/wp-json\/wp\/v2\/pages\/8195","targetHints":{"allow":["GET"]}}],"collection":[{"href":"https:\/\/www.topohvar.at\/topo\/wp-json\/wp\/v2\/pages"}],"about":[{"href":"https:\/\/www.topohvar.at\/topo\/wp-json\/wp\/v2\/types\/page"}],"author":[{"embeddable":true,"href":"https:\/\/www.topohvar.at\/topo\/wp-json\/wp\/v2\/users\/1"}],"replies":[{"embeddable":true,"href":"https:\/\/www.topohvar.at\/topo\/wp-json\/wp\/v2\/comments?post=8195"}],"version-history":[{"count":8,"href":"https:\/\/www.topohvar.at\/topo\/wp-json\/wp\/v2\/pages\/8195\/revisions"}],"predecessor-version":[{"id":54996,"href":"https:\/\/www.topohvar.at\/topo\/wp-json\/wp\/v2\/pages\/8195\/revisions\/54996"}],"up":[{"embeddable":true,"href":"https:\/\/www.topohvar.at\/topo\/wp-json\/wp\/v2\/pages\/113"}],"wp:attachment":[{"href":"https:\/\/www.topohvar.at\/topo\/wp-json\/wp\/v2\/media?parent=8195"}],"curies":[{"name":"wp","href":"https:\/\/api.w.org\/{rel}","templated":true}]}}

VRISNIK &#8211; Spomen ploča »Ivan Carić«

<p><a name="seite_oben"></a><br />
<strong><img loading="lazy" decoding="async" class="alignnone wp-image-8102 size-large" src="https://www.topohvar.at/wp-content/uploads/2018/08/VK-IS-02-0-1024x503.jpg" alt="" width="640" height="314" srcset="https://www.topohvar.at/wp-content/uploads/2018/08/VK-IS-02-0-1024x503.jpg 1024w, https://www.topohvar.at/wp-content/uploads/2018/08/VK-IS-02-0-300x147.jpg 300w, https://www.topohvar.at/wp-content/uploads/2018/08/VK-IS-02-0-768x377.jpg 768w, https://www.topohvar.at/wp-content/uploads/2018/08/VK-IS-02-0.jpg 1080w" sizes="auto, (max-width: 640px) 100vw, 640px" /></strong></p>
<p><strong>Ime / Name<br />
</strong>Spomen ploča / Gedenktafel »Ivan Carić«</p>
<p><strong>Code: </strong>VK-IS-02               <strong>                   <a href="https://www.topohvar.at/orte/vk/vk-is-05-1/"><img loading="lazy" decoding="async" class="alignnone wp-image-533 size-full" src="https://www.topohvar.at/wp-content/uploads/2018/07/push-l-30.jpg" alt="" width="61" height="30" /></a> <a href="https://www.topohvar.at/orte/vk/"><img loading="lazy" decoding="async" class="alignnone wp-image-535 size-full" src="https://www.topohvar.at/wp-content/uploads/2018/07/push-o-30.jpg" alt="" width="61" height="30" /></a> <a href="https://www.topohvar.at/orte/vk/vk-is-03-1/"><img loading="lazy" decoding="async" class="alignnone wp-image-536 size-full" src="https://www.topohvar.at/wp-content/uploads/2018/07/push-r-30.jpg" alt="" width="61" height="30" /></a></strong></p>
<hr />
<p><strong>Adresa / Adresse<br />
</strong>Vrisnik, pored ceste Svirce &#8211; Jelsa</p>
<p><strong>Lokacija</strong><strong> / Position<a href="https://goo.gl/maps/xJYUgwmCXwkkHSGK7"><img loading="lazy" decoding="async" class="alignright wp-image-8283" src="https://www.topohvar.at/wp-content/uploads/2018/08/0934.jpg" alt="" width="134" height="100" /></a><br />
</strong><span style="color: #3366ff;">L<a style="color: #3366ff;" href="https://goo.gl/maps/xJYUgwmCXwkkHSGK7">atitude: N 43,16241°    Longitude: E 16,66035° </a></span><strong><br />
</strong>Visina / Höhe: 53 m</p>
<p><strong>Katastarska čestica</strong><strong> / Grundstücke<br />
</strong>1680/2<div class='content-column one_half'><div style="padding-right:6px;"><p><strong>Datum snimanja / Erfassungsdatum<br />
</strong>24.05.2013 16:25:19</p>
<hr />
<p><strong>Informacije</strong></p>
<p>Uz cestu Svirče-Jelsa je smještena na bazi betona, ploča sa sljedećim natpisom:</p></div></div><div class='content-column one_half last_column'><div style="padding-right:0px;padding-left:6px;"><p><strong>Stupanj zaštite</strong><strong> / Schutzstellung<br />
</strong>&#8211;</p>
<hr />
<p><strong>Info</strong></p>
<p>Neben der Straße Svirče-Jelsa befindet sich auf einem Betonsockel die Gedenktafel mit folgender Inschrift:</p></div></div><div class='clear_column'></div><div class='content-column one_half'><div style="padding-right:6px;"><p style="text-align: center;">NA OMOM MJESTO<br />
UMRO JE<br />
<strong>IVAN CARIĆ</strong></p>
<p style="text-align: left;"></div></div><div class='content-column one_half last_column'><div style="padding-right:0px;padding-left:6px;"><p style="text-align: center;">An diesem Ort<br />
starb<br />
<strong>Ivan Carić</strong></p></div></div><div class='clear_column'></div></p>
<p style="text-align: right;"><span style="color: #3366ff;"><a style="color: #3366ff;" href="#seite_oben">natrag na vrh / Seitenanfang</a></span></p>
<hr />
<p><strong>Linkovi / Links</strong></p>
<p>&#8211;</p>

<p>Ime / Name Spomen ploča / Gedenktafel »Ivan Carić« Code: VK-IS-02                                     Adresa / Adresse Vrisnik, pored ceste Svirce &#8211; Jelsa Lokacija / Position Latitude: N &hellip; <a href="https://www.topohvar.at/topo/orte/vk/vk-is-02-1/">Weiterlesen <span class="meta-nav">&rarr;</span></a></p>
