{"id":8386,"date":"2018-08-28T19:15:58","date_gmt":"2018-08-28T17:15:58","guid":{"rendered":"https:\/\/www.topohvar.at\/?page_id=8386"},"modified":"2024-07-16T16:44:57","modified_gmt":"2024-07-16T14:44:57","slug":"pi-is-01-1","status":"publish","type":"page","link":"https:\/\/www.topohvar.at\/topo\/orte\/pi\/pi-is-01-1\/","title":{"rendered":"PITVE &#8211; Spomen plo\u010da palim borcima"},"content":{"rendered":"<p><a name=\"seite_oben\"><\/a><strong><img loading=\"lazy\" decoding=\"async\" class=\"alignnone wp-image-8336 size-large\" src=\"https:\/\/www.topohvar.at\/wp-content\/uploads\/2018\/08\/PI-IS-01-0-1024x503.jpg\" alt=\"\" width=\"640\" height=\"314\" srcset=\"https:\/\/www.topohvar.at\/wp-content\/uploads\/2018\/08\/PI-IS-01-0-1024x503.jpg 1024w, https:\/\/www.topohvar.at\/wp-content\/uploads\/2018\/08\/PI-IS-01-0-300x147.jpg 300w, https:\/\/www.topohvar.at\/wp-content\/uploads\/2018\/08\/PI-IS-01-0-768x377.jpg 768w, https:\/\/www.topohvar.at\/wp-content\/uploads\/2018\/08\/PI-IS-01-0.jpg 1080w\" sizes=\"auto, (max-width: 640px) 100vw, 640px\" \/><\/strong><\/p>\n<p><strong>Ime \/ Name<br \/>\n<\/strong>Spomen plo\u010da palim borcima \/ Denkmal f\u00fcr die Gefallenen<\/p>\n<p><strong>Code: <\/strong>PI-IS-01\u00a0 \u00a0 \u00a0 \u00a0 \u00a0 \u00a0 \u00a0 \u00a0 \u00a0 \u00a0 \u00a0 \u00a0 \u00a0 \u00a0 \u00a0 \u00a0 <a href=\"https:\/\/www.topohvar.at\/orte\/pi\/pi-ip-01-1\/\"><img loading=\"lazy\" decoding=\"async\" class=\"alignnone wp-image-12300 size-full\" src=\"https:\/\/www.topohvar.at\/wp-content\/uploads\/2018\/09\/push-vor-30.jpg\" alt=\"\" width=\"61\" height=\"30\" \/><\/a> <strong><a href=\"https:\/\/www.topohvar.at\/orte\/pi\/pi-is-04-1\/\"><img loading=\"lazy\" decoding=\"async\" class=\"alignnone wp-image-533 size-full\" src=\"https:\/\/www.topohvar.at\/wp-content\/uploads\/2018\/07\/push-l-30.jpg\" alt=\"\" width=\"61\" height=\"30\" \/><\/a> <a href=\"https:\/\/www.topohvar.at\/orte\/pi\/\"><img loading=\"lazy\" decoding=\"async\" class=\"alignnone wp-image-535 size-full\" src=\"https:\/\/www.topohvar.at\/wp-content\/uploads\/2018\/07\/push-o-30.jpg\" alt=\"\" width=\"61\" height=\"30\" \/><\/a> <a href=\"https:\/\/www.topohvar.at\/orte\/pi\/pi-is-03-1\/\"><img loading=\"lazy\" decoding=\"async\" class=\"alignnone wp-image-536 size-full\" src=\"https:\/\/www.topohvar.at\/wp-content\/uploads\/2018\/07\/push-r-30.jpg\" alt=\"\" width=\"61\" height=\"30\" \/><\/a><\/strong><\/p>\n<hr \/>\n<p><strong>Adresa \/ Adresse<br \/>\n<\/strong>Pitve, biv\u0161i \u0161kola<\/p>\n<p><strong>Lokacija<\/strong><strong> \/ Position<a href=\"https:\/\/goo.gl\/maps\/WPTH98iQHkcvCWz97\"><img loading=\"lazy\" decoding=\"async\" class=\"alignright wp-image-8475\" src=\"https:\/\/www.topohvar.at\/wp-content\/uploads\/2018\/08\/0476.jpg\" alt=\"\" width=\"134\" height=\"100\" \/><\/a><br \/>\n<\/strong><span style=\"color: #3366ff;\"><a style=\"color: #3366ff;\" href=\"https:\/\/goo.gl\/maps\/WPTH98iQHkcvCWz97\">Latitude: N 43,14835\u00b0 Longitude: E 16,67030\u00b0<\/a> <\/span><strong><br \/>\n<\/strong>Visina \/ H\u00f6he: 129 m<\/p>\n<p><strong>Katastarska \u010destica <\/strong><strong>\/ Grundst\u00fccke<br \/>\n<\/strong>*313<div class='content-column one_half'><div style=\"padding-right:6px;\"><p><strong>Datum snimanja \/ Erfassungsdatum<br \/>\n<\/strong>14.10.2014 12:17:31<\/p>\n<hr \/>\n<p><strong>Informacije<\/strong><\/p>\n<p>Spomen plo\u010da od bijelog kamena, dimenzije 125 x 220, postavljena je na pro\u010delju zgrade nekada\u0161nje \u0161kole do ulaznih vratiju.<\/p><\/div><\/div><div class='content-column one_half last_column'><div style=\"padding-right:0px;padding-left:6px;\"><p><strong>Stupanj za\u0161tite <\/strong><strong>\/ Schutzstellung<br \/>\n<\/strong>&#8211;<\/p>\n<hr \/>\n<p><strong>Info<\/strong><\/p>\n<p>Die Gedenktafel aus wei\u00dfem Stein im Ausma\u00df von 125 x 220 cm, wurde neben dem Eingangstor an der Vorderseite des ehemaligen Schulgeb\u00e4udes errichtet.<\/p><\/div><\/div><div class='clear_column'><\/div><div class='content-column one_half'><div style=\"padding-right:6px;\"><p>Tekst napisao Jure Frani\u010devi\u0107 Plo\u010dar.<\/p><\/div><\/div><div class='content-column one_half last_column'><div style=\"padding-right:0px;padding-left:6px;\"><p>Der Text wurde von Jure Frani\u010devi\u0107 Plo\u010dar verfasst.<\/p><\/div><\/div><div class='clear_column'><\/div><div class='content-column one_half'><div style=\"padding-right:6px;\"><p>Natpis<\/p>\n<p>KAD ZORE RUMENILOM BIOKOVO OBLIJU<br \/>\nI KAD MLODA SUNCA NAD PITVMA PLIJU<br \/>\nI NJIHOVE ZINICE U NJIMA NAS GRIJU<br \/>\nJER ONI SU NAMI ZAUVIK OSTALI<br \/>\n\u017dIVI KAKO SVITLOST ZA KOJU SU PALI<\/p><\/div><\/div><div class='content-column one_half last_column'><div style=\"padding-right:0px;padding-left:6px;\"><p>Inschrift<\/p>\n<p>Wenn die Morgenr\u00f6te am Biokovo anbricht<br \/>\nund die Morgensonne \u00fcber Pitve aufgeht<br \/>\nund ihre Strahlen uns w\u00e4rmen,<br \/>\nwerden sie f\u00fcr uns immer weiter leben,<br \/>\nwie das Licht f\u00fcr das sie gefallen sind.<\/p><\/div><\/div><div class='clear_column'><\/div><div class='content-column one_half'><div style=\"padding-right:6px;\"><p style=\"padding-left: 120px;\">ANTI\u010cEVI\u0106 MILIVOJ<br \/>\nBARBI\u0106 ARON<br \/>\nBARBI\u0106 HRVOJE<br \/>\nBARBI\u0106 SMILJKO<br \/>\nBATO\u0160 JZRAJ<br \/>\nBATO\u0160 ZVONKO<br \/>\nBOJANI\u0106 BENEDIKT<br \/>\nBOJANI\u0106 KRSTO<br \/>\nBOJANI\u0106 MATE<br \/>\nBOJANI\u0106 VJESKOSLAV<br \/>\nCARATAN ANTE<br \/>\nCARATAN MARIN<br \/>\nDUBOKOVI\u0106 JAKOV<br \/>\nJAKAS SPASO<br \/>\nJAKAS VJEKOSLAV<\/p>\n<p>SVOJIM SINOVIMA I K\u0106ERIMA<br \/>\nU OSLOBODILA\u010cKOM RATU \/ 1941 \u2013 1945<br \/>\nNAROD PITAVA<\/p><\/div><\/div><div class='content-column one_half last_column'><div style=\"padding-right:0px;padding-left:6px;\"><p>KOKI\u0106 LJUBICA<br \/>\nKORDI\u0106 KUZMA<br \/>\nKORDI\u0106 STJEPAN<br \/>\nMARJAN FRANO<br \/>\nMARJAN IVAN<br \/>\nMILETA ANTUN<br \/>\nMILETA IVAN<br \/>\nMILETA MARIN<br \/>\nMILETA SMILJANA<br \/>\nMILETA ZVONKO<br \/>\nPETROVAC JOSIP<br \/>\nRADONI\u0106 IVAN<br \/>\nRADONI\u0106 MILJENKO<br \/>\nRADONI\u0106 RADOVAN<br \/>\nTABAK JAKOV<\/p>\n<p>Ihre S\u00f6hne und T\u00f6chter<br \/>\nim Befreiungskrieg 1941 \u2013 1945.<br \/>\nDie Bewohner von Pitve<\/p><\/div><\/div><div class='clear_column'><\/div><div class='content-column one_half'><div style=\"padding-right:6px;\"><p>Nekada\u0161nja \u0161kola preure\u0111ena je u spomen dom boraca NOR-a Pitve<\/p><\/div><\/div><div class='content-column one_half last_column'><div style=\"padding-right:0px;padding-left:6px;\"><p>In der ehemaligen Schule wurde einst eine Gedenkst\u00e4tte des Nationalen Befreiungskampfes in Pitve eingerichtet.<\/p><\/div><\/div><div class='clear_column'><\/div><\/p>\n<p style=\"text-align: right;\"><span style=\"color: #3366ff;\"><a style=\"color: #3366ff;\" href=\"#seite_oben\">natrag na vrh \/ Seitenanfang<\/a><\/span><\/p>\n<hr \/>\n<p><strong>Linkovi \/ Links<\/strong><\/p>\n<p><span style=\"color: #3366ff;\"><a style=\"color: #3366ff;\" href=\"https:\/\/www.topohvar.at\/orte\/pi\/pi-tg-02-1\/\">Vinogradarski muzej &#8211; nekada\u0161nje \u0161kole \/ Weinbaumuseum &#8211; ehemaliges Schulgeb\u00e4ude<\/a>\u00a0<\/span><\/p>\n","protected":false},"excerpt":{"rendered":"<p>Ime \/ Name Spomen plo\u010da palim borcima \/ Denkmal f\u00fcr die Gefallenen Code: PI-IS-01\u00a0 \u00a0 \u00a0 \u00a0 \u00a0 \u00a0 \u00a0 \u00a0 \u00a0 \u00a0 \u00a0 \u00a0 \u00a0 \u00a0 \u00a0 \u00a0 Adresa \/ Adresse Pitve, biv\u0161i \u0161kola Lokacija \/ Position Latitude: N &hellip; <a href=\"https:\/\/www.topohvar.at\/topo\/orte\/pi\/pi-is-01-1\/\">Weiterlesen <span class=\"meta-nav\">&rarr;<\/span><\/a><\/p>\n","protected":false},"author":1,"featured_media":0,"parent":89,"menu_order":0,"comment_status":"closed","ping_status":"closed","template":"","meta":{"footnotes":""},"class_list":["post-8386","page","type-page","status-publish","hentry"],"_links":{"self":[{"href":"https:\/\/www.topohvar.at\/topo\/wp-json\/wp\/v2\/pages\/8386","targetHints":{"allow":["GET"]}}],"collection":[{"href":"https:\/\/www.topohvar.at\/topo\/wp-json\/wp\/v2\/pages"}],"about":[{"href":"https:\/\/www.topohvar.at\/topo\/wp-json\/wp\/v2\/types\/page"}],"author":[{"embeddable":true,"href":"https:\/\/www.topohvar.at\/topo\/wp-json\/wp\/v2\/users\/1"}],"replies":[{"embeddable":true,"href":"https:\/\/www.topohvar.at\/topo\/wp-json\/wp\/v2\/comments?post=8386"}],"version-history":[{"count":14,"href":"https:\/\/www.topohvar.at\/topo\/wp-json\/wp\/v2\/pages\/8386\/revisions"}],"predecessor-version":[{"id":69224,"href":"https:\/\/www.topohvar.at\/topo\/wp-json\/wp\/v2\/pages\/8386\/revisions\/69224"}],"up":[{"embeddable":true,"href":"https:\/\/www.topohvar.at\/topo\/wp-json\/wp\/v2\/pages\/89"}],"wp:attachment":[{"href":"https:\/\/www.topohvar.at\/topo\/wp-json\/wp\/v2\/media?parent=8386"}],"curies":[{"name":"wp","href":"https:\/\/api.w.org\/{rel}","templated":true}]}}

PITVE &#8211; Spomen ploča palim borcima

<p><a name="seite_oben"></a><strong><img loading="lazy" decoding="async" class="alignnone wp-image-8336 size-large" src="https://www.topohvar.at/wp-content/uploads/2018/08/PI-IS-01-0-1024x503.jpg" alt="" width="640" height="314" srcset="https://www.topohvar.at/wp-content/uploads/2018/08/PI-IS-01-0-1024x503.jpg 1024w, https://www.topohvar.at/wp-content/uploads/2018/08/PI-IS-01-0-300x147.jpg 300w, https://www.topohvar.at/wp-content/uploads/2018/08/PI-IS-01-0-768x377.jpg 768w, https://www.topohvar.at/wp-content/uploads/2018/08/PI-IS-01-0.jpg 1080w" sizes="auto, (max-width: 640px) 100vw, 640px" /></strong></p>
<p><strong>Ime / Name<br />
</strong>Spomen ploča palim borcima / Denkmal für die Gefallenen</p>
<p><strong>Code: </strong>PI-IS-01                                <a href="https://www.topohvar.at/orte/pi/pi-ip-01-1/"><img loading="lazy" decoding="async" class="alignnone wp-image-12300 size-full" src="https://www.topohvar.at/wp-content/uploads/2018/09/push-vor-30.jpg" alt="" width="61" height="30" /></a> <strong><a href="https://www.topohvar.at/orte/pi/pi-is-04-1/"><img loading="lazy" decoding="async" class="alignnone wp-image-533 size-full" src="https://www.topohvar.at/wp-content/uploads/2018/07/push-l-30.jpg" alt="" width="61" height="30" /></a> <a href="https://www.topohvar.at/orte/pi/"><img loading="lazy" decoding="async" class="alignnone wp-image-535 size-full" src="https://www.topohvar.at/wp-content/uploads/2018/07/push-o-30.jpg" alt="" width="61" height="30" /></a> <a href="https://www.topohvar.at/orte/pi/pi-is-03-1/"><img loading="lazy" decoding="async" class="alignnone wp-image-536 size-full" src="https://www.topohvar.at/wp-content/uploads/2018/07/push-r-30.jpg" alt="" width="61" height="30" /></a></strong></p>
<hr />
<p><strong>Adresa / Adresse<br />
</strong>Pitve, bivši škola</p>
<p><strong>Lokacija</strong><strong> / Position<a href="https://goo.gl/maps/WPTH98iQHkcvCWz97"><img loading="lazy" decoding="async" class="alignright wp-image-8475" src="https://www.topohvar.at/wp-content/uploads/2018/08/0476.jpg" alt="" width="134" height="100" /></a><br />
</strong><span style="color: #3366ff;"><a style="color: #3366ff;" href="https://goo.gl/maps/WPTH98iQHkcvCWz97">Latitude: N 43,14835° Longitude: E 16,67030°</a> </span><strong><br />
</strong>Visina / Höhe: 129 m</p>
<p><strong>Katastarska čestica </strong><strong>/ Grundstücke<br />
</strong>*313<div class='content-column one_half'><div style="padding-right:6px;"><p><strong>Datum snimanja / Erfassungsdatum<br />
</strong>14.10.2014 12:17:31</p>
<hr />
<p><strong>Informacije</strong></p>
<p>Spomen ploča od bijelog kamena, dimenzije 125 x 220, postavljena je na pročelju zgrade nekadašnje škole do ulaznih vratiju.</p></div></div><div class='content-column one_half last_column'><div style="padding-right:0px;padding-left:6px;"><p><strong>Stupanj zaštite </strong><strong>/ Schutzstellung<br />
</strong>&#8211;</p>
<hr />
<p><strong>Info</strong></p>
<p>Die Gedenktafel aus weißem Stein im Ausmaß von 125 x 220 cm, wurde neben dem Eingangstor an der Vorderseite des ehemaligen Schulgebäudes errichtet.</p></div></div><div class='clear_column'></div><div class='content-column one_half'><div style="padding-right:6px;"><p>Tekst napisao Jure Franičević Pločar.</p></div></div><div class='content-column one_half last_column'><div style="padding-right:0px;padding-left:6px;"><p>Der Text wurde von Jure Franičević Pločar verfasst.</p></div></div><div class='clear_column'></div><div class='content-column one_half'><div style="padding-right:6px;"><p>Natpis</p>
<p>KAD ZORE RUMENILOM BIOKOVO OBLIJU<br />
I KAD MLODA SUNCA NAD PITVMA PLIJU<br />
I NJIHOVE ZINICE U NJIMA NAS GRIJU<br />
JER ONI SU NAMI ZAUVIK OSTALI<br />
ŽIVI KAKO SVITLOST ZA KOJU SU PALI</p></div></div><div class='content-column one_half last_column'><div style="padding-right:0px;padding-left:6px;"><p>Inschrift</p>
<p>Wenn die Morgenröte am Biokovo anbricht<br />
und die Morgensonne über Pitve aufgeht<br />
und ihre Strahlen uns wärmen,<br />
werden sie für uns immer weiter leben,<br />
wie das Licht für das sie gefallen sind.</p></div></div><div class='clear_column'></div><div class='content-column one_half'><div style="padding-right:6px;"><p style="padding-left: 120px;">ANTIČEVIĆ MILIVOJ<br />
BARBIĆ ARON<br />
BARBIĆ HRVOJE<br />
BARBIĆ SMILJKO<br />
BATOŠ JZRAJ<br />
BATOŠ ZVONKO<br />
BOJANIĆ BENEDIKT<br />
BOJANIĆ KRSTO<br />
BOJANIĆ MATE<br />
BOJANIĆ VJESKOSLAV<br />
CARATAN ANTE<br />
CARATAN MARIN<br />
DUBOKOVIĆ JAKOV<br />
JAKAS SPASO<br />
JAKAS VJEKOSLAV</p>
<p>SVOJIM SINOVIMA I KĆERIMA<br />
U OSLOBODILAČKOM RATU / 1941 – 1945<br />
NAROD PITAVA</p></div></div><div class='content-column one_half last_column'><div style="padding-right:0px;padding-left:6px;"><p>KOKIĆ LJUBICA<br />
KORDIĆ KUZMA<br />
KORDIĆ STJEPAN<br />
MARJAN FRANO<br />
MARJAN IVAN<br />
MILETA ANTUN<br />
MILETA IVAN<br />
MILETA MARIN<br />
MILETA SMILJANA<br />
MILETA ZVONKO<br />
PETROVAC JOSIP<br />
RADONIĆ IVAN<br />
RADONIĆ MILJENKO<br />
RADONIĆ RADOVAN<br />
TABAK JAKOV</p>
<p>Ihre Söhne und Töchter<br />
im Befreiungskrieg 1941 – 1945.<br />
Die Bewohner von Pitve</p></div></div><div class='clear_column'></div><div class='content-column one_half'><div style="padding-right:6px;"><p>Nekadašnja škola preuređena je u spomen dom boraca NOR-a Pitve</p></div></div><div class='content-column one_half last_column'><div style="padding-right:0px;padding-left:6px;"><p>In der ehemaligen Schule wurde einst eine Gedenkstätte des Nationalen Befreiungskampfes in Pitve eingerichtet.</p></div></div><div class='clear_column'></div></p>
<p style="text-align: right;"><span style="color: #3366ff;"><a style="color: #3366ff;" href="#seite_oben">natrag na vrh / Seitenanfang</a></span></p>
<hr />
<p><strong>Linkovi / Links</strong></p>
<p><span style="color: #3366ff;"><a style="color: #3366ff;" href="https://www.topohvar.at/orte/pi/pi-tg-02-1/">Vinogradarski muzej &#8211; nekadašnje škole / Weinbaumuseum &#8211; ehemaliges Schulgebäude</a> </span></p>

<p>Ime / Name Spomen ploča palim borcima / Denkmal für die Gefallenen Code: PI-IS-01                                Adresa / Adresse Pitve, bivši škola Lokacija / Position Latitude: N &hellip; <a href="https://www.topohvar.at/topo/orte/pi/pi-is-01-1/">Weiterlesen <span class="meta-nav">&rarr;</span></a></p>
