{"id":8404,"date":"2018-08-28T19:34:40","date_gmt":"2018-08-28T17:34:40","guid":{"rendered":"https:\/\/www.topohvar.at\/?page_id=8404"},"modified":"2021-12-02T13:59:19","modified_gmt":"2021-12-02T12:59:19","slug":"pi-po-01-1","status":"publish","type":"page","link":"https:\/\/www.topohvar.at\/topo\/orte\/pi\/pi-po-01-1\/","title":{"rendered":"PITVE &#8211; Anti\u010dki objekt \u00bbboga Janusa &#8211; Baba\u00ab"},"content":{"rendered":"<p><a name=\"seite_oben\"><\/a><br \/>\n<strong><img loading=\"lazy\" decoding=\"async\" class=\"alignnone wp-image-8345 size-large\" src=\"https:\/\/www.topohvar.at\/wp-content\/uploads\/2018\/08\/PI-PO-01-0-1024x503.jpg\" alt=\"\" width=\"640\" height=\"314\" srcset=\"https:\/\/www.topohvar.at\/wp-content\/uploads\/2018\/08\/PI-PO-01-0-1024x503.jpg 1024w, https:\/\/www.topohvar.at\/wp-content\/uploads\/2018\/08\/PI-PO-01-0-300x147.jpg 300w, https:\/\/www.topohvar.at\/wp-content\/uploads\/2018\/08\/PI-PO-01-0-768x377.jpg 768w, https:\/\/www.topohvar.at\/wp-content\/uploads\/2018\/08\/PI-PO-01-0.jpg 1080w\" sizes=\"auto, (max-width: 640px) 100vw, 640px\" \/><\/strong><\/p>\n<p><strong>Ime \/ Name<br \/>\n<\/strong>Anti\u010dki objekt \u00bbboga Janusa &#8211; <em>Baba<\/em>\u00ab \/ Antiker Januskopf <em>Baba<\/em><\/p>\n<p><strong>Code: <\/strong>PI-PO-01\u00a0 \u00a0 \u00a0 \u00a0 \u00a0 \u00a0 \u00a0 \u00a0 \u00a0 \u00a0 \u00a0 \u00a0 \u00a0 \u00a0 \u00a0 \u00a0 \u00a0 \u00a0 \u00a0 \u00a0 \u00a0 <a href=\"https:\/\/www.topohvar.at\/topo\/orte\/pi\/pi-po-00-1\/\"><img loading=\"lazy\" decoding=\"async\" class=\"alignnone wp-image-533 size-full\" src=\"https:\/\/www.topohvar.at\/wp-content\/uploads\/2018\/07\/push-l-30.jpg\" alt=\"\" width=\"61\" height=\"30\" \/><\/a><strong> <a href=\"https:\/\/www.topohvar.at\/orte\/pi\/\"><img loading=\"lazy\" decoding=\"async\" class=\"alignnone wp-image-535 size-full\" src=\"https:\/\/www.topohvar.at\/wp-content\/uploads\/2018\/07\/push-o-30.jpg\" alt=\"\" width=\"61\" height=\"30\" \/><\/a> <\/strong><\/p>\n<hr \/>\n<p><strong>Adresa \/ Adresse<br \/>\n<\/strong>Gornja Pitve<\/p>\n<p><strong>Lokacija \/ Position<a href=\"https:\/\/goo.gl\/maps\/Knu8ek1HjcuRUgcS9\"><img loading=\"lazy\" decoding=\"async\" class=\"alignright wp-image-8420\" src=\"https:\/\/www.topohvar.at\/wp-content\/uploads\/2018\/08\/0465.jpg\" alt=\"\" width=\"134\" height=\"100\" \/><\/a><br \/>\n<\/strong><span style=\"color: #3366ff;\"><a style=\"color: #3366ff;\" href=\"https:\/\/goo.gl\/maps\/Knu8ek1HjcuRUgcS9\">Latitude: N 43,14731\u00b0 Longitude: E 16,66992\u00b0<\/a> <\/span><strong><br \/>\n<\/strong>Visina \/ H\u00f6he: 166 m<\/p>\n<p><strong>Katastarska \u010destica <\/strong><strong>\/ Grundst\u00fccke<br \/>\n<\/strong>*126<div class='content-column one_half'><div style=\"padding-right:6px;\"><p><strong>Datum snimanja \/ Erfassungsdatum<br \/>\n<\/strong>16.10.2014 11:05:47<\/p>\n<hr \/>\n<p><strong>Informacije<\/strong><\/p>\n<p>U Pitvi je prona\u0111ena rimska glava boga Janusa s dva lica. Sada je ispred \u017eupne crkve Sv. Jakova. Janus je bog vrata (ulaza i izlaza), kao simbol za\u0161tite.<\/p><\/div><\/div><div class='content-column one_half last_column'><div style=\"padding-right:0px;padding-left:6px;\"><p><strong>Stupanj za\u0161tite<\/strong><strong> \/ Schutzstellung<br \/>\n<\/strong>&#8211;<\/p>\n<hr \/>\n<p><strong>Info<\/strong><\/p>\n<p>In Pitve wurde ein Kopf des Gottes Janus mit zwei Gesichtern aus der R\u00f6merzeit gefunden. Er befindet sich jetzt vor der Pfarrkirche des hl. Apostel Jakob. Janus ist der Gott der T\u00fcren (Ein- und Ausg\u00e4nge), also ein Schutzsymbol.<\/p><\/div><\/div><div class='clear_column'><\/div><\/p>\n<hr \/>\n<div class='content-column one_half'><div style=\"padding-right:6px;\"><p><strong>Janus<\/strong> ima dvije glave. Tako je predstavljen na mnogim nov\u010di\u0107ima i skulpturama. On je bog po\u010detka i kraja, vidi pro\u0161lost i budu\u0107nost. Tu mu je mo\u0107 dao Saturn, nekada\u0161nji kralj svemira. Janusovi simboli su vrata i klju\u010d. \u017dena mu se zove Jana. Isprva je Janus bio bog Sunca, ali je to poslije postao Apolon. Za razliku od mnogih drugih bogova, Janus nema gr\u010dkog pandana, ali ima etru\u0161\u010danskog \u2013 Ani. Po njemu je nazvan januar, prvi mjesec u godini, te Saturnov satelit Janus. Janus se zaljubio u nimfu Karnu i dao joj vlast nad vratima.<\/p><\/div><\/div><div class='content-column one_half last_column'><div style=\"padding-right:0px;padding-left:6px;\"><p><strong>Janus<\/strong> hat zwei Gesichter. So wird er auf vielen M\u00fcnzen und Skulpturen pr\u00e4sentiert. Er ist der Gott des Anfangs und des Endes, er sieht in die Vergangenheit und die Zukunft. Saturn, der fr\u00fchere K\u00f6nig des Universums, gab ihm Macht. Janus Symbole sind die T\u00fcr und der Schl\u00fcssel. Seine Frau hei\u00dft Jana. Zuerst war Janus der Sonnengott, sp\u00e4ter wurde es Apollo. Anders als viele andere G\u00f6tter hat Janus kein griechisches Pandan, sondern ein etruskisches &#8211; Ani. Nach ihm ist der Januar, der erste Monat des Jahres benannt, und Janus ein Satellit Saturns. Janus verliebte sich in die Nymphe Karn und gab ihr die Kontrolle \u00fcber T\u00fcr und Tor.<\/p><\/div><\/div><div class='clear_column'><\/div><\/p>\n<p style=\"text-align: right;\"><span style=\"color: #3366ff;\"><a style=\"color: #3366ff;\" href=\"#seite_oben\">natrag na vrh \/ Seitenanfang<\/a><\/span><\/p>\n<p style=\"text-align: center;\"><em>(Wikipedia)<\/em><\/p>\n<hr \/>\n<p><strong>Linkovi \/ Links<\/strong><\/p>\n<p><span style=\"color: #3366ff;\"><a style=\"color: #3366ff;\" href=\"https:\/\/www.topohvar.at\/orte\/pi\/pi-ci-01-1\/\">Crkva Sv. Jakova Apostola \/ Kirche des Apostel Jakob<\/a><\/span><\/p>\n","protected":false},"excerpt":{"rendered":"<p>Ime \/ Name Anti\u010dki objekt \u00bbboga Janusa &#8211; Baba\u00ab \/ Antiker Januskopf Baba Code: PI-PO-01\u00a0 \u00a0 \u00a0 \u00a0 \u00a0 \u00a0 \u00a0 \u00a0 \u00a0 \u00a0 \u00a0 \u00a0 \u00a0 \u00a0 \u00a0 \u00a0 \u00a0 \u00a0 \u00a0 \u00a0 \u00a0 Adresa \/ Adresse Gornja Pitve &hellip; <a href=\"https:\/\/www.topohvar.at\/topo\/orte\/pi\/pi-po-01-1\/\">Weiterlesen <span class=\"meta-nav\">&rarr;<\/span><\/a><\/p>\n","protected":false},"author":1,"featured_media":0,"parent":89,"menu_order":0,"comment_status":"closed","ping_status":"closed","template":"","meta":{"footnotes":""},"class_list":["post-8404","page","type-page","status-publish","hentry"],"_links":{"self":[{"href":"https:\/\/www.topohvar.at\/topo\/wp-json\/wp\/v2\/pages\/8404","targetHints":{"allow":["GET"]}}],"collection":[{"href":"https:\/\/www.topohvar.at\/topo\/wp-json\/wp\/v2\/pages"}],"about":[{"href":"https:\/\/www.topohvar.at\/topo\/wp-json\/wp\/v2\/types\/page"}],"author":[{"embeddable":true,"href":"https:\/\/www.topohvar.at\/topo\/wp-json\/wp\/v2\/users\/1"}],"replies":[{"embeddable":true,"href":"https:\/\/www.topohvar.at\/topo\/wp-json\/wp\/v2\/comments?post=8404"}],"version-history":[{"count":11,"href":"https:\/\/www.topohvar.at\/topo\/wp-json\/wp\/v2\/pages\/8404\/revisions"}],"predecessor-version":[{"id":54271,"href":"https:\/\/www.topohvar.at\/topo\/wp-json\/wp\/v2\/pages\/8404\/revisions\/54271"}],"up":[{"embeddable":true,"href":"https:\/\/www.topohvar.at\/topo\/wp-json\/wp\/v2\/pages\/89"}],"wp:attachment":[{"href":"https:\/\/www.topohvar.at\/topo\/wp-json\/wp\/v2\/media?parent=8404"}],"curies":[{"name":"wp","href":"https:\/\/api.w.org\/{rel}","templated":true}]}}