{"id":8653,"date":"2018-08-30T17:22:40","date_gmt":"2018-08-30T15:22:40","guid":{"rendered":"https:\/\/www.topohvar.at\/?page_id=8653"},"modified":"2021-11-30T17:01:13","modified_gmt":"2021-11-30T16:01:13","slug":"je-ca-02-1","status":"publish","type":"page","link":"https:\/\/www.topohvar.at\/topo\/orte\/je\/je-ca-02-1\/","title":{"rendered":"JELSA &#8211; Samostan \u00bbBiv\u0161i samostan i hospicuj SS. Milosrdnica\u00ab"},"content":{"rendered":"<p><a name=\"seite_oben\"><\/a><br \/>\n<strong><img loading=\"lazy\" decoding=\"async\" class=\"alignnone wp-image-8521 size-large\" src=\"https:\/\/www.topohvar.at\/wp-content\/uploads\/2018\/08\/JE-CA-02-0-1024x503.jpg\" alt=\"\" width=\"640\" height=\"314\" srcset=\"https:\/\/www.topohvar.at\/wp-content\/uploads\/2018\/08\/JE-CA-02-0-1024x503.jpg 1024w, https:\/\/www.topohvar.at\/wp-content\/uploads\/2018\/08\/JE-CA-02-0-300x147.jpg 300w, https:\/\/www.topohvar.at\/wp-content\/uploads\/2018\/08\/JE-CA-02-0-768x377.jpg 768w, https:\/\/www.topohvar.at\/wp-content\/uploads\/2018\/08\/JE-CA-02-0.jpg 1080w\" sizes=\"auto, (max-width: 640px) 100vw, 640px\" \/><\/strong><\/p>\n<p><strong>Ime \/ Name<br \/>\n<\/strong>Samostan \u00bbBiv\u0161i samostan i hospicuj SS. Milosrdnica\u00ab \/ ehemaliges Kloster und Hospiz der heiligsten Barmherzigkeit<\/p>\n<p><strong>Code: <\/strong>JE-CA-02\u00a0 \u00a0 \u00a0 \u00a0 \u00a0 \u00a0 \u00a0 \u00a0 \u00a0 \u00a0 \u00a0 \u00a0 \u00a0 \u00a0 \u00a0\u00a0<strong><a href=\"https:\/\/www.topohvar.at\/orte\/je\/je-ca-01-1\/\"><img loading=\"lazy\" decoding=\"async\" class=\"alignnone wp-image-533 size-full\" src=\"https:\/\/www.topohvar.at\/wp-content\/uploads\/2018\/07\/push-l-30.jpg\" alt=\"\" width=\"61\" height=\"30\" \/><\/a> <a href=\"https:\/\/www.topohvar.at\/orte\/je\/\"><img loading=\"lazy\" decoding=\"async\" class=\"alignnone wp-image-535 size-full\" src=\"https:\/\/www.topohvar.at\/wp-content\/uploads\/2018\/07\/push-o-30.jpg\" alt=\"\" width=\"61\" height=\"30\" \/><\/a> <a href=\"https:\/\/www.topohvar.at\/orte\/je\/je-ci-01-1\/\"><img loading=\"lazy\" decoding=\"async\" class=\"alignnone wp-image-536 size-full\" src=\"https:\/\/www.topohvar.at\/wp-content\/uploads\/2018\/07\/push-r-30.jpg\" alt=\"\" width=\"61\" height=\"30\" \/><\/a><\/strong><\/p>\n<hr \/>\n<p><strong>Adresa \/ Adresse<br \/>\n<\/strong>Jelsa,\u00a0Bra\u0107e Batos<\/p>\n<p><strong>Lokacija \/ Position<a href=\"https:\/\/goo.gl\/maps\/9WwfxMZ6PPyPCTUv6\"><img loading=\"lazy\" decoding=\"async\" class=\"alignright wp-image-8920\" src=\"https:\/\/www.topohvar.at\/wp-content\/uploads\/2018\/08\/0390.jpg\" alt=\"\" width=\"133\" height=\"100\" \/><\/a><br \/>\n<\/strong><span style=\"color: #3366ff;\"><a style=\"color: #3366ff;\" href=\"https:\/\/goo.gl\/maps\/9WwfxMZ6PPyPCTUv6\">Latitude: N 43,16018\u00b0\u00a0 \u00a0Longitude: E 16,69263\u00b0<\/a> <\/span><strong><br \/>\n<\/strong>Visina \/ H\u00f6he: 9 m<\/p>\n<p><strong>Katastarska \u010destica <\/strong><strong>\/ Grundst\u00fccke<br \/>\n<\/strong>*527, *528<div class='content-column one_half'><div style=\"padding-right:6px;\"><p><strong>Datum snimanja \/ Erfassungsdatum<br \/>\n<\/strong>25.05.2013 11:53:21<\/p>\n<hr \/>\n<p><strong>Informacije<\/strong><\/p>\n<p>Natpis:<\/p>\n<p style=\"text-align: center;\">SAMOSTAN<br \/>\nSS. MILOSRDNICA<br \/>\nJELSA<\/p>\n<p>Goti\u010dko-renesansna Pieta samostana je sada u unutarnjem dvori\u0161tu \u017eupne crkve trv\u0111ana Sv. Uznesenje Marijine.<\/p><\/div><\/div><div class='content-column one_half last_column'><div style=\"padding-right:0px;padding-left:6px;\"><p><strong>Stupanj za\u0161tite<\/strong><strong> \/ Schutzstellung<br \/>\n<\/strong>&#8211;<\/p>\n<hr \/>\n<p><strong>Info<\/strong><\/p>\n<p>Inschrift:<\/p>\n<p style=\"text-align: center;\">Kloster<br \/>\nder Heiligsten Barmherzigkeit<br \/>\nJelsa<\/p>\n<p>Eine Gotik-Renaissance-Pieta des Klosterhospizes befindet sich jetzt im Innenhof der Pfarrkirche Maria Himmelfahrt.<\/p><\/div><\/div><div class='clear_column'><\/div><div class='content-column one_half'><div style=\"padding-right:6px;\"><p>Budu\u0107i da su kroz vi\u0161e od \u0161est desetlje\u0107a crkvenome pjevanju u Jelsi zamjetan doprinos davale sestre milosrdnice, najprije pokojna sestra M. Kornelija Horvat (1927. &#8211; 1944.), a poslije sestre &#8211; voditeljice Zbora i orgulja\u0161ice (1967.), te da su sve one, uvijek djelovale u ime svoje zajednice i uz njezinu podr\u0161ku.<\/p><\/div><\/div><div class='content-column one_half last_column'><div style=\"padding-right:0px;padding-left:6px;\"><p>Seit mehr als sechs Jahrzehnten leisten die Schwestern der Barmherzigkeit einen bemerkenswerter Beitrag f\u00fcr den Kirchengesang in Jelsa. Zuerst die verstorbene Schwester von M. Kornelija Horvat (1927 &#8211; 1944) und sp\u00e4ter die Schwestern als Chorleiterinnen und Organistin (1967), und sie alle haben immer im Namen und mit Unterst\u00fctzung der Gemeinde gehandelt.<\/p><\/div><\/div><div class='clear_column'><\/div><\/p>\n<p style=\"text-align: right;\"><span style=\"color: #3366ff;\"><a style=\"color: #3366ff;\" href=\"#seite_oben\">natrag na vrh \/ Seitenanfang<\/a><\/span><\/p>\n<hr \/>\n<p><strong>Linkovi \/ Links<\/strong><\/p>\n<p><span style=\"color: #3366ff;\"><a style=\"color: #3366ff;\" href=\"https:\/\/www.topohvar.at\/topo\/orte\/je\/je-ci-01-1\/\">\u017dupna crkva \u00bbSv. Marije Uznesenja\u00ab \/ Pfarrkirche Mari\u00e4 Himmelfahrt\u00a0<\/a><\/span><\/p>\n","protected":false},"excerpt":{"rendered":"<p>Ime \/ Name Samostan \u00bbBiv\u0161i samostan i hospicuj SS. Milosrdnica\u00ab \/ ehemaliges Kloster und Hospiz der heiligsten Barmherzigkeit Code: JE-CA-02\u00a0 \u00a0 \u00a0 \u00a0 \u00a0 \u00a0 \u00a0 \u00a0 \u00a0 \u00a0 \u00a0 \u00a0 \u00a0 \u00a0 \u00a0\u00a0 Adresa \/ Adresse Jelsa,\u00a0Bra\u0107e Batos Lokacija &hellip; <a href=\"https:\/\/www.topohvar.at\/topo\/orte\/je\/je-ca-02-1\/\">Weiterlesen <span class=\"meta-nav\">&rarr;<\/span><\/a><\/p>\n","protected":false},"author":1,"featured_media":0,"parent":85,"menu_order":0,"comment_status":"closed","ping_status":"closed","template":"","meta":{"footnotes":""},"class_list":["post-8653","page","type-page","status-publish","hentry"],"_links":{"self":[{"href":"https:\/\/www.topohvar.at\/topo\/wp-json\/wp\/v2\/pages\/8653","targetHints":{"allow":["GET"]}}],"collection":[{"href":"https:\/\/www.topohvar.at\/topo\/wp-json\/wp\/v2\/pages"}],"about":[{"href":"https:\/\/www.topohvar.at\/topo\/wp-json\/wp\/v2\/types\/page"}],"author":[{"embeddable":true,"href":"https:\/\/www.topohvar.at\/topo\/wp-json\/wp\/v2\/users\/1"}],"replies":[{"embeddable":true,"href":"https:\/\/www.topohvar.at\/topo\/wp-json\/wp\/v2\/comments?post=8653"}],"version-history":[{"count":11,"href":"https:\/\/www.topohvar.at\/topo\/wp-json\/wp\/v2\/pages\/8653\/revisions"}],"predecessor-version":[{"id":53872,"href":"https:\/\/www.topohvar.at\/topo\/wp-json\/wp\/v2\/pages\/8653\/revisions\/53872"}],"up":[{"embeddable":true,"href":"https:\/\/www.topohvar.at\/topo\/wp-json\/wp\/v2\/pages\/85"}],"wp:attachment":[{"href":"https:\/\/www.topohvar.at\/topo\/wp-json\/wp\/v2\/media?parent=8653"}],"curies":[{"name":"wp","href":"https:\/\/api.w.org\/{rel}","templated":true}]}}