{"id":8661,"date":"2018-08-30T17:28:46","date_gmt":"2018-08-30T15:28:46","guid":{"rendered":"https:\/\/www.topohvar.at\/?page_id=8661"},"modified":"2021-11-30T17:06:04","modified_gmt":"2021-11-30T16:06:04","slug":"je-ci-04-1","status":"publish","type":"page","link":"https:\/\/www.topohvar.at\/topo\/orte\/je\/je-ci-04-1\/","title":{"rendered":"JELSA &#8211; Crkva \u00bbna Gradini\u00ab"},"content":{"rendered":"<p><a name=\"seite_oben\"><\/a><br \/>\n<strong><img loading=\"lazy\" decoding=\"async\" class=\"alignnone wp-image-8525 size-large\" src=\"https:\/\/www.topohvar.at\/wp-content\/uploads\/2018\/08\/JE-CI-04-0-1024x503.jpg\" alt=\"\" width=\"640\" height=\"314\" srcset=\"https:\/\/www.topohvar.at\/wp-content\/uploads\/2018\/08\/JE-CI-04-0-1024x503.jpg 1024w, https:\/\/www.topohvar.at\/wp-content\/uploads\/2018\/08\/JE-CI-04-0-300x147.jpg 300w, https:\/\/www.topohvar.at\/wp-content\/uploads\/2018\/08\/JE-CI-04-0-768x377.jpg 768w, https:\/\/www.topohvar.at\/wp-content\/uploads\/2018\/08\/JE-CI-04-0.jpg 1080w\" sizes=\"auto, (max-width: 640px) 100vw, 640px\" \/><\/strong><\/p>\n<p><strong>Ime \/ Name<br \/>\n<\/strong>Crkva \u00bbna Gradini\u00ab \/ Kirche bei der Festung<\/p>\n<p><strong>Code: <\/strong>JE-CI-04\u00a0 \u00a0 \u00a0 \u00a0 \u00a0 \u00a0 \u00a0 \u00a0 \u00a0 \u00a0 \u00a0 \u00a0 \u00a0 \u00a0 \u00a0\u00a0<strong><a href=\"https:\/\/www.topohvar.at\/orte\/je\/je-ci-03-1\/\"><img loading=\"lazy\" decoding=\"async\" class=\"alignnone wp-image-533 size-full\" src=\"https:\/\/www.topohvar.at\/wp-content\/uploads\/2018\/07\/push-l-30.jpg\" alt=\"\" width=\"61\" height=\"30\" \/><\/a> <a href=\"https:\/\/www.topohvar.at\/orte\/je\/\"><img loading=\"lazy\" decoding=\"async\" class=\"alignnone wp-image-535 size-full\" src=\"https:\/\/www.topohvar.at\/wp-content\/uploads\/2018\/07\/push-o-30.jpg\" alt=\"\" width=\"61\" height=\"30\" \/><\/a> <a href=\"https:\/\/www.topohvar.at\/orte\/je\/je-ck-01-1\/\"><img loading=\"lazy\" decoding=\"async\" class=\"alignnone wp-image-536 size-full\" src=\"https:\/\/www.topohvar.at\/wp-content\/uploads\/2018\/07\/push-r-30.jpg\" alt=\"\" width=\"61\" height=\"30\" \/><\/a><\/strong><\/p>\n<hr \/>\n<p><strong>Adresa \/ Adresse<br \/>\n<\/strong>Jelsa,\u00a0Gradsko groblje \/ St\u00e4dtischer Friedhof<\/p>\n<p><strong>Lokacija <\/strong><strong>\/ Position<a href=\"https:\/\/goo.gl\/maps\/Z5bk6bYUVWNyndb6A\"><img loading=\"lazy\" decoding=\"async\" class=\"alignright wp-image-8910\" src=\"https:\/\/www.topohvar.at\/wp-content\/uploads\/2018\/08\/0389.jpg\" alt=\"\" width=\"133\" height=\"100\" \/><\/a><br \/>\n<\/strong><span style=\"color: #3366ff;\"><a style=\"color: #3366ff;\" href=\"https:\/\/goo.gl\/maps\/Z5bk6bYUVWNyndb6A\">Latitude: N 43,16524\u00b0\u00a0 \u00a0Longitude: E 16,70279\u00b0<\/a> <\/span><strong><br \/>\n<\/strong>Visina \/ H\u00f6he: 14 m<\/p>\n<p><strong>Katastarska \u010destica <\/strong><strong>\/ Grundst\u00fccke<br \/>\n<\/strong>*565, 2481<div class='content-column one_half'><div style=\"padding-right:6px;\"><p><strong>Datum snimanja \/ Erfassungsdatum<br \/>\n<\/strong>25.05.2013 12:20:00<\/p>\n<hr \/>\n<p><strong>Informacije<\/strong><\/p>\n<p>1850. godine ovaj napu\u0161teni samostan po\u010deli su ru\u0161iti za gradnju groblja, a sa\u010duvana je samo samostanska crkva iz 1605. g. koja se koristi kao grobi\u0161na kapela. Pravokutnog je tlocrta, zidana kamenom u redovima nejednake visine. U osi glavnog pro\u010delja je barokni portal, a nad njim manji okulus.<\/p><\/div><\/div><div class='content-column one_half last_column'><div style=\"padding-right:0px;padding-left:6px;\"><p><strong>Stupanj za\u0161tite<\/strong><strong> \/ Schutzstellung<br \/>\n<\/strong>RST-0027-1962, RST-0326, 24<\/p>\n<hr \/>\n<p><strong>Info<\/strong><\/p>\n<p>Im Jahr 1850 wurde begonnen das ehemalige Augustinerkloster Kloster abzurei\u00dfen um einen Friedhof zu bauen. Einzig die Klosterkirche aus dem Jahr 1605 blieb erhalten und wird als Friedhofskapelle genutzt. Der Grundriss ist rechteckig, die Mauern wurden aus Steinreihen ungleicher H\u00f6he gebaut. In der Achse der Hauptfassade befinden sich ein barockes Portal und dar\u00fcber ein kleines Rundfenster.<\/p><\/div><\/div><div class='clear_column'><\/div><div class='content-column one_half'><div style=\"padding-right:6px;\"><p>Crkva je obnovljena 1867. g, a ostali dijelovi samostana su ru\u0161eni da bi se napravilo mjesta za grobove.<\/p><\/div><\/div><div class='content-column one_half last_column'><div style=\"padding-right:0px;padding-left:6px;\"><p>Die Kirche wurde 1867 restauriert, der Rest des Klosters wurde abgerissen um Platz f\u00fcr Gr\u00e4ber zu schaffen.<\/p><\/div><\/div><div class='clear_column'><\/div><div class='content-column one_half'><div style=\"padding-right:6px;\"><p>Uz sjeveroisto\u010dni ugao izgra\u0111en je zvonik zatvorenog tipa iz 1605 g., katova markiranih jednostavnim razdjelnim vijencima, sa zidanom lo\u017eom i \u010detverostre\u0161nim krovom.<\/p><\/div><\/div><div class='content-column one_half last_column'><div style=\"padding-right:0px;padding-left:6px;\"><p>Im nord\u00f6stlichen Eck befindet sich der Glockenturm in geschlossener Form aus dem Jahr 1605, wobei einfache Gesimse die Etagen markierten, mit einer Loggia aus Ziegelsteinen und Zeltdach.<\/p><\/div><\/div><div class='clear_column'><\/div><div class='content-column one_half'><div style=\"padding-right:6px;\"><p>Nepokretno kulturno dobro \u2013 pojedina\u010dno. Registar kulturnih dobara Republike Hrvatske.\u00a0Broj registra RST-0027-1962<\/p><\/div><\/div><div class='content-column one_half last_column'><div style=\"padding-right:0px;padding-left:6px;\"><p>Unbewegliches kulturelles Kulturgut. Register der Kulturg\u00fcter der Republik Kroatien:\u00a0Registriernummer RST-0027-1962<\/p><\/div><\/div><div class='clear_column'><\/div><\/p>\n<p style=\"text-align: right;\"><span style=\"color: #3366ff;\"><a style=\"color: #3366ff;\" href=\"#seite_oben\">natrag na vrh \/ Seitenanfang<\/a><\/span><\/p>\n<hr \/>\n<p><strong>Linkovi \/ Links<\/strong><\/p>\n<p><span style=\"color: #3366ff;\"><a style=\"color: #3366ff;\" href=\"https:\/\/www.topohvar.at\/orte\/je\/je-po-03-1\/\">Arheoloski lokalitet \/ arch\u00e4ologische St\u00e4tte \u00bbGradina\u00ab<\/a>\u00a0<\/span><br \/>\n<span style=\"color: #3366ff;\"><a style=\"color: #3366ff;\" href=\"https:\/\/www.topohvar.at\/orte\/je\/je-ca-01-1\/\">Samostan \u00bbBiv\u0161i samostan Augustinaca\u00ab \/ Ehemaliges Augustinerkloster<\/a><br \/>\n<a style=\"color: #3366ff;\" href=\"https:\/\/www.topohvar.at\/orte\/je\/je-og-01-1\/\">Gradsko groblje \/ st\u00e4dtischer Friedhof<\/a>\u00a0<\/span><\/p>\n","protected":false},"excerpt":{"rendered":"<p>Ime \/ Name Crkva \u00bbna Gradini\u00ab \/ Kirche bei der Festung Code: JE-CI-04\u00a0 \u00a0 \u00a0 \u00a0 \u00a0 \u00a0 \u00a0 \u00a0 \u00a0 \u00a0 \u00a0 \u00a0 \u00a0 \u00a0 \u00a0\u00a0 Adresa \/ Adresse Jelsa,\u00a0Gradsko groblje \/ St\u00e4dtischer Friedhof Lokacija \/ Position Latitude: N &hellip; <a href=\"https:\/\/www.topohvar.at\/topo\/orte\/je\/je-ci-04-1\/\">Weiterlesen <span class=\"meta-nav\">&rarr;<\/span><\/a><\/p>\n","protected":false},"author":1,"featured_media":0,"parent":85,"menu_order":0,"comment_status":"closed","ping_status":"closed","template":"","meta":{"footnotes":""},"class_list":["post-8661","page","type-page","status-publish","hentry"],"_links":{"self":[{"href":"https:\/\/www.topohvar.at\/topo\/wp-json\/wp\/v2\/pages\/8661","targetHints":{"allow":["GET"]}}],"collection":[{"href":"https:\/\/www.topohvar.at\/topo\/wp-json\/wp\/v2\/pages"}],"about":[{"href":"https:\/\/www.topohvar.at\/topo\/wp-json\/wp\/v2\/types\/page"}],"author":[{"embeddable":true,"href":"https:\/\/www.topohvar.at\/topo\/wp-json\/wp\/v2\/users\/1"}],"replies":[{"embeddable":true,"href":"https:\/\/www.topohvar.at\/topo\/wp-json\/wp\/v2\/comments?post=8661"}],"version-history":[{"count":15,"href":"https:\/\/www.topohvar.at\/topo\/wp-json\/wp\/v2\/pages\/8661\/revisions"}],"predecessor-version":[{"id":53880,"href":"https:\/\/www.topohvar.at\/topo\/wp-json\/wp\/v2\/pages\/8661\/revisions\/53880"}],"up":[{"embeddable":true,"href":"https:\/\/www.topohvar.at\/topo\/wp-json\/wp\/v2\/pages\/85"}],"wp:attachment":[{"href":"https:\/\/www.topohvar.at\/topo\/wp-json\/wp\/v2\/media?parent=8661"}],"curies":[{"name":"wp","href":"https:\/\/api.w.org\/{rel}","templated":true}]}}