{"id":8749,"date":"2018-08-30T18:57:05","date_gmt":"2018-08-30T16:57:05","guid":{"rendered":"https:\/\/www.topohvar.at\/?page_id=8749"},"modified":"2024-04-24T12:00:14","modified_gmt":"2024-04-24T10:00:14","slug":"je-ir-06-1","status":"publish","type":"page","link":"https:\/\/www.topohvar.at\/topo\/orte\/je\/je-ir-06-1\/","title":{"rendered":"JELSA &#8211; Reljef \u00bbLav na sjevernom zidu \u017eupne crkve\u00ab"},"content":{"rendered":"<p><a name=\"seite_oben\"><\/a><br \/>\n<strong><img loading=\"lazy\" decoding=\"async\" class=\"alignnone wp-image-38603 size-full\" src=\"https:\/\/www.topohvar.at\/wp-content\/uploads\/2020\/06\/je-ir-06-1.jpg\" alt=\"\" width=\"1080\" height=\"530\" srcset=\"https:\/\/www.topohvar.at\/wp-content\/uploads\/2020\/06\/je-ir-06-1.jpg 1080w, https:\/\/www.topohvar.at\/wp-content\/uploads\/2020\/06\/je-ir-06-1-300x147.jpg 300w, https:\/\/www.topohvar.at\/wp-content\/uploads\/2020\/06\/je-ir-06-1-1024x503.jpg 1024w, https:\/\/www.topohvar.at\/wp-content\/uploads\/2020\/06\/je-ir-06-1-768x377.jpg 768w\" sizes=\"auto, (max-width: 1080px) 100vw, 1080px\" \/><\/strong><\/p>\n<p><strong>Ime \/ Name<br \/>\n<\/strong>Reljef \u00bbLav na sjevernom zidu \u017eupne crkve\u00ab \/ Relief L\u00f6we an der Nordwand der Pfarrkirche<\/p>\n<p><strong>Code: <\/strong>JE-IR-06\u00a0 \u00a0 \u00a0 \u00a0 \u00a0 \u00a0 \u00a0 \u00a0 \u00a0 \u00a0 \u00a0 \u00a0 \u00a0 \u00a0 \u00a0 \u00a0 \u00a0 \u00a0 \u00a0 \u00a0\u00a0\u00a0<strong><a href=\"https:\/\/www.topohvar.at\/orte\/je\/je-ig-01-1\/\"><img loading=\"lazy\" decoding=\"async\" class=\"alignnone wp-image-12300 size-full\" src=\"https:\/\/www.topohvar.at\/wp-content\/uploads\/2018\/09\/push-vor-30.jpg\" alt=\"\" width=\"61\" height=\"30\" \/><\/a>\u00a0<\/strong><strong><a href=\"https:\/\/www.topohvar.at\/orte\/je\/je-ir-01-1\/\"><img loading=\"lazy\" decoding=\"async\" class=\"alignnone wp-image-533 size-full\" src=\"https:\/\/www.topohvar.at\/wp-content\/uploads\/2018\/07\/push-l-30.jpg\" alt=\"\" width=\"61\" height=\"30\" \/><\/a> <a href=\"https:\/\/www.topohvar.at\/orte\/je\/\"><img loading=\"lazy\" decoding=\"async\" class=\"alignnone wp-image-535 size-full\" src=\"https:\/\/www.topohvar.at\/wp-content\/uploads\/2018\/07\/push-o-30.jpg\" alt=\"\" width=\"61\" height=\"30\" \/><\/a> <a href=\"https:\/\/www.topohvar.at\/orte\/je\/je-ir-04-1\/\"><img loading=\"lazy\" decoding=\"async\" class=\"alignnone wp-image-536 size-full\" src=\"https:\/\/www.topohvar.at\/wp-content\/uploads\/2018\/07\/push-r-30.jpg\" alt=\"\" width=\"61\" height=\"30\" \/><\/a>\u00a0<\/strong><\/p>\n<hr \/>\n<p><strong>Adresa \/ Adresse<br \/>\n<\/strong>Jelsa, Trg kri\u017eono\u0161e, u lapidariju<\/p>\n<p><strong>Lokacija \/ Position<a href=\"https:\/\/goo.gl\/maps\/HSF6ata6yPWDLi5y6\"><img loading=\"lazy\" decoding=\"async\" class=\"alignright wp-image-8925\" src=\"https:\/\/www.topohvar.at\/wp-content\/uploads\/2018\/08\/0391.jpg\" alt=\"\" width=\"133\" height=\"100\" \/><\/a><br \/>\n<\/strong><span style=\"color: #3366ff;\"><a style=\"color: #3366ff;\" href=\"https:\/\/goo.gl\/maps\/HSF6ata6yPWDLi5y6\">Latitude: N 43,16069\u00b0\u00a0 \u00a0Longitude: E 16,69256\u00b0<\/a> <\/span><strong><br \/>\n<\/strong>Visina \/ H\u00f6he: 6 m<\/p>\n<p><strong>Katastarska \u010destica <\/strong><strong>\/ Grundst\u00fccke<br \/>\n<\/strong>*202, (*199, *200, *201, *211)<div class='content-column one_half'><div style=\"padding-right:6px;\"><p><strong>Datum snimanja \/ Erfassungsdatum<br \/>\n<\/strong>19.06.2020 12:00:00<\/p>\n<hr \/>\n<p><strong>Informacije<\/strong><\/p>\n<p>Reljef (16.st.) se nalazi na sjevernom zidu \u017eupne crkve izvorno na tornju sa satom. Lav tipa andante nalazi se na visini od oko dva metra. Vidiljiva su spolna obilje\u017eija. Lavu su o\u0161e\u0107ena nju\u0161ka, griva, dio knjige s natpisom i dio \u0161ape koji pridr\u017eava knjigu.<\/p><\/div><\/div><div class='content-column one_half last_column'><div style=\"padding-right:0px;padding-left:6px;\"><p><strong>Stupanj za\u0161tite<\/strong><strong> \/ Schutzstellung<br \/>\n<\/strong>&#8211;<\/p>\n<hr \/>\n<p><strong>Info<\/strong><\/p>\n<p>Das Relief (16. Jh.) befindet sich an der Nordwand der Pfarrkirche und war urspr\u00fcnglich am Uhrturm. Der gehende L\u00f6we befindet sich in etwa zwei Meter H\u00f6he. Die sexuellen Merkmale sind sichtbar. Die Schnauze des L\u00f6wen, die M\u00e4hne, ein Teil des Buches mit Inschrift und ein Teil der Pfoten die das Buch hallten, sind besch\u00e4digt.<\/p><\/div><\/div><div class='clear_column'><\/div><div class='content-column one_half'><div style=\"padding-right:6px;\"><p>Prema pisanju jel\u0161anskog povjesni\u010dara Nike Dubokovi\u0107a Nadalinija, lav se originalno nalazio na sat-kuli (tzv. toretta) koja je bila podignuta sa sjeverne strane pro\u010delja crkve-tvr\u0111ave, na mjesto dana\u0161njeg zvonika. Toretta je prilikom radova 1879.g.<\/p><\/div><\/div><div class='content-column one_half last_column'><div style=\"padding-right:0px;padding-left:6px;\"><p>Laut dem Historiker Niko Dubokovi\u0107 Nadalini aus Jelsa war der L\u00f6we urspr\u00fcnglich auf einem Uhrturm (der sogenannten toretta), der an der Nordseite der Fassade der Kirchenfestung errichtet war, an Stelle des heutigen Glockenturms. Die Toretta stand bis zu den Arbeiten von 1879.<\/p><\/div><\/div><div class='clear_column'><\/div><div class='content-column one_half'><div style=\"padding-right:6px;\"><p>Lav je tada bio postavljen na nova ulaza vrata u dvori\u0161te tvr\u0111ave, a skinuli su ga Jel\u0161ani u studenom 1918.g., na dan ulaska taljanske vojske u mjesto, i zakopali ga u crkvenom dvori\u0161tu. Prona\u0111en je 1967.g. pri radovima na ure\u0111enju tvr\u0111ave i uzidan na sjeverni zid crkve, gdje se nalazi i danas.<\/p><\/div><\/div><div class='content-column one_half last_column'><div style=\"padding-right:0px;padding-left:6px;\"><p>Der L\u00f6we wurde dann \u00fcber dem neuen Tor zum Hof der Wehrkirche angebracht und wurde von den Jelsanern im November 1918, am Tag des Einmarsches der italienischen Armee, entfernt und im Innenhofhof vergraben. Gefunden wurde er wieder im Jahr 1967. Im Zuge von Bauarbeiten und wurde in die Nordwand der Kirche eingesetzt, wo er sich noch heute befindet.<\/p><\/div><\/div><div class='clear_column'><\/div><div class='content-column one_half'><div style=\"padding-right:6px;\"><p>Prema archiva, crkva-tvr\u0111ava u Jelsi sagra\u0111ena je oko 1535.g., te lava mo\u017eemo datirati pribli\u017eno u to vrijeme ili u po\u010detak 17.st.<\/p><\/div><\/div><div class='content-column one_half last_column'><div style=\"padding-right:0px;padding-left:6px;\"><p>Archiven zufolge wurde die Wehrkirche in Jelsa um 1535 erbaut. Der L\u00f6we kann ungef\u00e4hr zu dieser Zeit oder zu Beginn des 17. Jahrhunderts datiert werden.<\/p><\/div><\/div><div class='clear_column'><\/div><\/p>\n<p style=\"text-align: right;\"><span style=\"color: #3366ff;\"><a style=\"color: #3366ff;\" href=\"#seite_oben\">natrag na vrh \/ Seitenanfang<\/a><\/span><\/p>\n<p style=\"text-align: center;\"><em>(Hvar und Venedig, kulturelle und historische Verbindungen)<\/em><\/p>\n<hr \/>\n<p><strong>Linkovi \/ Links<\/strong><\/p>\n<p><span style=\"color: #3366ff;\"><a style=\"color: #3366ff;\" href=\"https:\/\/www.topohvar.at\/topo\/orte\/je\/je-ci-01-1\/\">\u017dupna crkva \u00bbSv. Marije Uznesenja (lapidarij)\u00ab \/ Pfarrkirche Mari\u00e4 Himmelfahrt (Lapidarium)<\/a><\/span><\/p>\n<p>Daljnji predmeti u lapidariju \/ weitere Objekte im Lapidarium<\/p>\n<p><span style=\"color: #3366ff;\"><a style=\"color: #3366ff;\" href=\"https:\/\/www.topohvar.at\/topo\/orte\/je\/je-ig-04-1\/\">Grb \/ Wappen \u00bbIvan Obradi\u0107 Bevilaqua\u00ab<\/a><br \/>\n<a style=\"color: #3366ff;\" href=\"https:\/\/www.topohvar.at\/topo\/orte\/je\/je-cz-07-1\/\">Kri\u017e \u00bbKri\u017e u lapidariju\u00ab \/ Kreuz im Lapidarium<\/a><br \/>\n<a style=\"color: #3366ff;\" href=\"https:\/\/www.topohvar.at\/topo\/orte\/je\/je-is-25-1\/\">Spomen plo\u010da \u00bbu lapidariju \u017eupne crkve\u00ab \/ Gedenktafel im Lapidarium der Pfarrkirche<\/a><br \/>\n<a style=\"color: #3366ff;\" href=\"https:\/\/www.topohvar.at\/topo\/orte\/je\/je-ir-04-1\/\">Reljef \u00bbKonzola (1)\u00ab \/ Relief &#8211; Konsole (1)<\/a><\/span><br \/>\n<span style=\"color: #3366ff;\"><a style=\"color: #3366ff;\" href=\"https:\/\/www.topohvar.at\/topo\/orte\/je\/je-ir-07-1\/\">Reljef \u00bbKonzola (2)\u00ab \/ Relief &#8211; Konsole (2)<\/a><br \/>\n<\/span><span style=\"color: #3366ff;\"><a style=\"color: #3366ff;\" href=\"https:\/\/www.topohvar.at\/topo\/orte\/je\/je-ir-08-1\/\">Reljef \u00bbKonzola (3)\u00ab \/ Relief &#8211; Konsole (3)<\/a><\/span><br \/>\n<span style=\"color: #3366ff;\"><a style=\"color: #3366ff;\" href=\"https:\/\/www.topohvar.at\/topo\/orte\/je\/je-in-08-1\/\">Natpis \u00bbNa vratniku\u00ab \/ Inschrift am T\u00fcrsturz<\/a><\/span><\/p>\n","protected":false},"excerpt":{"rendered":"<p>Ime \/ Name Reljef \u00bbLav na sjevernom zidu \u017eupne crkve\u00ab \/ Relief L\u00f6we an der Nordwand der Pfarrkirche Code: JE-IR-06\u00a0 \u00a0 \u00a0 \u00a0 \u00a0 \u00a0 \u00a0 \u00a0 \u00a0 \u00a0 \u00a0 \u00a0 \u00a0 \u00a0 \u00a0 \u00a0 \u00a0 \u00a0 \u00a0 \u00a0\u00a0\u00a0\u00a0 \u00a0 &hellip; <a href=\"https:\/\/www.topohvar.at\/topo\/orte\/je\/je-ir-06-1\/\">Weiterlesen <span class=\"meta-nav\">&rarr;<\/span><\/a><\/p>\n","protected":false},"author":1,"featured_media":0,"parent":85,"menu_order":0,"comment_status":"closed","ping_status":"closed","template":"","meta":{"footnotes":""},"class_list":["post-8749","page","type-page","status-publish","hentry"],"_links":{"self":[{"href":"https:\/\/www.topohvar.at\/topo\/wp-json\/wp\/v2\/pages\/8749","targetHints":{"allow":["GET"]}}],"collection":[{"href":"https:\/\/www.topohvar.at\/topo\/wp-json\/wp\/v2\/pages"}],"about":[{"href":"https:\/\/www.topohvar.at\/topo\/wp-json\/wp\/v2\/types\/page"}],"author":[{"embeddable":true,"href":"https:\/\/www.topohvar.at\/topo\/wp-json\/wp\/v2\/users\/1"}],"replies":[{"embeddable":true,"href":"https:\/\/www.topohvar.at\/topo\/wp-json\/wp\/v2\/comments?post=8749"}],"version-history":[{"count":19,"href":"https:\/\/www.topohvar.at\/topo\/wp-json\/wp\/v2\/pages\/8749\/revisions"}],"predecessor-version":[{"id":66865,"href":"https:\/\/www.topohvar.at\/topo\/wp-json\/wp\/v2\/pages\/8749\/revisions\/66865"}],"up":[{"embeddable":true,"href":"https:\/\/www.topohvar.at\/topo\/wp-json\/wp\/v2\/pages\/85"}],"wp:attachment":[{"href":"https:\/\/www.topohvar.at\/topo\/wp-json\/wp\/v2\/media?parent=8749"}],"curies":[{"name":"wp","href":"https:\/\/api.w.org\/{rel}","templated":true}]}}

JELSA &#8211; Reljef »Lav na sjevernom zidu župne crkve«

<p><a name="seite_oben"></a><br />
<strong><img loading="lazy" decoding="async" class="alignnone wp-image-38603 size-full" src="https://www.topohvar.at/wp-content/uploads/2020/06/je-ir-06-1.jpg" alt="" width="1080" height="530" srcset="https://www.topohvar.at/wp-content/uploads/2020/06/je-ir-06-1.jpg 1080w, https://www.topohvar.at/wp-content/uploads/2020/06/je-ir-06-1-300x147.jpg 300w, https://www.topohvar.at/wp-content/uploads/2020/06/je-ir-06-1-1024x503.jpg 1024w, https://www.topohvar.at/wp-content/uploads/2020/06/je-ir-06-1-768x377.jpg 768w" sizes="auto, (max-width: 1080px) 100vw, 1080px" /></strong></p>
<p><strong>Ime / Name<br />
</strong>Reljef »Lav na sjevernom zidu župne crkve« / Relief Löwe an der Nordwand der Pfarrkirche</p>
<p><strong>Code: </strong>JE-IR-06                                         <strong><a href="https://www.topohvar.at/orte/je/je-ig-01-1/"><img loading="lazy" decoding="async" class="alignnone wp-image-12300 size-full" src="https://www.topohvar.at/wp-content/uploads/2018/09/push-vor-30.jpg" alt="" width="61" height="30" /></a> </strong><strong><a href="https://www.topohvar.at/orte/je/je-ir-01-1/"><img loading="lazy" decoding="async" class="alignnone wp-image-533 size-full" src="https://www.topohvar.at/wp-content/uploads/2018/07/push-l-30.jpg" alt="" width="61" height="30" /></a> <a href="https://www.topohvar.at/orte/je/"><img loading="lazy" decoding="async" class="alignnone wp-image-535 size-full" src="https://www.topohvar.at/wp-content/uploads/2018/07/push-o-30.jpg" alt="" width="61" height="30" /></a> <a href="https://www.topohvar.at/orte/je/je-ir-04-1/"><img loading="lazy" decoding="async" class="alignnone wp-image-536 size-full" src="https://www.topohvar.at/wp-content/uploads/2018/07/push-r-30.jpg" alt="" width="61" height="30" /></a> </strong></p>
<hr />
<p><strong>Adresa / Adresse<br />
</strong>Jelsa, Trg križonoše, u lapidariju</p>
<p><strong>Lokacija / Position<a href="https://goo.gl/maps/HSF6ata6yPWDLi5y6"><img loading="lazy" decoding="async" class="alignright wp-image-8925" src="https://www.topohvar.at/wp-content/uploads/2018/08/0391.jpg" alt="" width="133" height="100" /></a><br />
</strong><span style="color: #3366ff;"><a style="color: #3366ff;" href="https://goo.gl/maps/HSF6ata6yPWDLi5y6">Latitude: N 43,16069°   Longitude: E 16,69256°</a> </span><strong><br />
</strong>Visina / Höhe: 6 m</p>
<p><strong>Katastarska čestica </strong><strong>/ Grundstücke<br />
</strong>*202, (*199, *200, *201, *211)<div class='content-column one_half'><div style="padding-right:6px;"><p><strong>Datum snimanja / Erfassungsdatum<br />
</strong>19.06.2020 12:00:00</p>
<hr />
<p><strong>Informacije</strong></p>
<p>Reljef (16.st.) se nalazi na sjevernom zidu župne crkve izvorno na tornju sa satom. Lav tipa andante nalazi se na visini od oko dva metra. Vidiljiva su spolna obilježija. Lavu su ošećena njuška, griva, dio knjige s natpisom i dio šape koji pridržava knjigu.</p></div></div><div class='content-column one_half last_column'><div style="padding-right:0px;padding-left:6px;"><p><strong>Stupanj zaštite</strong><strong> / Schutzstellung<br />
</strong>&#8211;</p>
<hr />
<p><strong>Info</strong></p>
<p>Das Relief (16. Jh.) befindet sich an der Nordwand der Pfarrkirche und war ursprünglich am Uhrturm. Der gehende Löwe befindet sich in etwa zwei Meter Höhe. Die sexuellen Merkmale sind sichtbar. Die Schnauze des Löwen, die Mähne, ein Teil des Buches mit Inschrift und ein Teil der Pfoten die das Buch hallten, sind beschädigt.</p></div></div><div class='clear_column'></div><div class='content-column one_half'><div style="padding-right:6px;"><p>Prema pisanju jelšanskog povjesničara Nike Dubokovića Nadalinija, lav se originalno nalazio na sat-kuli (tzv. toretta) koja je bila podignuta sa sjeverne strane pročelja crkve-tvrđave, na mjesto današnjeg zvonika. Toretta je prilikom radova 1879.g.</p></div></div><div class='content-column one_half last_column'><div style="padding-right:0px;padding-left:6px;"><p>Laut dem Historiker Niko Duboković Nadalini aus Jelsa war der Löwe ursprünglich auf einem Uhrturm (der sogenannten toretta), der an der Nordseite der Fassade der Kirchenfestung errichtet war, an Stelle des heutigen Glockenturms. Die Toretta stand bis zu den Arbeiten von 1879.</p></div></div><div class='clear_column'></div><div class='content-column one_half'><div style="padding-right:6px;"><p>Lav je tada bio postavljen na nova ulaza vrata u dvorište tvrđave, a skinuli su ga Jelšani u studenom 1918.g., na dan ulaska taljanske vojske u mjesto, i zakopali ga u crkvenom dvorištu. Pronađen je 1967.g. pri radovima na uređenju tvrđave i uzidan na sjeverni zid crkve, gdje se nalazi i danas.</p></div></div><div class='content-column one_half last_column'><div style="padding-right:0px;padding-left:6px;"><p>Der Löwe wurde dann über dem neuen Tor zum Hof der Wehrkirche angebracht und wurde von den Jelsanern im November 1918, am Tag des Einmarsches der italienischen Armee, entfernt und im Innenhofhof vergraben. Gefunden wurde er wieder im Jahr 1967. Im Zuge von Bauarbeiten und wurde in die Nordwand der Kirche eingesetzt, wo er sich noch heute befindet.</p></div></div><div class='clear_column'></div><div class='content-column one_half'><div style="padding-right:6px;"><p>Prema archiva, crkva-tvrđava u Jelsi sagrađena je oko 1535.g., te lava možemo datirati približno u to vrijeme ili u početak 17.st.</p></div></div><div class='content-column one_half last_column'><div style="padding-right:0px;padding-left:6px;"><p>Archiven zufolge wurde die Wehrkirche in Jelsa um 1535 erbaut. Der Löwe kann ungefähr zu dieser Zeit oder zu Beginn des 17. Jahrhunderts datiert werden.</p></div></div><div class='clear_column'></div></p>
<p style="text-align: right;"><span style="color: #3366ff;"><a style="color: #3366ff;" href="#seite_oben">natrag na vrh / Seitenanfang</a></span></p>
<p style="text-align: center;"><em>(Hvar und Venedig, kulturelle und historische Verbindungen)</em></p>
<hr />
<p><strong>Linkovi / Links</strong></p>
<p><span style="color: #3366ff;"><a style="color: #3366ff;" href="https://www.topohvar.at/topo/orte/je/je-ci-01-1/">Župna crkva »Sv. Marije Uznesenja (lapidarij)« / Pfarrkirche Mariä Himmelfahrt (Lapidarium)</a></span></p>
<p>Daljnji predmeti u lapidariju / weitere Objekte im Lapidarium</p>
<p><span style="color: #3366ff;"><a style="color: #3366ff;" href="https://www.topohvar.at/topo/orte/je/je-ig-04-1/">Grb / Wappen »Ivan Obradić Bevilaqua«</a><br />
<a style="color: #3366ff;" href="https://www.topohvar.at/topo/orte/je/je-cz-07-1/">Križ »Križ u lapidariju« / Kreuz im Lapidarium</a><br />
<a style="color: #3366ff;" href="https://www.topohvar.at/topo/orte/je/je-is-25-1/">Spomen ploča »u lapidariju župne crkve« / Gedenktafel im Lapidarium der Pfarrkirche</a><br />
<a style="color: #3366ff;" href="https://www.topohvar.at/topo/orte/je/je-ir-04-1/">Reljef »Konzola (1)« / Relief &#8211; Konsole (1)</a></span><br />
<span style="color: #3366ff;"><a style="color: #3366ff;" href="https://www.topohvar.at/topo/orte/je/je-ir-07-1/">Reljef »Konzola (2)« / Relief &#8211; Konsole (2)</a><br />
</span><span style="color: #3366ff;"><a style="color: #3366ff;" href="https://www.topohvar.at/topo/orte/je/je-ir-08-1/">Reljef »Konzola (3)« / Relief &#8211; Konsole (3)</a></span><br />
<span style="color: #3366ff;"><a style="color: #3366ff;" href="https://www.topohvar.at/topo/orte/je/je-in-08-1/">Natpis »Na vratniku« / Inschrift am Türsturz</a></span></p>

<p>Ime / Name Reljef »Lav na sjevernom zidu župne crkve« / Relief Löwe an der Nordwand der Pfarrkirche Code: JE-IR-06                                             &hellip; <a href="https://www.topohvar.at/topo/orte/je/je-ir-06-1/">Weiterlesen <span class="meta-nav">&rarr;</span></a></p>
