{"id":8757,"date":"2018-08-30T19:07:04","date_gmt":"2018-08-30T17:07:04","guid":{"rendered":"https:\/\/www.topohvar.at\/?page_id=8757"},"modified":"2023-06-20T08:51:59","modified_gmt":"2023-06-20T06:51:59","slug":"je-mo-02-1","status":"publish","type":"page","link":"https:\/\/www.topohvar.at\/topo\/orte\/je\/je-mo-02-1\/","title":{"rendered":"JELSA &#8211; Kip \u00bbKap. Niko Dubokovi\u0107\u00ab"},"content":{"rendered":"<p><a name=\"seite_oben\"><\/a><br \/>\n<strong><img loading=\"lazy\" decoding=\"async\" class=\"alignnone wp-image-8596 size-large\" src=\"https:\/\/www.topohvar.at\/wp-content\/uploads\/2018\/08\/JE-MO-02-0-1024x503.jpg\" alt=\"\" width=\"640\" height=\"314\" srcset=\"https:\/\/www.topohvar.at\/wp-content\/uploads\/2018\/08\/JE-MO-02-0-1024x503.jpg 1024w, https:\/\/www.topohvar.at\/wp-content\/uploads\/2018\/08\/JE-MO-02-0-300x147.jpg 300w, https:\/\/www.topohvar.at\/wp-content\/uploads\/2018\/08\/JE-MO-02-0-768x377.jpg 768w, https:\/\/www.topohvar.at\/wp-content\/uploads\/2018\/08\/JE-MO-02-0.jpg 1080w\" sizes=\"auto, (max-width: 640px) 100vw, 640px\" \/><\/strong><\/p>\n<p><strong>Ime \/ Name<br \/>\n<\/strong>Kip \u00bbKap. Niko Dubokovi\u0107\u00ab \/ Statue des\u00a0Kapit\u00e4ns Niko Dubokovi\u0107<\/p>\n<p><strong>Code: <\/strong>JE-MO-02\u00a0 \u00a0 \u00a0 \u00a0 \u00a0 \u00a0 \u00a0 \u00a0 \u00a0 \u00a0 \u00a0 \u00a0 \u00a0 \u00a0 \u00a0\u00a0<strong><a href=\"https:\/\/www.topohvar.at\/orte\/je\/je-mo-07-2\/\"><img loading=\"lazy\" decoding=\"async\" class=\"alignnone wp-image-533 size-full\" src=\"https:\/\/www.topohvar.at\/wp-content\/uploads\/2018\/07\/push-l-30.jpg\" alt=\"\" width=\"61\" height=\"30\" \/><\/a> <a href=\"https:\/\/www.topohvar.at\/orte\/je\/\"><img loading=\"lazy\" decoding=\"async\" class=\"alignnone wp-image-535 size-full\" src=\"https:\/\/www.topohvar.at\/wp-content\/uploads\/2018\/07\/push-o-30.jpg\" alt=\"\" width=\"61\" height=\"30\" \/><\/a> <a href=\"https:\/\/www.topohvar.at\/orte\/je\/je-mo-11-1\/\"><img loading=\"lazy\" decoding=\"async\" class=\"alignnone wp-image-536 size-full\" src=\"https:\/\/www.topohvar.at\/wp-content\/uploads\/2018\/07\/push-r-30.jpg\" alt=\"\" width=\"61\" height=\"30\" \/><\/a><\/strong><\/p>\n<hr \/>\n<p><strong>Adresa \/ Adresse<br \/>\n<\/strong>Jelsa,\u00a0Veliki Park (Perivoj)<\/p>\n<p><strong>Lokacija \/ Position<a href=\"https:\/\/goo.gl\/maps\/bshNPiVqBz5MP4qT8\"><img loading=\"lazy\" decoding=\"async\" class=\"alignright wp-image-9263\" src=\"https:\/\/www.topohvar.at\/wp-content\/uploads\/2018\/09\/0434.jpg\" alt=\"\" width=\"133\" height=\"100\" \/><\/a><br \/>\n<\/strong><span style=\"color: #3366ff;\"><a style=\"color: #3366ff;\" href=\"https:\/\/goo.gl\/maps\/bshNPiVqBz5MP4qT8\">Latitude: N 43,16216\u00b0\u00a0 \u00a0Longitude: E 16,69224\u00b0<\/a> <\/span><strong><br \/>\n<\/strong>Visina \/ H\u00f6he: 2 m<\/p>\n<p><strong>Katastarska \u010destica <\/strong><strong>\/ Grundst\u00fccke<br \/>\n<\/strong>1231\/6, 1231\/7, 1231\/15, 1231\/16, 1231\/19<div class='content-column one_half'><div style=\"padding-right:6px;\"><p><strong>Datum snimanja \/ Erfassungsdatum<br \/>\n<\/strong>28.05.2014 10:40:13<\/p>\n<hr \/>\n<p><strong>Informacije<\/strong><\/p>\n<p style=\"text-align: left;\">Skulpura je djelo\u00a0 Ivana Rendi\u0107a, velikog kipara hrvatske moderne iz 1923 g.<\/p><\/div><\/div><div class='content-column one_half last_column'><div style=\"padding-right:0px;padding-left:6px;\"><p><strong>Stupanj za\u0161tite<\/strong><strong> \/ Schutzstellung<br \/>\n<\/strong>&#8211;<\/p>\n<hr \/>\n<p><strong>Info<\/strong><\/p>\n<p>Die Skulptur aus dem Jahr 1923 ist ein Werk des Bildhauers Ivo Rendi\u0107 dem gro\u00dfen Bildhauer der kroatischen Moderne.<\/p><\/div><\/div><div class='clear_column'><\/div><\/p>\n<p style=\"text-align: center;\">Natpis:\u00a0 \/\u00a0 Inschrift:<\/p>\n<p style=\"text-align: center;\">KAP. NIKO DUBOKOVI\u0106<br \/>\n1834 \u2013 1912<\/p>\n<div class='content-column one_half'><div style=\"padding-right:6px;\"><p>Komunisti\u010dke su vlasti nakon II. svjetskog rata uklonile taj krasni. God. 1991. ponovno je postavljen, ali bli\u017ee ulazu, tako da se lijepo vidi sa svih strana.<\/p><\/div><\/div><div class='content-column one_half last_column'><div style=\"padding-right:0px;padding-left:6px;\"><p>Die kommunistischen Beh\u00f6rden entfernten nach dem II. Weltkrieg dieses herrliche Denkmal. Im Jahr 1991 wurde es wieder aufgestellt, allerdings n\u00e4her zum Eingang, so dass es von allen Seiten gut zu sehen ist.<\/p><\/div><\/div><div class='clear_column'><\/div><\/p>\n<hr \/>\n<div class='content-column one_half'><div style=\"padding-right:6px;\"><p><strong>Kap. Niko Dubokovi\u0107<\/strong><\/p>\n<p>Rodio se je u Pitvama 1834. godine. U Trstu je zavr\u0161io nauti\u010dku \u0161kolu. U istom je gradu 1857. godine polo\u017eio ispit za kapetana duge plovidbe. Zapovijedao je obiteljskim brodom,<br \/>\nbrikom Genitor Nicol\u00f2\u00a0 (brod je nosio ime po Nikovom djedu). Tim je brodom opskrbljivao \u017eitom otok Hvar. Levantom, Crnim i Sredozemnim morem te Atlantikom prevozio je razli\u010ditu robu i putnike do 1869., kada je napustio plovidbu.<\/p><\/div><\/div><div class='content-column one_half last_column'><div style=\"padding-right:0px;padding-left:6px;\"><p><strong>Kapit\u00e4n Niko Dubokovi\u0107<\/strong><\/p>\n<p>Niko Dubokovi\u0107 wurde im Jahr 1834 in Pitve geboren. Er beendete die Seeschule in Triest. Hier bestand er 1857 die Pr\u00fcfung zum Kapit\u00e4n der \u00dcberseeschifffahrt. Er befehligte das Familienschiff, die Brik Genitor Nicol\u00f2 (das Schiff wurde nach Nikos Gro\u00dfvater benannt). Dieses Schiff lieferte Getreide an die Insel Hvar. Er transportierte verschiedene G\u00fcter und Passagiere durch die Levante, das Schwarze Meer, das Mittelmeer und den Atlantik, bis er 1869 die Schifffahrt verlie\u00df.<\/p><\/div><\/div><div class='clear_column'><\/div><div class='content-column one_half'><div style=\"padding-right:6px;\"><p>Godine 1872. postao je vlasnikom obiteljskoga brodarskog poduze\u0107a i flote koja je s 8 brodova duge plovidbe pripadala najve\u0107im flotama na jedra u srednjoj Dalmaciji. Na svojim brodovima, koji su plovili i kao \u0161kolski brodovi, uvje\u017ebavao je i usavr\u0161avao kadete za Pomorsku upravu u Trstu.<\/p><\/div><\/div><div class='content-column one_half last_column'><div style=\"padding-right:0px;padding-left:6px;\"><p>1872 wurde er Eigent\u00fcmer der familieneigenen Reederei, \u00a0Unternehmen und einer Flotte,<br \/>\ndie mit 8 \u00dcberseeschiffen zu den gr\u00f6\u00dften Segelflotten in Mitteldalmatien geh\u00f6rte. Auf seinen Schiffen, die auch als Schulboote dienten, bildete er Kadetten f\u00fcr die Seeverwaltung in Triest aus und perfektionierte sie.<\/p><\/div><\/div><div class='clear_column'><\/div><div class='content-column one_half'><div style=\"padding-right:6px;\"><p>Kao na\u010delnik op\u0107ine Jelse 1868. \u2013 1912. radio je na gospodarskom razvitku Jelse (izgradnja luke, cesta, pu\u010dke \u0161kole, o\u017eivljavanje izvoza doma\u0107ih proizvoda, razvoj obrta i trgovine, poljodjelstva, obnova vinograda i po\u0161umljavanje). U godini kad je postao na\u010delnik op\u0107ine, 1868., bio je me\u0111u istaknutim osniva\u010dima Narodne \u010ditaonice u Jelsi, koja je bila jedna od prvih knji\u017enica na jadranskim otocima, i prva narodna \u010ditaonica na otocima.<\/p><\/div><\/div><div class='content-column one_half last_column'><div style=\"padding-right:0px;padding-left:6px;\"><p>Als B\u00fcrgermeister der Gemeinde Jelsa arbeitete er von 1868 bis 1912 an der wirtschaftlichen Entwicklung von Jelsa (Bau eines Hafens, Stra\u00dfen, \u00f6ffentliche Schule, Wiederbelebung des Exports einheimischer Produkte, Entwicklung von Handwerk und Handel, Landwirtschaft, Wiederherstellung von Weinbergen und Aufforstung). In dem Jahr, in dem er B\u00fcrgermeister wurde, war er 1868 einer der prominenten Gr\u00fcnder des Nationalen Lesesaals in Jelsa, einer der ersten Bibliotheken auf den Adria-Inseln und des ersten \u00f6ffentlichen Lesesaals auf den Inseln.<\/p><\/div><\/div><div class='clear_column'><\/div><div class='content-column one_half'><div style=\"padding-right:6px;\"><p>Godine 1873. dovr\u0161ena je gradnja jedrenjaka po narud\u017ebi kapetana Nika u brodogradili\u0161tu u Kor\u010duli. Nazvao ga je po o\u010devom imenu, Giovanni D.. Bio je to najve\u0107i dalmatinski jedrenjak.<\/p><\/div><\/div><div class='content-column one_half last_column'><div style=\"padding-right:0px;padding-left:6px;\"><p>1873 wurde der Bau eines Segelboots von Kapit\u00e4n Niko in der Werft Korcula in Auftrag gegeben. Er benannte es nach dem Namen seines Vaters, Giovanni D. Es war das gr\u00f6\u00dfte dalmatinische Segelschiff.<\/p><\/div><\/div><div class='clear_column'><\/div><div class='content-column one_half'><div style=\"padding-right:6px;\"><p>Za njegova je mandata Jelsa mnogo gospodarstveno naprjedovala da je postala jedna od najnaprjednijih op\u0107ina u Austro-Ugarskoj. Zasluga je to njegova anga\u017emana na podizanju vinogradarstva u Jelsi i na otoku Hvaru, zatim kvalitete vina, izvoza oto\u010dkih proizvoda i lokalne trgovine.<\/p><\/div><\/div><div class='content-column one_half last_column'><div style=\"padding-right:0px;padding-left:6px;\"><p>W\u00e4hrend seiner Amtszeit machte Jelsa gro\u00dfe wirtschaftliche Fortschritte, um eine der wohlhabendsten Gemeinden in \u00d6sterreich-Ungarn zu werden. Dies ist auf sein Engagement bei der Aufzucht des Weinbaus in Jelsa und auf der Insel Hvar zur\u00fcckzuf\u00fchren, gefolgt von der Qualit\u00e4t des Weins, dem Export von Inselprodukten und dem lokalen Handel.<\/p><\/div><\/div><div class='clear_column'><\/div><div class='content-column one_half'><div style=\"padding-right:6px;\"><p>Saborski zastupnik u Dalmatinskome saboru u nekoliko saziva, od 1870. do 1894. godine. Va\u017eio je kao jedan od nositelja narodne misli u hrvatskom narodnom preporodu u Kraljevini Dalmaciji. Borio se je protiv autonoma\u0161a i protiv nerada. Suutemeljitelj Matice dalmatinske. Predsjednik Hrvatske narodne stranke za Dalmaciju (1911. \u2013 1912).<\/p><\/div><\/div><div class='content-column one_half last_column'><div style=\"padding-right:0px;padding-left:6px;\"><p>Als Abgeordneter wurde er von 1870 bis 1894 mehrmals in das dalmatinischen Parlament einberufen. Er galt als Tr\u00e4ger des Volksgedankens bei der Wiederbelebung der kroatischen Nation im K\u00f6nigreich Dalmatien. Er k\u00e4mpfte gegen Autonomie und gegen Widerwillen, war Mitbegr\u00fcnder der &#8222;Mutter Dalmatiens&#8220; und Pr\u00e4sident der kroatischen Nationalpartei f\u00fcr Dalmatien (1911-1912).<\/p><\/div><\/div><div class='clear_column'><\/div><\/p>\n<p style=\"text-align: right;\"><span style=\"color: #3366ff;\"><a style=\"color: #3366ff;\" href=\"#seite_oben\">natrag na vrh \/ Seitenanfang<\/a><\/span><\/p>\n<p style=\"text-align: center;\"><em>(Izvor \/Quelle: Wikipedija)<\/em><\/p>\n<hr \/>\n<p><strong>Linkovi \/ Links<\/strong><\/p>\n<p><span style=\"color: #3366ff;\"><a style=\"color: #3366ff;\" href=\"https:\/\/www.topohvar.at\/orte\/je\/je-is-09-1\/\">Spomen plo\u010da \/ Gedenktafel \u00bbDr. Niko Dubokovi\u0107 Nadalini\u00ab<\/a><br \/>\n<a style=\"color: #3366ff;\" href=\"https:\/\/www.topohvar.at\/orte\/je\/je-tg-08-1\/\">Ku\u0107a \/ Haus \u00bbDr. Niko Dubokovi\u0107 Nadalini (Jelsa)\u00ab\u00a0<\/a><br \/>\n<a style=\"color: #3366ff;\" href=\"https:\/\/www.topohvar.at\/orte\/zv\/zv-tg-02-1\/\">Ljetnikovac \/ Sommerhaus \u00bbDubokovi\u0107 Nadalini (Zavala)\u00ab<\/a><br \/>\n<a style=\"color: #3366ff;\" href=\"https:\/\/www.topohvar.at\/orte\/za\/za-tg-03-1\/\">Ku\u0107a \/ Haus \u00bbAngelini (Angjelinovi\u0107, kasnije \/ sp\u00e4ter Dubokovi\u0107 Nadalini) &#8211; Zastra\u017ei\u0161\u0107e\u00ab<\/a><br \/>\n<a style=\"color: #3366ff;\" href=\"https:\/\/www.topohvar.at\/orte\/je\/je-ov-01-1\/\">Park Perivoj<\/a><br \/>\n<\/span><\/p>\n","protected":false},"excerpt":{"rendered":"<p>Ime \/ Name Kip \u00bbKap. Niko Dubokovi\u0107\u00ab \/ Statue des\u00a0Kapit\u00e4ns Niko Dubokovi\u0107 Code: JE-MO-02\u00a0 \u00a0 \u00a0 \u00a0 \u00a0 \u00a0 \u00a0 \u00a0 \u00a0 \u00a0 \u00a0 \u00a0 \u00a0 \u00a0 \u00a0\u00a0 Adresa \/ Adresse Jelsa,\u00a0Veliki Park (Perivoj) Lokacija \/ Position Latitude: N 43,16216\u00b0\u00a0 &hellip; <a href=\"https:\/\/www.topohvar.at\/topo\/orte\/je\/je-mo-02-1\/\">Weiterlesen <span class=\"meta-nav\">&rarr;<\/span><\/a><\/p>\n","protected":false},"author":1,"featured_media":0,"parent":85,"menu_order":0,"comment_status":"closed","ping_status":"closed","template":"","meta":{"footnotes":""},"class_list":["post-8757","page","type-page","status-publish","hentry"],"_links":{"self":[{"href":"https:\/\/www.topohvar.at\/topo\/wp-json\/wp\/v2\/pages\/8757","targetHints":{"allow":["GET"]}}],"collection":[{"href":"https:\/\/www.topohvar.at\/topo\/wp-json\/wp\/v2\/pages"}],"about":[{"href":"https:\/\/www.topohvar.at\/topo\/wp-json\/wp\/v2\/types\/page"}],"author":[{"embeddable":true,"href":"https:\/\/www.topohvar.at\/topo\/wp-json\/wp\/v2\/users\/1"}],"replies":[{"embeddable":true,"href":"https:\/\/www.topohvar.at\/topo\/wp-json\/wp\/v2\/comments?post=8757"}],"version-history":[{"count":20,"href":"https:\/\/www.topohvar.at\/topo\/wp-json\/wp\/v2\/pages\/8757\/revisions"}],"predecessor-version":[{"id":63501,"href":"https:\/\/www.topohvar.at\/topo\/wp-json\/wp\/v2\/pages\/8757\/revisions\/63501"}],"up":[{"embeddable":true,"href":"https:\/\/www.topohvar.at\/topo\/wp-json\/wp\/v2\/pages\/85"}],"wp:attachment":[{"href":"https:\/\/www.topohvar.at\/topo\/wp-json\/wp\/v2\/media?parent=8757"}],"curies":[{"name":"wp","href":"https:\/\/api.w.org\/{rel}","templated":true}]}}

JELSA &#8211; Kip »Kap. Niko Duboković«

<p><a name="seite_oben"></a><br />
<strong><img loading="lazy" decoding="async" class="alignnone wp-image-8596 size-large" src="https://www.topohvar.at/wp-content/uploads/2018/08/JE-MO-02-0-1024x503.jpg" alt="" width="640" height="314" srcset="https://www.topohvar.at/wp-content/uploads/2018/08/JE-MO-02-0-1024x503.jpg 1024w, https://www.topohvar.at/wp-content/uploads/2018/08/JE-MO-02-0-300x147.jpg 300w, https://www.topohvar.at/wp-content/uploads/2018/08/JE-MO-02-0-768x377.jpg 768w, https://www.topohvar.at/wp-content/uploads/2018/08/JE-MO-02-0.jpg 1080w" sizes="auto, (max-width: 640px) 100vw, 640px" /></strong></p>
<p><strong>Ime / Name<br />
</strong>Kip »Kap. Niko Duboković« / Statue des Kapitäns Niko Duboković</p>
<p><strong>Code: </strong>JE-MO-02                              <strong><a href="https://www.topohvar.at/orte/je/je-mo-07-2/"><img loading="lazy" decoding="async" class="alignnone wp-image-533 size-full" src="https://www.topohvar.at/wp-content/uploads/2018/07/push-l-30.jpg" alt="" width="61" height="30" /></a> <a href="https://www.topohvar.at/orte/je/"><img loading="lazy" decoding="async" class="alignnone wp-image-535 size-full" src="https://www.topohvar.at/wp-content/uploads/2018/07/push-o-30.jpg" alt="" width="61" height="30" /></a> <a href="https://www.topohvar.at/orte/je/je-mo-11-1/"><img loading="lazy" decoding="async" class="alignnone wp-image-536 size-full" src="https://www.topohvar.at/wp-content/uploads/2018/07/push-r-30.jpg" alt="" width="61" height="30" /></a></strong></p>
<hr />
<p><strong>Adresa / Adresse<br />
</strong>Jelsa, Veliki Park (Perivoj)</p>
<p><strong>Lokacija / Position<a href="https://goo.gl/maps/bshNPiVqBz5MP4qT8"><img loading="lazy" decoding="async" class="alignright wp-image-9263" src="https://www.topohvar.at/wp-content/uploads/2018/09/0434.jpg" alt="" width="133" height="100" /></a><br />
</strong><span style="color: #3366ff;"><a style="color: #3366ff;" href="https://goo.gl/maps/bshNPiVqBz5MP4qT8">Latitude: N 43,16216°   Longitude: E 16,69224°</a> </span><strong><br />
</strong>Visina / Höhe: 2 m</p>
<p><strong>Katastarska čestica </strong><strong>/ Grundstücke<br />
</strong>1231/6, 1231/7, 1231/15, 1231/16, 1231/19<div class='content-column one_half'><div style="padding-right:6px;"><p><strong>Datum snimanja / Erfassungsdatum<br />
</strong>28.05.2014 10:40:13</p>
<hr />
<p><strong>Informacije</strong></p>
<p style="text-align: left;">Skulpura je djelo  Ivana Rendića, velikog kipara hrvatske moderne iz 1923 g.</p></div></div><div class='content-column one_half last_column'><div style="padding-right:0px;padding-left:6px;"><p><strong>Stupanj zaštite</strong><strong> / Schutzstellung<br />
</strong>&#8211;</p>
<hr />
<p><strong>Info</strong></p>
<p>Die Skulptur aus dem Jahr 1923 ist ein Werk des Bildhauers Ivo Rendić dem großen Bildhauer der kroatischen Moderne.</p></div></div><div class='clear_column'></div></p>
<p style="text-align: center;">Natpis:  /  Inschrift:</p>
<p style="text-align: center;">KAP. NIKO DUBOKOVIĆ<br />
1834 – 1912</p>
<div class='content-column one_half'><div style="padding-right:6px;"><p>Komunističke su vlasti nakon II. svjetskog rata uklonile taj krasni. God. 1991. ponovno je postavljen, ali bliže ulazu, tako da se lijepo vidi sa svih strana.</p></div></div><div class='content-column one_half last_column'><div style="padding-right:0px;padding-left:6px;"><p>Die kommunistischen Behörden entfernten nach dem II. Weltkrieg dieses herrliche Denkmal. Im Jahr 1991 wurde es wieder aufgestellt, allerdings näher zum Eingang, so dass es von allen Seiten gut zu sehen ist.</p></div></div><div class='clear_column'></div></p>
<hr />
<div class='content-column one_half'><div style="padding-right:6px;"><p><strong>Kap. Niko Duboković</strong></p>
<p>Rodio se je u Pitvama 1834. godine. U Trstu je završio nautičku školu. U istom je gradu 1857. godine položio ispit za kapetana duge plovidbe. Zapovijedao je obiteljskim brodom,<br />
brikom Genitor Nicolò  (brod je nosio ime po Nikovom djedu). Tim je brodom opskrbljivao žitom otok Hvar. Levantom, Crnim i Sredozemnim morem te Atlantikom prevozio je različitu robu i putnike do 1869., kada je napustio plovidbu.</p></div></div><div class='content-column one_half last_column'><div style="padding-right:0px;padding-left:6px;"><p><strong>Kapitän Niko Duboković</strong></p>
<p>Niko Duboković wurde im Jahr 1834 in Pitve geboren. Er beendete die Seeschule in Triest. Hier bestand er 1857 die Prüfung zum Kapitän der Überseeschifffahrt. Er befehligte das Familienschiff, die Brik Genitor Nicolò (das Schiff wurde nach Nikos Großvater benannt). Dieses Schiff lieferte Getreide an die Insel Hvar. Er transportierte verschiedene Güter und Passagiere durch die Levante, das Schwarze Meer, das Mittelmeer und den Atlantik, bis er 1869 die Schifffahrt verließ.</p></div></div><div class='clear_column'></div><div class='content-column one_half'><div style="padding-right:6px;"><p>Godine 1872. postao je vlasnikom obiteljskoga brodarskog poduzeća i flote koja je s 8 brodova duge plovidbe pripadala najvećim flotama na jedra u srednjoj Dalmaciji. Na svojim brodovima, koji su plovili i kao školski brodovi, uvježbavao je i usavršavao kadete za Pomorsku upravu u Trstu.</p></div></div><div class='content-column one_half last_column'><div style="padding-right:0px;padding-left:6px;"><p>1872 wurde er Eigentümer der familieneigenen Reederei,  Unternehmen und einer Flotte,<br />
die mit 8 Überseeschiffen zu den größten Segelflotten in Mitteldalmatien gehörte. Auf seinen Schiffen, die auch als Schulboote dienten, bildete er Kadetten für die Seeverwaltung in Triest aus und perfektionierte sie.</p></div></div><div class='clear_column'></div><div class='content-column one_half'><div style="padding-right:6px;"><p>Kao načelnik općine Jelse 1868. – 1912. radio je na gospodarskom razvitku Jelse (izgradnja luke, cesta, pučke škole, oživljavanje izvoza domaćih proizvoda, razvoj obrta i trgovine, poljodjelstva, obnova vinograda i pošumljavanje). U godini kad je postao načelnik općine, 1868., bio je među istaknutim osnivačima Narodne čitaonice u Jelsi, koja je bila jedna od prvih knjižnica na jadranskim otocima, i prva narodna čitaonica na otocima.</p></div></div><div class='content-column one_half last_column'><div style="padding-right:0px;padding-left:6px;"><p>Als Bürgermeister der Gemeinde Jelsa arbeitete er von 1868 bis 1912 an der wirtschaftlichen Entwicklung von Jelsa (Bau eines Hafens, Straßen, öffentliche Schule, Wiederbelebung des Exports einheimischer Produkte, Entwicklung von Handwerk und Handel, Landwirtschaft, Wiederherstellung von Weinbergen und Aufforstung). In dem Jahr, in dem er Bürgermeister wurde, war er 1868 einer der prominenten Gründer des Nationalen Lesesaals in Jelsa, einer der ersten Bibliotheken auf den Adria-Inseln und des ersten öffentlichen Lesesaals auf den Inseln.</p></div></div><div class='clear_column'></div><div class='content-column one_half'><div style="padding-right:6px;"><p>Godine 1873. dovršena je gradnja jedrenjaka po narudžbi kapetana Nika u brodogradilištu u Korčuli. Nazvao ga je po očevom imenu, Giovanni D.. Bio je to najveći dalmatinski jedrenjak.</p></div></div><div class='content-column one_half last_column'><div style="padding-right:0px;padding-left:6px;"><p>1873 wurde der Bau eines Segelboots von Kapitän Niko in der Werft Korcula in Auftrag gegeben. Er benannte es nach dem Namen seines Vaters, Giovanni D. Es war das größte dalmatinische Segelschiff.</p></div></div><div class='clear_column'></div><div class='content-column one_half'><div style="padding-right:6px;"><p>Za njegova je mandata Jelsa mnogo gospodarstveno naprjedovala da je postala jedna od najnaprjednijih općina u Austro-Ugarskoj. Zasluga je to njegova angažmana na podizanju vinogradarstva u Jelsi i na otoku Hvaru, zatim kvalitete vina, izvoza otočkih proizvoda i lokalne trgovine.</p></div></div><div class='content-column one_half last_column'><div style="padding-right:0px;padding-left:6px;"><p>Während seiner Amtszeit machte Jelsa große wirtschaftliche Fortschritte, um eine der wohlhabendsten Gemeinden in Österreich-Ungarn zu werden. Dies ist auf sein Engagement bei der Aufzucht des Weinbaus in Jelsa und auf der Insel Hvar zurückzuführen, gefolgt von der Qualität des Weins, dem Export von Inselprodukten und dem lokalen Handel.</p></div></div><div class='clear_column'></div><div class='content-column one_half'><div style="padding-right:6px;"><p>Saborski zastupnik u Dalmatinskome saboru u nekoliko saziva, od 1870. do 1894. godine. Važio je kao jedan od nositelja narodne misli u hrvatskom narodnom preporodu u Kraljevini Dalmaciji. Borio se je protiv autonomaša i protiv nerada. Suutemeljitelj Matice dalmatinske. Predsjednik Hrvatske narodne stranke za Dalmaciju (1911. – 1912).</p></div></div><div class='content-column one_half last_column'><div style="padding-right:0px;padding-left:6px;"><p>Als Abgeordneter wurde er von 1870 bis 1894 mehrmals in das dalmatinischen Parlament einberufen. Er galt als Träger des Volksgedankens bei der Wiederbelebung der kroatischen Nation im Königreich Dalmatien. Er kämpfte gegen Autonomie und gegen Widerwillen, war Mitbegründer der &#8222;Mutter Dalmatiens&#8220; und Präsident der kroatischen Nationalpartei für Dalmatien (1911-1912).</p></div></div><div class='clear_column'></div></p>
<p style="text-align: right;"><span style="color: #3366ff;"><a style="color: #3366ff;" href="#seite_oben">natrag na vrh / Seitenanfang</a></span></p>
<p style="text-align: center;"><em>(Izvor /Quelle: Wikipedija)</em></p>
<hr />
<p><strong>Linkovi / Links</strong></p>
<p><span style="color: #3366ff;"><a style="color: #3366ff;" href="https://www.topohvar.at/orte/je/je-is-09-1/">Spomen ploča / Gedenktafel »Dr. Niko Duboković Nadalini«</a><br />
<a style="color: #3366ff;" href="https://www.topohvar.at/orte/je/je-tg-08-1/">Kuća / Haus »Dr. Niko Duboković Nadalini (Jelsa)« </a><br />
<a style="color: #3366ff;" href="https://www.topohvar.at/orte/zv/zv-tg-02-1/">Ljetnikovac / Sommerhaus »Duboković Nadalini (Zavala)«</a><br />
<a style="color: #3366ff;" href="https://www.topohvar.at/orte/za/za-tg-03-1/">Kuća / Haus »Angelini (Angjelinović, kasnije / später Duboković Nadalini) &#8211; Zastražišće«</a><br />
<a style="color: #3366ff;" href="https://www.topohvar.at/orte/je/je-ov-01-1/">Park Perivoj</a><br />
</span></p>

<p>Ime / Name Kip »Kap. Niko Duboković« / Statue des Kapitäns Niko Duboković Code: JE-MO-02                               Adresa / Adresse Jelsa, Veliki Park (Perivoj) Lokacija / Position Latitude: N 43,16216°  &hellip; <a href="https://www.topohvar.at/topo/orte/je/je-mo-02-1/">Weiterlesen <span class="meta-nav">&rarr;</span></a></p>
