{"id":8759,"date":"2018-08-30T19:10:13","date_gmt":"2018-08-30T17:10:13","guid":{"rendered":"https:\/\/www.topohvar.at\/?page_id=8759"},"modified":"2023-06-20T08:51:33","modified_gmt":"2023-06-20T06:51:33","slug":"je-mo-03-1","status":"publish","type":"page","link":"https:\/\/www.topohvar.at\/topo\/orte\/je\/je-mo-03-1\/","title":{"rendered":"JELSA &#8211; Kip \u00bbAntun Dobroni\u0107\u00ab"},"content":{"rendered":"<p><a name=\"seite_oben\"><\/a><br \/>\n<strong><img loading=\"lazy\" decoding=\"async\" class=\"alignnone wp-image-8597 size-large\" src=\"https:\/\/www.topohvar.at\/wp-content\/uploads\/2018\/08\/JE-MO-03-0-1024x503.jpg\" alt=\"\" width=\"640\" height=\"314\" srcset=\"https:\/\/www.topohvar.at\/wp-content\/uploads\/2018\/08\/JE-MO-03-0-1024x503.jpg 1024w, https:\/\/www.topohvar.at\/wp-content\/uploads\/2018\/08\/JE-MO-03-0-300x147.jpg 300w, https:\/\/www.topohvar.at\/wp-content\/uploads\/2018\/08\/JE-MO-03-0-768x377.jpg 768w, https:\/\/www.topohvar.at\/wp-content\/uploads\/2018\/08\/JE-MO-03-0.jpg 1080w\" sizes=\"auto, (max-width: 640px) 100vw, 640px\" \/><\/strong><\/p>\n<p><strong>Ime \/ Name<br \/>\n<\/strong>Kip \/ Statue \u00bbAntun Dobroni\u0107\u00ab<\/p>\n<p><strong>Code: <\/strong>JE-MO-03\u00a0 \u00a0 \u00a0 \u00a0 \u00a0 \u00a0 \u00a0 \u00a0 \u00a0 \u00a0 \u00a0 \u00a0 \u00a0 \u00a0 \u00a0\u00a0<strong><a href=\"https:\/\/www.topohvar.at\/orte\/je\/je-mo-11-1\/\"><img loading=\"lazy\" decoding=\"async\" class=\"alignnone wp-image-533 size-full\" src=\"https:\/\/www.topohvar.at\/wp-content\/uploads\/2018\/07\/push-l-30.jpg\" alt=\"\" width=\"61\" height=\"30\" \/><\/a> <a href=\"https:\/\/www.topohvar.at\/orte\/je\/\"><img loading=\"lazy\" decoding=\"async\" class=\"alignnone wp-image-535 size-full\" src=\"https:\/\/www.topohvar.at\/wp-content\/uploads\/2018\/07\/push-o-30.jpg\" alt=\"\" width=\"61\" height=\"30\" \/><\/a> <a href=\"https:\/\/www.topohvar.at\/orte\/je\/je-mo-01-1\/\"><img loading=\"lazy\" decoding=\"async\" class=\"alignnone wp-image-536 size-full\" src=\"https:\/\/www.topohvar.at\/wp-content\/uploads\/2018\/07\/push-r-30.jpg\" alt=\"\" width=\"61\" height=\"30\" \/><\/a><\/strong><\/p>\n<hr \/>\n<p><strong>Adresa \/ Adresse<br \/>\n<\/strong>Jelsa, sjeverni dio parka Perivoj (Mali Park)\u00a0\/ Nordteil des Parks Perivoj (kleiner Park)<\/p>\n<p><strong>Lokacija<\/strong><strong> \/ Position<a href=\"https:\/\/goo.gl\/maps\/G5dosicB6gDDg4FeA\"><img loading=\"lazy\" decoding=\"async\" class=\"alignright wp-image-9271\" src=\"https:\/\/www.topohvar.at\/wp-content\/uploads\/2018\/09\/0435.jpg\" alt=\"\" width=\"134\" height=\"100\" \/><\/a><br \/>\n<\/strong><span style=\"color: #3366ff;\"><a style=\"color: #3366ff;\" href=\"https:\/\/goo.gl\/maps\/G5dosicB6gDDg4FeA\">Latitude: N 43,16277\u00b0\u00a0 \u00a0Longitude: E 16,69232\u00b0<\/a> <\/span><strong><br \/>\n<\/strong>Visina \/ H\u00f6he: 2 m<\/p>\n<p><strong>Katastarska \u010destica <\/strong><strong>\/ Grundst\u00fccke<br \/>\n<\/strong>1231\/6<div class='content-column one_half'><div style=\"padding-right:6px;\"><p><strong>Datum snimanja \/ Erfassungsdatum<br \/>\n<\/strong>28.05.2014 10:42:49<\/p>\n<hr \/>\n<p><strong>Informacije<\/strong><\/p>\n<p>Sjeverni dio parka Perivoj podignut spomenik skladatelju Antunu Dobroni\u0107u (1878. &#8211; 1955.). Rad jel\u0161anskog akademskog kipara Slavomira Drinkovi\u0107a je postavljen 1997. g.<\/p><\/div><\/div><div class='content-column one_half last_column'><div style=\"padding-right:0px;padding-left:6px;\"><p><strong>Stupanj za\u0161tite<\/strong><strong> \/ Schutzstellung<br \/>\n<\/strong>&#8211;<\/p>\n<hr \/>\n<p><strong>Info<\/strong><\/p>\n<p>Im Nordteil des Parks Perivoj wurde dem Komponisten Anton Dobroni\u0107 (1878 \u2013 1955) im Jahr 1997 ein Denkmal gesetzt. Die Skulptur ist eine Arbeit des Bildhauers Slavomir Drinkovi\u0107 aus Jelsa.<\/p><\/div><\/div><div class='clear_column'><\/div><\/p>\n<hr \/>\n<div class='content-column one_half'><div style=\"padding-right:6px;\"><p>Svake se godine tradicionalno u Jelsi odr\u017eavaju glazbene, dramske i folklorne ve\u010deri pod nazivom <strong>&#8222;Ve\u010deri Antuna Dobroni\u0107a&#8220;<\/strong>. Ova ljetna kulturna manifestacija, koja se tradicionalna odr\u017eava svake godine od 1993. u Jelsi od 20. srpnja do 20. kolovoza, posve\u0107ena je hrvatskom skladatelju i glazbenom piscu Antunu Dobroni\u0107u. Na manifestaciji se odr\u017eavaju glazbene, dramske i folklorne ve\u010deri.<\/p><\/div><\/div><div class='content-column one_half last_column'><div style=\"padding-right:0px;padding-left:6px;\"><p>Jedes Jahr gibt es in Jelsa traditionell musikalische, dramatische und folkloristische Abende, die &#8222;<strong>Antun Dobroni\u0107-Abende<\/strong>&#8220; genannt werden. Diese kulturelle Sommerveranstaltung, dieseit 1993 traditionell vom 20. Juli bis 20. August stattfindet, ist dem kroatischen Komponisten und Musikautor Antun Dobroni\u0107 gewidmet. Die Veranstaltung bietet Musik-, Theater- und Folkloreabende.<\/p><\/div><\/div><div class='clear_column'><\/div><\/p>\n<p style=\"text-align: right;\"><span style=\"color: #3366ff;\"><a style=\"color: #3366ff;\" href=\"#seite_oben\">natrag na vrh \/ Seitenanfang<\/a><\/span><\/p>\n<hr \/>\n<p><strong>Linkovi \/ Links<\/strong><\/p>\n<p><span style=\"color: #3366ff;\"><a style=\"color: #3366ff;\" href=\"https:\/\/www.topohvar.at\/orte\/je\/je-is-07-1\/\">Spomen plo\u010da \/ Gedenktafel \u00bbAntun Dobroni\u0107\u00ab <strong>(vi\u0161e o \/ mehr \u00fcber <\/strong><\/a><strong><a style=\"color: #3366ff;\" href=\"https:\/\/www.topohvar.at\/orte\/je\/je-is-07-1\/\">Dobroni\u0107<\/a>)<\/strong><br \/>\n<a style=\"color: #3366ff;\" href=\"https:\/\/www.topohvar.at\/orte\/je\/je-tg-14-1\/\">Rodna ku\u0107a Antuna Dobroni\u0107a \/ Geburtshaus des Anton Dobroni\u0107<\/a><br \/>\n<a style=\"color: #3366ff;\" href=\"https:\/\/www.topohvar.at\/orte\/je\/je-ov-01-1\/\">Park Perivoj<\/a><br \/>\n<\/span><\/p>\n","protected":false},"excerpt":{"rendered":"<p>Ime \/ Name Kip \/ Statue \u00bbAntun Dobroni\u0107\u00ab Code: JE-MO-03\u00a0 \u00a0 \u00a0 \u00a0 \u00a0 \u00a0 \u00a0 \u00a0 \u00a0 \u00a0 \u00a0 \u00a0 \u00a0 \u00a0 \u00a0\u00a0 Adresa \/ Adresse Jelsa, sjeverni dio parka Perivoj (Mali Park)\u00a0\/ Nordteil des Parks Perivoj (kleiner Park) &hellip; <a href=\"https:\/\/www.topohvar.at\/topo\/orte\/je\/je-mo-03-1\/\">Weiterlesen <span class=\"meta-nav\">&rarr;<\/span><\/a><\/p>\n","protected":false},"author":1,"featured_media":0,"parent":85,"menu_order":0,"comment_status":"closed","ping_status":"closed","template":"","meta":{"footnotes":""},"class_list":["post-8759","page","type-page","status-publish","hentry"],"_links":{"self":[{"href":"https:\/\/www.topohvar.at\/topo\/wp-json\/wp\/v2\/pages\/8759","targetHints":{"allow":["GET"]}}],"collection":[{"href":"https:\/\/www.topohvar.at\/topo\/wp-json\/wp\/v2\/pages"}],"about":[{"href":"https:\/\/www.topohvar.at\/topo\/wp-json\/wp\/v2\/types\/page"}],"author":[{"embeddable":true,"href":"https:\/\/www.topohvar.at\/topo\/wp-json\/wp\/v2\/users\/1"}],"replies":[{"embeddable":true,"href":"https:\/\/www.topohvar.at\/topo\/wp-json\/wp\/v2\/comments?post=8759"}],"version-history":[{"count":15,"href":"https:\/\/www.topohvar.at\/topo\/wp-json\/wp\/v2\/pages\/8759\/revisions"}],"predecessor-version":[{"id":63500,"href":"https:\/\/www.topohvar.at\/topo\/wp-json\/wp\/v2\/pages\/8759\/revisions\/63500"}],"up":[{"embeddable":true,"href":"https:\/\/www.topohvar.at\/topo\/wp-json\/wp\/v2\/pages\/85"}],"wp:attachment":[{"href":"https:\/\/www.topohvar.at\/topo\/wp-json\/wp\/v2\/media?parent=8759"}],"curies":[{"name":"wp","href":"https:\/\/api.w.org\/{rel}","templated":true}]}}