{"id":8777,"date":"2018-08-31T07:24:03","date_gmt":"2018-08-31T05:24:03","guid":{"rendered":"https:\/\/www.topohvar.at\/?page_id=8777"},"modified":"2024-08-05T11:38:40","modified_gmt":"2024-08-05T09:38:40","slug":"je-is-04-1","status":"publish","type":"page","link":"https:\/\/www.topohvar.at\/topo\/orte\/je\/je-is-04-1\/","title":{"rendered":"JELSA &#8211; Spomen plo\u010da \u00bbOslobo\u0111enju Jelse od talijanskih okupatora\u00ab"},"content":{"rendered":"<p><a name=\"seite_oben\"><\/a><strong><img loading=\"lazy\" decoding=\"async\" class=\"alignnone wp-image-8578 size-large\" src=\"https:\/\/www.topohvar.at\/wp-content\/uploads\/2018\/08\/JE-IS-04-0-1024x503.jpg\" alt=\"\" width=\"640\" height=\"314\" srcset=\"https:\/\/www.topohvar.at\/wp-content\/uploads\/2018\/08\/JE-IS-04-0-1024x503.jpg 1024w, https:\/\/www.topohvar.at\/wp-content\/uploads\/2018\/08\/JE-IS-04-0-300x147.jpg 300w, https:\/\/www.topohvar.at\/wp-content\/uploads\/2018\/08\/JE-IS-04-0-768x377.jpg 768w, https:\/\/www.topohvar.at\/wp-content\/uploads\/2018\/08\/JE-IS-04-0.jpg 1080w\" sizes=\"auto, (max-width: 640px) 100vw, 640px\" \/><\/strong><\/p>\n<p><strong>Ime \/ Name<br \/>\n<\/strong>Spomen plo\u010da \u00bbOslobo\u0111enju Jelse od talijanskih okupatora\u00ab \/ Gedenktafel an die Befreiung Jelsas von der italienischen Okupation<\/p>\n<p><strong>Code: <\/strong>JE-IS-04\u00a0 \u00a0 \u00a0 \u00a0 \u00a0 \u00a0 \u00a0 \u00a0 \u00a0 \u00a0 \u00a0 \u00a0 \u00a0 \u00a0 \u00a0 \u00a0 \u00a0 <a href=\"https:\/\/www.topohvar.at\/orte\/je\/je-ip-01-1\/\"><img loading=\"lazy\" decoding=\"async\" class=\"alignnone wp-image-12300 size-full\" src=\"https:\/\/www.topohvar.at\/wp-content\/uploads\/2018\/09\/push-vor-30.jpg\" alt=\"\" width=\"61\" height=\"30\" \/><\/a>\u00a0<strong><a href=\"https:\/\/www.topohvar.at\/orte\/je\/je-is-27-1\/\"><img loading=\"lazy\" decoding=\"async\" class=\"alignnone wp-image-533 size-full\" src=\"https:\/\/www.topohvar.at\/wp-content\/uploads\/2018\/07\/push-l-30.jpg\" alt=\"\" width=\"61\" height=\"30\" \/><\/a>\u00a0<a href=\"https:\/\/www.topohvar.at\/orte\/je\/\"><img loading=\"lazy\" decoding=\"async\" class=\"alignnone wp-image-535 size-full\" src=\"https:\/\/www.topohvar.at\/wp-content\/uploads\/2018\/07\/push-o-30.jpg\" alt=\"\" width=\"61\" height=\"30\" \/><\/a> <a href=\"https:\/\/www.topohvar.at\/orte\/je\/je-is-13-1\/\"><img loading=\"lazy\" decoding=\"async\" class=\"alignnone wp-image-536 size-full\" src=\"https:\/\/www.topohvar.at\/wp-content\/uploads\/2018\/07\/push-r-30.jpg\" alt=\"\" width=\"61\" height=\"30\" \/><\/a><\/strong><\/p>\n<hr \/>\n<p><strong>Adresa \/ Adresse<br \/>\n<\/strong>Jelsa,\u00a0Riva, Op\u0107inski Dom<\/p>\n<p><strong>Lokacija <\/strong><strong>\/ Position<a href=\"https:\/\/goo.gl\/maps\/hsrpbcYYczrnPnG2A\"><img loading=\"lazy\" decoding=\"async\" class=\"alignright wp-image-9125\" src=\"https:\/\/www.topohvar.at\/wp-content\/uploads\/2018\/09\/0421.jpg\" alt=\"\" width=\"134\" height=\"100\" \/><\/a><br \/>\n<\/strong><span style=\"color: #3366ff;\"><a style=\"color: #3366ff;\" href=\"https:\/\/goo.gl\/maps\/hsrpbcYYczrnPnG2A\">Latitude: N 43,16190\u00b0\u00a0 \u00a0Longitude: E 16,69253\u00b0<\/a> <\/span><strong><br \/>\n<\/strong>Visina \/ H\u00f6he: 2 m<\/p>\n<p><strong>Katastarska \u010destica <\/strong><strong>\/ Grundst\u00fccke<br \/>\n<\/strong>*570<div class='content-column one_half'><div style=\"padding-right:6px;\"><p><strong>Datum snimanja \/ Erfassungsdatum<br \/>\n<\/strong>28.05.2014 10:39:03<\/p>\n<hr \/>\n<p><strong>Informacije<\/strong><\/p>\n<p>Spomen plo\u010da od bijelog mramora, u \u010dast dana pobjede nad talijanskim okupatorom i desetogodi\u0161njice oslobo\u0111enja Jelse, nalazi se na op\u0107inskoj zgradi na obali.<\/p><\/div><\/div><div class='content-column one_half last_column'><div style=\"padding-right:0px;padding-left:6px;\"><p><strong>Stupanj za\u0161tite<\/strong><strong> \/ Schutzstellung<br \/>\n<\/strong>&#8211;<\/p>\n<hr \/>\n<p><strong>Info<\/strong><\/p>\n<p>Die Tafel aus wei\u00dfem Marmor wurde in Gedenken an den Sieg \u00fcber die italienischen Besatzer und den zehnten Jahrestag der Befreiung von Jelsa am Rathaus am Hafen enth\u00fcllt.<\/p><\/div><\/div><div class='clear_column'><\/div><div class='content-column one_half'><div style=\"padding-right:6px;\"><p>Spomen plo\u010du postavili Mjesni odbor i Mjesna organizacija SSRN Jelse, 30.8.1953. na proslavi oslobo\u0111enja mjesta od talijanskih okupatora.<\/p><\/div><\/div><div class='content-column one_half last_column'><div style=\"padding-right:0px;padding-left:6px;\"><p>Das Denkmal wurde durch das \u00f6rtliche Komitee und der \u00f6rtlichen Organisationen SSNR Jelsa am 30. August 1953 errichtet, um die Befreiung der italienischen Besatzer zu feiern.<\/p><\/div><\/div><div class='clear_column'><\/div><div class='content-column one_half'><div style=\"padding-right:6px;\"><p>Natpis:<\/p>\n<p style=\"text-align: center;\">U SPOMEN<br \/>\nDESETOGODI\u0160NJICE OSLOBODJENJA JELSE<br \/>\nI DANA POBJEDE TALIJANSKIM OKUPATOROM<br \/>\nKOJI JE 15 AUGUSTA 1943 GODINE POD UDARCIMA<br \/>\nJUNA\u010cKE NARODNO OSLOBODILA\u010cKE VOJSKE<br \/>\nNAPUSTIO DREVNE OBALE HRVARSKE<br \/>\nJUNA\u0160TVU I PO\u017dRTVOVNOSTI BORACA I RODOLJUBLJU PUKA<br \/>\n30 AUGUSTA 1953 GODINE<br \/>\nNAROD OP\u0106INE JEL\u0160ANSKE<br \/>\nPODI\u017dE OVU PLO\u010cU<\/p><\/div><\/div><div class='content-column one_half last_column'><div style=\"padding-right:0px;padding-left:6px;\"><p>Inschrift:<\/p>\n<p style=\"text-align: center;\">In Gedenken an den zehnten<br \/>\nJahrestag der Befreiung von Jelsa<br \/>\nund an den Tag des Sieges \u00fcber die italienischen<br \/>\nBesatzer, die am 15. August 1943 nach Schl\u00e4gen<br \/>\nder heroischen Volksbefreiungsarmee<br \/>\ndie alten K\u00fcsten Hvars aufgaben.<br \/>\nHeldentum und Selbstaufopferung der<br \/>\nK\u00e4mpfer und Patriotismus des Volkes.<br \/>\nAm 30. August des Jahres 1953<br \/>\nerrichtete die Bev\u00f6lkerung<br \/>\nder Gemeinde\u00a0Jelsa\u00a0diese Tafel<\/p><\/div><\/div><div class='clear_column'><\/div><\/p>\n<p style=\"text-align: right;\"><span style=\"color: #3366ff;\"><a style=\"color: #3366ff;\" href=\"#seite_oben\">natrag na vrh \/ Seitenanfang<\/a><\/span><\/p>\n<hr \/>\n<p><strong>Linkovi \/ Links<\/strong><\/p>\n<p><span style=\"color: #3366ff;\"><a style=\"color: #3366ff;\" href=\"https:\/\/www.topohvar.at\/orte\/je\/je-tg-07-1\/\">Op\u0107inski Dom \/ Rathaus<\/a><\/span><\/p>\n","protected":false},"excerpt":{"rendered":"<p>Ime \/ Name Spomen plo\u010da \u00bbOslobo\u0111enju Jelse od talijanskih okupatora\u00ab \/ Gedenktafel an die Befreiung Jelsas von der italienischen Okupation Code: JE-IS-04\u00a0 \u00a0 \u00a0 \u00a0 \u00a0 \u00a0 \u00a0 \u00a0 \u00a0 \u00a0 \u00a0 \u00a0 \u00a0 \u00a0 \u00a0 \u00a0 \u00a0 \u00a0\u00a0 Adresa &hellip; <a href=\"https:\/\/www.topohvar.at\/topo\/orte\/je\/je-is-04-1\/\">Weiterlesen <span class=\"meta-nav\">&rarr;<\/span><\/a><\/p>\n","protected":false},"author":1,"featured_media":0,"parent":85,"menu_order":0,"comment_status":"closed","ping_status":"closed","template":"","meta":{"footnotes":""},"class_list":["post-8777","page","type-page","status-publish","hentry"],"_links":{"self":[{"href":"https:\/\/www.topohvar.at\/topo\/wp-json\/wp\/v2\/pages\/8777","targetHints":{"allow":["GET"]}}],"collection":[{"href":"https:\/\/www.topohvar.at\/topo\/wp-json\/wp\/v2\/pages"}],"about":[{"href":"https:\/\/www.topohvar.at\/topo\/wp-json\/wp\/v2\/types\/page"}],"author":[{"embeddable":true,"href":"https:\/\/www.topohvar.at\/topo\/wp-json\/wp\/v2\/users\/1"}],"replies":[{"embeddable":true,"href":"https:\/\/www.topohvar.at\/topo\/wp-json\/wp\/v2\/comments?post=8777"}],"version-history":[{"count":13,"href":"https:\/\/www.topohvar.at\/topo\/wp-json\/wp\/v2\/pages\/8777\/revisions"}],"predecessor-version":[{"id":69445,"href":"https:\/\/www.topohvar.at\/topo\/wp-json\/wp\/v2\/pages\/8777\/revisions\/69445"}],"up":[{"embeddable":true,"href":"https:\/\/www.topohvar.at\/topo\/wp-json\/wp\/v2\/pages\/85"}],"wp:attachment":[{"href":"https:\/\/www.topohvar.at\/topo\/wp-json\/wp\/v2\/media?parent=8777"}],"curies":[{"name":"wp","href":"https:\/\/api.w.org\/{rel}","templated":true}]}}