{"id":8861,"date":"2018-08-31T08:43:27","date_gmt":"2018-08-31T06:43:27","guid":{"rendered":"https:\/\/www.topohvar.at\/?page_id=8861"},"modified":"2021-11-01T08:44:52","modified_gmt":"2021-11-01T07:44:52","slug":"je-tg-04-1","status":"publish","type":"page","link":"https:\/\/www.topohvar.at\/topo\/orte\/je\/je-tg-04-1\/","title":{"rendered":"JELSA &#8211; Ku\u0107a \u00bbKa\u010di\u0107-Dimitri (danas Ivani\u0161evi\u0107-Drinkovi\u0107)\u00ab"},"content":{"rendered":"<p><a name=\"seite_oben\"><\/a><br \/>\n<img loading=\"lazy\" decoding=\"async\" class=\"alignnone wp-image-8618 size-large\" src=\"https:\/\/www.topohvar.at\/wp-content\/uploads\/2018\/08\/JE-TG-04-0-1024x503.jpg\" alt=\"\" width=\"640\" height=\"314\" srcset=\"https:\/\/www.topohvar.at\/wp-content\/uploads\/2018\/08\/JE-TG-04-0-1024x503.jpg 1024w, https:\/\/www.topohvar.at\/wp-content\/uploads\/2018\/08\/JE-TG-04-0-300x147.jpg 300w, https:\/\/www.topohvar.at\/wp-content\/uploads\/2018\/08\/JE-TG-04-0-768x377.jpg 768w, https:\/\/www.topohvar.at\/wp-content\/uploads\/2018\/08\/JE-TG-04-0.jpg 1080w\" sizes=\"auto, (max-width: 640px) 100vw, 640px\" \/><\/p>\n<p><strong>Ime \/ Name<br \/>\n<\/strong>Ku\u0107a \/ Haus \u00bbKa\u010di\u0107-Dimitri (danas \/ heute Ivani\u0161evi\u0107-Drinkovi\u0107)\u00ab<\/p>\n<p><strong>Code: <\/strong>JE-TG-04\u00a0 \u00a0 \u00a0 \u00a0 \u00a0 \u00a0 \u00a0 \u00a0 \u00a0 \u00a0 \u00a0 \u00a0 \u00a0 \u00a0 \u00a0 \u00a0 \u00a0 \u00a0 \u00a0 \u00a0\u00a0<strong><a href=\"https:\/\/www.topohvar.at\/orte\/je\/je-tg-09-1\/\"><img loading=\"lazy\" decoding=\"async\" class=\"alignnone wp-image-12300 size-full\" src=\"https:\/\/www.topohvar.at\/wp-content\/uploads\/2018\/09\/push-vor-30.jpg\" alt=\"\" width=\"61\" height=\"30\" \/><\/a>\u00a0<a href=\"https:\/\/www.topohvar.at\/orte\/je\/je-tg-03-1\/\"><img loading=\"lazy\" decoding=\"async\" class=\"alignnone wp-image-533 size-full\" src=\"https:\/\/www.topohvar.at\/wp-content\/uploads\/2018\/07\/push-l-30.jpg\" alt=\"\" width=\"61\" height=\"30\" \/><\/a> <a href=\"https:\/\/www.topohvar.at\/orte\/je\/\"><img loading=\"lazy\" decoding=\"async\" class=\"alignnone wp-image-535 size-full\" src=\"https:\/\/www.topohvar.at\/wp-content\/uploads\/2018\/07\/push-o-30.jpg\" alt=\"\" width=\"61\" height=\"30\" \/><\/a> <a href=\"https:\/\/www.topohvar.at\/orte\/je\/je-tg-06-1\/\"><img loading=\"lazy\" decoding=\"async\" class=\"alignnone wp-image-536 size-full\" src=\"https:\/\/www.topohvar.at\/wp-content\/uploads\/2018\/07\/push-r-30.jpg\" alt=\"\" width=\"61\" height=\"30\" \/><\/a> <a href=\"https:\/\/www.topohvar.at\/orte\/je\/je-tg-07-1\/\"><img loading=\"lazy\" decoding=\"async\" class=\"alignnone wp-image-12299 size-full\" src=\"https:\/\/www.topohvar.at\/wp-content\/uploads\/2018\/09\/push-next-30.jpg\" alt=\"\" width=\"61\" height=\"30\" \/><\/a><\/strong><\/p>\n<hr \/>\n<p><strong>Adresa \/ Adresse<br \/>\n<\/strong>Jelsa,\u00a0Dan\u010devi\u0107 \/ Kola Dominih<\/p>\n<p><strong>Lokacija \/ Position<a href=\"https:\/\/goo.gl\/maps\/wjcDjFn92gBoEUU18\"><img loading=\"lazy\" decoding=\"async\" class=\"alignright wp-image-9358\" src=\"https:\/\/www.topohvar.at\/wp-content\/uploads\/2018\/09\/1068.jpg\" alt=\"\" width=\"133\" height=\"100\" \/><\/a><br \/>\n<\/strong><span style=\"color: #3366ff;\"><a style=\"color: #3366ff;\" href=\"https:\/\/goo.gl\/maps\/wjcDjFn92gBoEUU18\">Latitude: N 43,16112\u00b0\u00a0 \u00a0Longitude: E 16,69371\u00b0 <\/a><\/span><strong><br \/>\n<\/strong>Visina \/ H\u00f6he: 2 m<\/p>\n<p><strong>Katastarska \u010destica \/ Grundst\u00fccke<br \/>\n<\/strong>*181\/1<div class='content-column one_half'><div style=\"padding-right:6px;\"><p><strong>Datum snimanja \/ Erfassungsdatum<br \/>\n<\/strong>18.05.2016 15:35:40<\/p>\n<hr \/>\n<p><strong>Informacije<\/strong><\/p>\n<p>Na jugoisto\u010dnoj strani trga Sv. Ivana nalazi se ku\u0107a lvani\u0161evi\u0107-Drinkovi\u0107, nekada barokni ljetnikovac vlastelinske obitelji Ka\u010di\u0107-Dimitri. Odatle je makarski biskup Petar Ka\u010di\u0107 organizirao napade na Turke na obali i u zale\u0111u tijekom rata za Kandiju (1645. &#8211; 1669.).<\/p><\/div><\/div><div class='content-column one_half last_column'><div style=\"padding-right:0px;padding-left:6px;\"><p><strong>Stupanj za\u0161tite \/ Schutzstellung<br \/>\n<\/strong>&#8211;<\/p>\n<hr \/>\n<p><strong>Info<\/strong><\/p>\n<p>Auf der S\u00fcdostseite des Johannesplatzes steht das Herrenhaus der lvanisevic-Drinkovic, einst ein Barockbau der\u00a0 Adelsfamilie Ka\u010di\u0107-Dimitri. Von hier aus organisierte der Bischof von Makarska, Petar Ka\u010di\u0107 zur Zeit des Krieges von Kandija (1645-1669) die Angriffe gegen die T\u00fcrken an der K\u00fcste und im Hinterland.<\/p><\/div><\/div><div class='clear_column'><\/div><div class='content-column one_half'><div style=\"padding-right:6px;\"><p>Danas se u vrtu nalaze kameni stupovi odrine iz 19. st. Da je vrt stariji svjedo\u010di kamena staza obrubljena kamenim zidi\u0107ima na kojima se nalaze ti stupovi odrine, a to je zna\u010dajka dubrova\u010dkih renesansnih vrtova. Iz postrane ulice vode direktno u vrt vrata s kamenim dovratnicima ukra\u0161ena uklesanim glavama, \u0161to je zna\u010dajka baroka.<\/p><\/div><\/div><div class='content-column one_half last_column'><div style=\"padding-right:0px;padding-left:6px;\"><p>Heute finden sich im Garten Steins\u00e4ulen Gitter aus dem 19. Jh. Im Garten weisen alte Steinwege die von Steinw\u00e4nden eingefasst sind, wo diese S\u00e4ulen Gitter, Merkmale der Dubrovniker Renaissance-G\u00e4rten auf. Von der Seitengasse f\u00fchrt ein steinernes, mit geschnitzten K\u00f6pfen verziertes barockes Gartentor direkt in den Garten.<\/p><\/div><\/div><div class='clear_column'><\/div><\/p>\n<p style=\"text-align: right;\"><span style=\"color: #3366ff;\"><a style=\"color: #3366ff;\" href=\"#seite_oben\">natrag na vrh \/ Seitenanfang<\/a><\/span><\/p>\n<hr \/>\n<p><strong>Linkovi \/ Links<\/strong><\/p>\n<p>&#8211;<\/p>\n","protected":false},"excerpt":{"rendered":"<p>Ime \/ Name Ku\u0107a \/ Haus \u00bbKa\u010di\u0107-Dimitri (danas \/ heute Ivani\u0161evi\u0107-Drinkovi\u0107)\u00ab Code: JE-TG-04\u00a0 \u00a0 \u00a0 \u00a0 \u00a0 \u00a0 \u00a0 \u00a0 \u00a0 \u00a0 \u00a0 \u00a0 \u00a0 \u00a0 \u00a0 \u00a0 \u00a0 \u00a0 \u00a0 \u00a0\u00a0\u00a0 Adresa \/ Adresse Jelsa,\u00a0Dan\u010devi\u0107 \/ Kola Dominih Lokacija &hellip; <a href=\"https:\/\/www.topohvar.at\/topo\/orte\/je\/je-tg-04-1\/\">Weiterlesen <span class=\"meta-nav\">&rarr;<\/span><\/a><\/p>\n","protected":false},"author":1,"featured_media":0,"parent":85,"menu_order":0,"comment_status":"closed","ping_status":"closed","template":"","meta":{"footnotes":""},"class_list":["post-8861","page","type-page","status-publish","hentry"],"_links":{"self":[{"href":"https:\/\/www.topohvar.at\/topo\/wp-json\/wp\/v2\/pages\/8861","targetHints":{"allow":["GET"]}}],"collection":[{"href":"https:\/\/www.topohvar.at\/topo\/wp-json\/wp\/v2\/pages"}],"about":[{"href":"https:\/\/www.topohvar.at\/topo\/wp-json\/wp\/v2\/types\/page"}],"author":[{"embeddable":true,"href":"https:\/\/www.topohvar.at\/topo\/wp-json\/wp\/v2\/users\/1"}],"replies":[{"embeddable":true,"href":"https:\/\/www.topohvar.at\/topo\/wp-json\/wp\/v2\/comments?post=8861"}],"version-history":[{"count":13,"href":"https:\/\/www.topohvar.at\/topo\/wp-json\/wp\/v2\/pages\/8861\/revisions"}],"predecessor-version":[{"id":53232,"href":"https:\/\/www.topohvar.at\/topo\/wp-json\/wp\/v2\/pages\/8861\/revisions\/53232"}],"up":[{"embeddable":true,"href":"https:\/\/www.topohvar.at\/topo\/wp-json\/wp\/v2\/pages\/85"}],"wp:attachment":[{"href":"https:\/\/www.topohvar.at\/topo\/wp-json\/wp\/v2\/media?parent=8861"}],"curies":[{"name":"wp","href":"https:\/\/api.w.org\/{rel}","templated":true}]}}

JELSA &#8211; Kuća »Kačić-Dimitri (danas Ivanišević-Drinković)«

<p><a name="seite_oben"></a><br />
<img loading="lazy" decoding="async" class="alignnone wp-image-8618 size-large" src="https://www.topohvar.at/wp-content/uploads/2018/08/JE-TG-04-0-1024x503.jpg" alt="" width="640" height="314" srcset="https://www.topohvar.at/wp-content/uploads/2018/08/JE-TG-04-0-1024x503.jpg 1024w, https://www.topohvar.at/wp-content/uploads/2018/08/JE-TG-04-0-300x147.jpg 300w, https://www.topohvar.at/wp-content/uploads/2018/08/JE-TG-04-0-768x377.jpg 768w, https://www.topohvar.at/wp-content/uploads/2018/08/JE-TG-04-0.jpg 1080w" sizes="auto, (max-width: 640px) 100vw, 640px" /></p>
<p><strong>Ime / Name<br />
</strong>Kuća / Haus »Kačić-Dimitri (danas / heute Ivanišević-Drinković)«</p>
<p><strong>Code: </strong>JE-TG-04                                        <strong><a href="https://www.topohvar.at/orte/je/je-tg-09-1/"><img loading="lazy" decoding="async" class="alignnone wp-image-12300 size-full" src="https://www.topohvar.at/wp-content/uploads/2018/09/push-vor-30.jpg" alt="" width="61" height="30" /></a> <a href="https://www.topohvar.at/orte/je/je-tg-03-1/"><img loading="lazy" decoding="async" class="alignnone wp-image-533 size-full" src="https://www.topohvar.at/wp-content/uploads/2018/07/push-l-30.jpg" alt="" width="61" height="30" /></a> <a href="https://www.topohvar.at/orte/je/"><img loading="lazy" decoding="async" class="alignnone wp-image-535 size-full" src="https://www.topohvar.at/wp-content/uploads/2018/07/push-o-30.jpg" alt="" width="61" height="30" /></a> <a href="https://www.topohvar.at/orte/je/je-tg-06-1/"><img loading="lazy" decoding="async" class="alignnone wp-image-536 size-full" src="https://www.topohvar.at/wp-content/uploads/2018/07/push-r-30.jpg" alt="" width="61" height="30" /></a> <a href="https://www.topohvar.at/orte/je/je-tg-07-1/"><img loading="lazy" decoding="async" class="alignnone wp-image-12299 size-full" src="https://www.topohvar.at/wp-content/uploads/2018/09/push-next-30.jpg" alt="" width="61" height="30" /></a></strong></p>
<hr />
<p><strong>Adresa / Adresse<br />
</strong>Jelsa, Dančević / Kola Dominih</p>
<p><strong>Lokacija / Position<a href="https://goo.gl/maps/wjcDjFn92gBoEUU18"><img loading="lazy" decoding="async" class="alignright wp-image-9358" src="https://www.topohvar.at/wp-content/uploads/2018/09/1068.jpg" alt="" width="133" height="100" /></a><br />
</strong><span style="color: #3366ff;"><a style="color: #3366ff;" href="https://goo.gl/maps/wjcDjFn92gBoEUU18">Latitude: N 43,16112°   Longitude: E 16,69371° </a></span><strong><br />
</strong>Visina / Höhe: 2 m</p>
<p><strong>Katastarska čestica / Grundstücke<br />
</strong>*181/1<div class='content-column one_half'><div style="padding-right:6px;"><p><strong>Datum snimanja / Erfassungsdatum<br />
</strong>18.05.2016 15:35:40</p>
<hr />
<p><strong>Informacije</strong></p>
<p>Na jugoistočnoj strani trga Sv. Ivana nalazi se kuća lvanišević-Drinković, nekada barokni ljetnikovac vlastelinske obitelji Kačić-Dimitri. Odatle je makarski biskup Petar Kačić organizirao napade na Turke na obali i u zaleđu tijekom rata za Kandiju (1645. &#8211; 1669.).</p></div></div><div class='content-column one_half last_column'><div style="padding-right:0px;padding-left:6px;"><p><strong>Stupanj zaštite / Schutzstellung<br />
</strong>&#8211;</p>
<hr />
<p><strong>Info</strong></p>
<p>Auf der Südostseite des Johannesplatzes steht das Herrenhaus der lvanisevic-Drinkovic, einst ein Barockbau der  Adelsfamilie Kačić-Dimitri. Von hier aus organisierte der Bischof von Makarska, Petar Kačić zur Zeit des Krieges von Kandija (1645-1669) die Angriffe gegen die Türken an der Küste und im Hinterland.</p></div></div><div class='clear_column'></div><div class='content-column one_half'><div style="padding-right:6px;"><p>Danas se u vrtu nalaze kameni stupovi odrine iz 19. st. Da je vrt stariji svjedoči kamena staza obrubljena kamenim zidićima na kojima se nalaze ti stupovi odrine, a to je značajka dubrovačkih renesansnih vrtova. Iz postrane ulice vode direktno u vrt vrata s kamenim dovratnicima ukrašena uklesanim glavama, što je značajka baroka.</p></div></div><div class='content-column one_half last_column'><div style="padding-right:0px;padding-left:6px;"><p>Heute finden sich im Garten Steinsäulen Gitter aus dem 19. Jh. Im Garten weisen alte Steinwege die von Steinwänden eingefasst sind, wo diese Säulen Gitter, Merkmale der Dubrovniker Renaissance-Gärten auf. Von der Seitengasse führt ein steinernes, mit geschnitzten Köpfen verziertes barockes Gartentor direkt in den Garten.</p></div></div><div class='clear_column'></div></p>
<p style="text-align: right;"><span style="color: #3366ff;"><a style="color: #3366ff;" href="#seite_oben">natrag na vrh / Seitenanfang</a></span></p>
<hr />
<p><strong>Linkovi / Links</strong></p>
<p>&#8211;</p>

<p>Ime / Name Kuća / Haus »Kačić-Dimitri (danas / heute Ivanišević-Drinković)« Code: JE-TG-04                                          Adresa / Adresse Jelsa, Dančević / Kola Dominih Lokacija &hellip; <a href="https://www.topohvar.at/topo/orte/je/je-tg-04-1/">Weiterlesen <span class="meta-nav">&rarr;</span></a></p>
