{"id":8885,"date":"2018-08-31T09:06:08","date_gmt":"2018-08-31T07:06:08","guid":{"rendered":"https:\/\/www.topohvar.at\/?page_id=8885"},"modified":"2025-05-18T12:31:38","modified_gmt":"2025-05-18T10:31:38","slug":"je-tr-01-1","status":"publish","type":"page","link":"https:\/\/www.topohvar.at\/topo\/orte\/je\/je-tr-01-1\/","title":{"rendered":"JELSA &#8211; Trim \u00bbJE-TR-01\u00ab"},"content":{"rendered":"<p><a name=\"seite_oben\"><\/a><br \/>\n<strong><img loading=\"lazy\" decoding=\"async\" class=\"alignnone wp-image-8636 size-large\" src=\"https:\/\/www.topohvar.at\/wp-content\/uploads\/2018\/08\/je-tr-02-0-1024x503.jpg\" alt=\"\" width=\"640\" height=\"314\" srcset=\"https:\/\/www.topohvar.at\/wp-content\/uploads\/2018\/08\/je-tr-02-0-1024x503.jpg 1024w, https:\/\/www.topohvar.at\/wp-content\/uploads\/2018\/08\/je-tr-02-0-300x147.jpg 300w, https:\/\/www.topohvar.at\/wp-content\/uploads\/2018\/08\/je-tr-02-0-768x377.jpg 768w, https:\/\/www.topohvar.at\/wp-content\/uploads\/2018\/08\/je-tr-02-0.jpg 1080w\" sizes=\"auto, (max-width: 640px) 100vw, 640px\" \/><\/strong><\/p>\n<p><strong>Ime \/ Name<br \/>\n<\/strong>Trim \u00bbJE-TR-01\u00ab<\/p>\n<p><strong>Code: <\/strong>JE-TR-01\u00a0 \u00a0 \u00a0 \u00a0 \u00a0 \u00a0 \u00a0 \u00a0 \u00a0 \u00a0 \u00a0 \u00a0 \u00a0 \u00a0 \u00a0 \u00a0 \u00a0 \u00a0 \u00a0 \u00a0\u00a0<strong> <a href=\"https:\/\/www.topohvar.at\/topo\/orte\/je\/je-tr-00-1\/\"><img loading=\"lazy\" decoding=\"async\" class=\"alignnone wp-image-12300 size-full\" src=\"https:\/\/www.topohvar.at\/wp-content\/uploads\/2018\/09\/push-vor-30.jpg\" alt=\"\" width=\"61\" height=\"30\" \/><\/a> <a href=\"https:\/\/www.topohvar.at\/topo\/orte\/je\/je-tr-05-1\/\"><img loading=\"lazy\" decoding=\"async\" class=\"alignnone wp-image-533 size-full\" src=\"https:\/\/www.topohvar.at\/wp-content\/uploads\/2018\/07\/push-l-30.jpg\" alt=\"\" width=\"61\" height=\"30\" \/><\/a>\u00a0<a href=\"https:\/\/www.topohvar.at\/orte\/je\/\"><img loading=\"lazy\" decoding=\"async\" class=\"alignnone wp-image-535 size-full\" src=\"https:\/\/www.topohvar.at\/wp-content\/uploads\/2018\/07\/push-o-30.jpg\" alt=\"\" width=\"61\" height=\"30\" \/><\/a> <a href=\"https:\/\/www.topohvar.at\/topo\/orte\/je\/je-tr-02-1\/\"><img loading=\"lazy\" decoding=\"async\" class=\"alignnone wp-image-536 size-full\" src=\"https:\/\/www.topohvar.at\/wp-content\/uploads\/2018\/07\/push-r-30.jpg\" alt=\"\" width=\"61\" height=\"30\" \/><\/a><\/strong><\/p>\n<hr \/>\n<p><strong>Adresa \/ Adresse<br \/>\n<\/strong>Jelsa, iznad nove dr\u017eavne ceste DC-116 \/ oberhalb der neuen Hauptstra\u00dfe DC-116<\/p>\n<p><strong>Lokacija \/ Position<a href=\"https:\/\/goo.gl\/maps\/naxvMxvYRisSeHbg8\"><img loading=\"lazy\" decoding=\"async\" class=\"alignright wp-image-9392\" src=\"https:\/\/www.topohvar.at\/wp-content\/uploads\/2018\/09\/1065.jpg\" alt=\"\" width=\"133\" height=\"100\" \/><\/a><br \/>\n<\/strong><span style=\"color: #3366ff;\"><a style=\"color: #3366ff;\" href=\"https:\/\/goo.gl\/maps\/naxvMxvYRisSeHbg8\">Latitude: N 43,15331\u00b0\u00a0 \u00a0Longitude: E 16,70367\u00b0<\/a> <\/span><strong><br \/>\n<\/strong>Visina \/ H\u00f6he: 69 m<\/p>\n<p><strong>Katastarska \u010destica<\/strong><strong> \/ Grundst\u00fccke<br \/>\n<\/strong>2304?<div class='content-column one_half'><div style=\"padding-right:6px;\"><p><strong>Datum snimanja \/ Erfassungsdatum<br \/>\n<\/strong>13.05.2016 09:50:46<\/p>\n<hr \/>\n<p><strong>Informacije<\/strong><\/p>\n<p>Trim stoji na rubu \u0161ume visoko iznad nagipa nove dr\u017eavne ceste DC-116 na podru\u010dju op\u0107ine Jelsa. Dobro je o\u010duvan, ali se vi\u0161e ne koristi.<\/p><\/div><\/div><div class='content-column one_half last_column'><div style=\"padding-right:0px;padding-left:6px;\"><p><strong>Stupanj za\u0161tite<\/strong><strong> \/ Schutzstellung<br \/>\n<\/strong>&#8211;<\/p>\n<hr \/>\n<p><strong>Info<\/strong><\/p>\n<p>Der Trim steht am Waldrand hoch \u00fcber der B\u00f6schung der neuen Staatsstra\u00dfe DC-116 im Bereich der Gemeinde Jelsa. Er ist gut erhalten, wird aber nicht mehr genutzt.<\/p><\/div><\/div><div class='clear_column'><\/div><div class='content-column one_half'><div style=\"padding-right:6px;\"><div id=\"attachment_23353\" style=\"width: 310px\" class=\"wp-caption aligncenter\"><img loading=\"lazy\" decoding=\"async\" aria-describedby=\"caption-attachment-23353\" class=\"size-medium wp-image-23353\" src=\"https:\/\/www.topohvar.at\/wp-content\/uploads\/2019\/07\/je-tr-01-12-300x300.jpg\" alt=\"\" width=\"300\" height=\"300\" srcset=\"https:\/\/www.topohvar.at\/wp-content\/uploads\/2019\/07\/je-tr-01-12-300x300.jpg 300w, https:\/\/www.topohvar.at\/wp-content\/uploads\/2019\/07\/je-tr-01-12-150x150.jpg 150w, https:\/\/www.topohvar.at\/wp-content\/uploads\/2019\/07\/je-tr-01-12.jpg 450w\" sizes=\"auto, (max-width: 300px) 100vw, 300px\" \/><p id=\"caption-attachment-23353\" class=\"wp-caption-text\">Ulat \/ Eingang<\/p><\/div>\n<p>Dana 08.05.2019 trim je posje\u0107en i prona\u0111en je sljede\u0107i<\/p>\n<p>Lokacija: grmlje<br \/>\nPodzemlje: padina<br \/>\nSklop: kameni zid<br \/>\nUpotreba: ne koristi<br \/>\nStanje izgradnje: dobro sa\u010duvan<br \/>\nBroj prstenova trima: jedan prsten<br \/>\nDodatni kameni prsten: nema kamenog prstena<br \/>\nStepeni\u0161te: nema stepenica<br \/>\nOblik kamena: uglast<br \/>\nPodru\u010dje ispred ulaza: lako dostupni<br \/>\nVrata na stranicu: SI (50\u00b0)<br \/>\nPromjer trima (cm): 340<br \/>\nVisina trima (cm): 250<br \/>\nVisina prstena (cm): 160<br \/>\nDebljina zida (cm): 65<br \/>\n\u0160irina vrata (cm): 65<br \/>\nVisina vrata (cm): 85<br \/>\n\u0160irina unutra (cm): 150 &#8211; 210<br \/>\nVisina unutra (cm): 190<br \/>\nVolumen iznutra (m3): 3,09<br \/>\nNema ni\u0161e<\/p><\/div><\/div><div class='content-column one_half last_column'><div style=\"padding-right:0px;padding-left:6px;\"><div id=\"attachment_23354\" style=\"width: 310px\" class=\"wp-caption aligncenter\"><img loading=\"lazy\" decoding=\"async\" aria-describedby=\"caption-attachment-23354\" class=\"size-medium wp-image-23354\" src=\"https:\/\/www.topohvar.at\/wp-content\/uploads\/2019\/07\/je-tr-01-14-300x300.jpg\" alt=\"\" width=\"300\" height=\"300\" srcset=\"https:\/\/www.topohvar.at\/wp-content\/uploads\/2019\/07\/je-tr-01-14-300x300.jpg 300w, https:\/\/www.topohvar.at\/wp-content\/uploads\/2019\/07\/je-tr-01-14-150x150.jpg 150w, https:\/\/www.topohvar.at\/wp-content\/uploads\/2019\/07\/je-tr-01-14.jpg 450w\" sizes=\"auto, (max-width: 300px) 100vw, 300px\" \/><p id=\"caption-attachment-23354\" class=\"wp-caption-text\">Pogled dolje na cestu \/ Blick hinunter zur Stra\u00dfe<\/p><\/div>\n<p>Am 08.05.2019 wurde der Trim besucht und untersucht<\/p>\n<p>Standort: Buschwerk<br \/>\nUntergrund: Hanglage<br \/>\nVerbunden mit: Steinmauer<br \/>\nNutzung: ungenutzt<br \/>\nZustand: gut erhalten<br \/>\nRinge\/Stufen des Trim: einstufig<br \/>\nZus\u00e4tzlicher Steinring: kein Steinring<br \/>\nStiege: keine Stufen<br \/>\nSteinform: kantig<br \/>\nEingangsbereich: frei<br \/>\nEingangsseite: NO (50\u00b0)<br \/>\nTrimdurchmesser (cm): 340<br \/>\nTrimh\u00f6he (cm): 250<br \/>\nStufen\/Ringh\u00f6he (cm): 160<br \/>\nWandst\u00e4rke: 65<br \/>\nT\u00fcrbreite (cm): 65<br \/>\nT\u00fcrh\u00f6he (cm): 85<br \/>\nInnenraumbreite (cm): 150 &#8211; 210<br \/>\nInnenraumh\u00f6he (cm): 190<br \/>\nRaumvolumen (m3): 3,09<br \/>\nKeine Nische<\/p><\/div><\/div><div class='clear_column'><\/div><\/p>\n<p style=\"text-align: right;\"><span style=\"color: #3366ff;\"><a style=\"color: #3366ff;\" href=\"#seite_oben\">natrag na vrh \/ Seitenanfang<\/a><\/span><\/p>\n<p><img loading=\"lazy\" decoding=\"async\" class=\"aligncenter size-full wp-image-23355\" src=\"https:\/\/www.topohvar.at\/wp-content\/uploads\/2019\/07\/je-tr-01-sca.jpg\" alt=\"\" width=\"640\" height=\"974\" srcset=\"https:\/\/www.topohvar.at\/wp-content\/uploads\/2019\/07\/je-tr-01-sca.jpg 640w, https:\/\/www.topohvar.at\/wp-content\/uploads\/2019\/07\/je-tr-01-sca-197x300.jpg 197w\" sizes=\"auto, (max-width: 640px) 100vw, 640px\" \/><\/p>\n<hr \/>\n<p><strong>Linkovi \/ Links<\/strong><\/p>\n<p>&#8211;<\/p>\n","protected":false},"excerpt":{"rendered":"<p>Ime \/ Name Trim \u00bbJE-TR-01\u00ab Code: JE-TR-01\u00a0 \u00a0 \u00a0 \u00a0 \u00a0 \u00a0 \u00a0 \u00a0 \u00a0 \u00a0 \u00a0 \u00a0 \u00a0 \u00a0 \u00a0 \u00a0 \u00a0 \u00a0 \u00a0 \u00a0\u00a0 \u00a0 Adresa \/ Adresse Jelsa, iznad nove dr\u017eavne ceste DC-116 \/ oberhalb der neuen &hellip; <a href=\"https:\/\/www.topohvar.at\/topo\/orte\/je\/je-tr-01-1\/\">Weiterlesen <span class=\"meta-nav\">&rarr;<\/span><\/a><\/p>\n","protected":false},"author":1,"featured_media":0,"parent":85,"menu_order":0,"comment_status":"closed","ping_status":"closed","template":"","meta":{"footnotes":""},"class_list":["post-8885","page","type-page","status-publish","hentry"],"_links":{"self":[{"href":"https:\/\/www.topohvar.at\/topo\/wp-json\/wp\/v2\/pages\/8885","targetHints":{"allow":["GET"]}}],"collection":[{"href":"https:\/\/www.topohvar.at\/topo\/wp-json\/wp\/v2\/pages"}],"about":[{"href":"https:\/\/www.topohvar.at\/topo\/wp-json\/wp\/v2\/types\/page"}],"author":[{"embeddable":true,"href":"https:\/\/www.topohvar.at\/topo\/wp-json\/wp\/v2\/users\/1"}],"replies":[{"embeddable":true,"href":"https:\/\/www.topohvar.at\/topo\/wp-json\/wp\/v2\/comments?post=8885"}],"version-history":[{"count":13,"href":"https:\/\/www.topohvar.at\/topo\/wp-json\/wp\/v2\/pages\/8885\/revisions"}],"predecessor-version":[{"id":71900,"href":"https:\/\/www.topohvar.at\/topo\/wp-json\/wp\/v2\/pages\/8885\/revisions\/71900"}],"up":[{"embeddable":true,"href":"https:\/\/www.topohvar.at\/topo\/wp-json\/wp\/v2\/pages\/85"}],"wp:attachment":[{"href":"https:\/\/www.topohvar.at\/topo\/wp-json\/wp\/v2\/media?parent=8885"}],"curies":[{"name":"wp","href":"https:\/\/api.w.org\/{rel}","templated":true}]}}

<p><a name="seite_oben"></a><br />
<strong><img loading="lazy" decoding="async" class="alignnone wp-image-8636 size-large" src="https://www.topohvar.at/wp-content/uploads/2018/08/je-tr-02-0-1024x503.jpg" alt="" width="640" height="314" srcset="https://www.topohvar.at/wp-content/uploads/2018/08/je-tr-02-0-1024x503.jpg 1024w, https://www.topohvar.at/wp-content/uploads/2018/08/je-tr-02-0-300x147.jpg 300w, https://www.topohvar.at/wp-content/uploads/2018/08/je-tr-02-0-768x377.jpg 768w, https://www.topohvar.at/wp-content/uploads/2018/08/je-tr-02-0.jpg 1080w" sizes="auto, (max-width: 640px) 100vw, 640px" /></strong></p>
<p><strong>Ime / Name<br />
</strong>Trim »JE-TR-01«</p>
<p><strong>Code: </strong>JE-TR-01                                        <strong> <a href="https://www.topohvar.at/topo/orte/je/je-tr-00-1/"><img loading="lazy" decoding="async" class="alignnone wp-image-12300 size-full" src="https://www.topohvar.at/wp-content/uploads/2018/09/push-vor-30.jpg" alt="" width="61" height="30" /></a> <a href="https://www.topohvar.at/topo/orte/je/je-tr-05-1/"><img loading="lazy" decoding="async" class="alignnone wp-image-533 size-full" src="https://www.topohvar.at/wp-content/uploads/2018/07/push-l-30.jpg" alt="" width="61" height="30" /></a> <a href="https://www.topohvar.at/orte/je/"><img loading="lazy" decoding="async" class="alignnone wp-image-535 size-full" src="https://www.topohvar.at/wp-content/uploads/2018/07/push-o-30.jpg" alt="" width="61" height="30" /></a> <a href="https://www.topohvar.at/topo/orte/je/je-tr-02-1/"><img loading="lazy" decoding="async" class="alignnone wp-image-536 size-full" src="https://www.topohvar.at/wp-content/uploads/2018/07/push-r-30.jpg" alt="" width="61" height="30" /></a></strong></p>
<hr />
<p><strong>Adresa / Adresse<br />
</strong>Jelsa, iznad nove državne ceste DC-116 / oberhalb der neuen Hauptstraße DC-116</p>
<p><strong>Lokacija / Position<a href="https://goo.gl/maps/naxvMxvYRisSeHbg8"><img loading="lazy" decoding="async" class="alignright wp-image-9392" src="https://www.topohvar.at/wp-content/uploads/2018/09/1065.jpg" alt="" width="133" height="100" /></a><br />
</strong><span style="color: #3366ff;"><a style="color: #3366ff;" href="https://goo.gl/maps/naxvMxvYRisSeHbg8">Latitude: N 43,15331°   Longitude: E 16,70367°</a> </span><strong><br />
</strong>Visina / Höhe: 69 m</p>
<p><strong>Katastarska čestica</strong><strong> / Grundstücke<br />
</strong>2304?<div class='content-column one_half'><div style="padding-right:6px;"><p><strong>Datum snimanja / Erfassungsdatum<br />
</strong>13.05.2016 09:50:46</p>
<hr />
<p><strong>Informacije</strong></p>
<p>Trim stoji na rubu šume visoko iznad nagipa nove državne ceste DC-116 na području općine Jelsa. Dobro je očuvan, ali se više ne koristi.</p></div></div><div class='content-column one_half last_column'><div style="padding-right:0px;padding-left:6px;"><p><strong>Stupanj zaštite</strong><strong> / Schutzstellung<br />
</strong>&#8211;</p>
<hr />
<p><strong>Info</strong></p>
<p>Der Trim steht am Waldrand hoch über der Böschung der neuen Staatsstraße DC-116 im Bereich der Gemeinde Jelsa. Er ist gut erhalten, wird aber nicht mehr genutzt.</p></div></div><div class='clear_column'></div><div class='content-column one_half'><div style="padding-right:6px;"><div id="attachment_23353" style="width: 310px" class="wp-caption aligncenter"><img loading="lazy" decoding="async" aria-describedby="caption-attachment-23353" class="size-medium wp-image-23353" src="https://www.topohvar.at/wp-content/uploads/2019/07/je-tr-01-12-300x300.jpg" alt="" width="300" height="300" srcset="https://www.topohvar.at/wp-content/uploads/2019/07/je-tr-01-12-300x300.jpg 300w, https://www.topohvar.at/wp-content/uploads/2019/07/je-tr-01-12-150x150.jpg 150w, https://www.topohvar.at/wp-content/uploads/2019/07/je-tr-01-12.jpg 450w" sizes="auto, (max-width: 300px) 100vw, 300px" /><p id="caption-attachment-23353" class="wp-caption-text">Ulat / Eingang</p></div>
<p>Dana 08.05.2019 trim je posjećen i pronađen je sljedeći</p>
<p>Lokacija: grmlje<br />
Podzemlje: padina<br />
Sklop: kameni zid<br />
Upotreba: ne koristi<br />
Stanje izgradnje: dobro sačuvan<br />
Broj prstenova trima: jedan prsten<br />
Dodatni kameni prsten: nema kamenog prstena<br />
Stepenište: nema stepenica<br />
Oblik kamena: uglast<br />
Područje ispred ulaza: lako dostupni<br />
Vrata na stranicu: SI (50°)<br />
Promjer trima (cm): 340<br />
Visina trima (cm): 250<br />
Visina prstena (cm): 160<br />
Debljina zida (cm): 65<br />
Širina vrata (cm): 65<br />
Visina vrata (cm): 85<br />
Širina unutra (cm): 150 &#8211; 210<br />
Visina unutra (cm): 190<br />
Volumen iznutra (m3): 3,09<br />
Nema niše</p></div></div><div class='content-column one_half last_column'><div style="padding-right:0px;padding-left:6px;"><div id="attachment_23354" style="width: 310px" class="wp-caption aligncenter"><img loading="lazy" decoding="async" aria-describedby="caption-attachment-23354" class="size-medium wp-image-23354" src="https://www.topohvar.at/wp-content/uploads/2019/07/je-tr-01-14-300x300.jpg" alt="" width="300" height="300" srcset="https://www.topohvar.at/wp-content/uploads/2019/07/je-tr-01-14-300x300.jpg 300w, https://www.topohvar.at/wp-content/uploads/2019/07/je-tr-01-14-150x150.jpg 150w, https://www.topohvar.at/wp-content/uploads/2019/07/je-tr-01-14.jpg 450w" sizes="auto, (max-width: 300px) 100vw, 300px" /><p id="caption-attachment-23354" class="wp-caption-text">Pogled dolje na cestu / Blick hinunter zur Straße</p></div>
<p>Am 08.05.2019 wurde der Trim besucht und untersucht</p>
<p>Standort: Buschwerk<br />
Untergrund: Hanglage<br />
Verbunden mit: Steinmauer<br />
Nutzung: ungenutzt<br />
Zustand: gut erhalten<br />
Ringe/Stufen des Trim: einstufig<br />
Zusätzlicher Steinring: kein Steinring<br />
Stiege: keine Stufen<br />
Steinform: kantig<br />
Eingangsbereich: frei<br />
Eingangsseite: NO (50°)<br />
Trimdurchmesser (cm): 340<br />
Trimhöhe (cm): 250<br />
Stufen/Ringhöhe (cm): 160<br />
Wandstärke: 65<br />
Türbreite (cm): 65<br />
Türhöhe (cm): 85<br />
Innenraumbreite (cm): 150 &#8211; 210<br />
Innenraumhöhe (cm): 190<br />
Raumvolumen (m3): 3,09<br />
Keine Nische</p></div></div><div class='clear_column'></div></p>
<p style="text-align: right;"><span style="color: #3366ff;"><a style="color: #3366ff;" href="#seite_oben">natrag na vrh / Seitenanfang</a></span></p>
<p><img loading="lazy" decoding="async" class="aligncenter size-full wp-image-23355" src="https://www.topohvar.at/wp-content/uploads/2019/07/je-tr-01-sca.jpg" alt="" width="640" height="974" srcset="https://www.topohvar.at/wp-content/uploads/2019/07/je-tr-01-sca.jpg 640w, https://www.topohvar.at/wp-content/uploads/2019/07/je-tr-01-sca-197x300.jpg 197w" sizes="auto, (max-width: 640px) 100vw, 640px" /></p>
<hr />
<p><strong>Linkovi / Links</strong></p>
<p>&#8211;</p>

<p>Ime / Name Trim »JE-TR-01« Code: JE-TR-01                                           Adresa / Adresse Jelsa, iznad nove državne ceste DC-116 / oberhalb der neuen &hellip; <a href="https://www.topohvar.at/topo/orte/je/je-tr-01-1/">Weiterlesen <span class="meta-nav">&rarr;</span></a></p>
