{"id":8887,"date":"2018-08-31T09:08:01","date_gmt":"2018-08-31T07:08:01","guid":{"rendered":"https:\/\/www.topohvar.at\/?page_id=8887"},"modified":"2021-12-01T13:04:47","modified_gmt":"2021-12-01T12:04:47","slug":"je-td-01-1","status":"publish","type":"page","link":"https:\/\/www.topohvar.at\/topo\/orte\/je\/je-td-01-1\/","title":{"rendered":"JELSA &#8211; Crkva trv\u0111ana \u00bbSv. Marije Uznesenja\u00ab"},"content":{"rendered":"<p><a name=\"seite_oben\"><\/a><br \/>\n<strong><img loading=\"lazy\" decoding=\"async\" class=\"alignnone wp-image-47687 size-full\" src=\"https:\/\/www.topohvar.at\/wp-content\/uploads\/2021\/04\/je-td-01-11.jpg\" alt=\"\" width=\"640\" height=\"314\" srcset=\"https:\/\/www.topohvar.at\/wp-content\/uploads\/2021\/04\/je-td-01-11.jpg 640w, https:\/\/www.topohvar.at\/wp-content\/uploads\/2021\/04\/je-td-01-11-300x147.jpg 300w\" sizes=\"auto, (max-width: 640px) 100vw, 640px\" \/><\/strong><\/p>\n<p><strong>Ime \/ Name<br \/>\n<\/strong>Crkva trv\u0111ana \u00bbSv. Marije Uznesenja\u00ab \/ Wehrkirche Maria Himmelfahrt<\/p>\n<p><strong>Code: <\/strong>JE-TD-01\u00a0 \u00a0 \u00a0 \u00a0 \u00a0 \u00a0 \u00a0 \u00a0 \u00a0 \u00a0 \u00a0 \u00a0 \u00a0 \u00a0 \u00a0 \u00a0 \u00a0 \u00a0 \u00a0 \u00a0 \u00a0 \u00a0 \u00a0<strong>\u00a0<a href=\"https:\/\/www.topohvar.at\/orte\/je\/\"><img loading=\"lazy\" decoding=\"async\" class=\"alignnone wp-image-535 size-full\" src=\"https:\/\/www.topohvar.at\/wp-content\/uploads\/2018\/07\/push-o-30.jpg\" alt=\"\" width=\"61\" height=\"30\" \/><\/a>\u00a0<\/strong><\/p>\n<hr \/>\n<p><strong>Adresa \/ Adresse<br \/>\n<\/strong>Jelsa,\u00a0Trg kri\u017eono\u0161e<\/p>\n<p><strong>Lokacija \/ Position<a href=\"https:\/\/goo.gl\/maps\/pSc3FF4Q54qwd9pj7\"><img loading=\"lazy\" decoding=\"async\" class=\"alignright wp-image-8925\" src=\"https:\/\/www.topohvar.at\/wp-content\/uploads\/2018\/08\/0391.jpg\" alt=\"\" width=\"133\" height=\"100\" \/><\/a><br \/>\n<\/strong><span style=\"color: #3366ff;\"><a style=\"color: #3366ff;\" href=\"https:\/\/goo.gl\/maps\/pSc3FF4Q54qwd9pj7\">Latitude: N 43,16069\u00b0\u00a0 \u00a0Longitude: E 16,69256\u00b0<\/a> <\/span><strong><br \/>\n<\/strong>Visina \/ H\u00f6he: 6 m<\/p>\n<p><strong>Katastarska \u010destica <\/strong><strong>\/ Grundst\u00fccke<br \/>\n<\/strong>*202, (*199, *200, *201, *211)<div class='content-column one_half'><div style=\"padding-right:6px;\"><p><strong>Datum snimanja \/ Erfassungsdatum<br \/>\n<\/strong>19.05.2013 13:20:51<\/p>\n<hr \/>\n<p><strong>Informacije<\/strong><\/p>\n<p>Zbog turske opasnosti ova je crkva fortificirana 1535. g. Crkva-tvr\u00f1ava je poja\u010dana obzidom 1573. g. i obrambeni zid. Fortifikacija je napravljena prema Mleta\u010dkim propisima i spada u takozvani \u201eeuropski\u201c tip tvr\u0111ava.<\/p><\/div><\/div><div class='content-column one_half last_column'><div style=\"padding-right:0px;padding-left:6px;\"><p><strong>Stupanj za\u0161tite<\/strong><strong> \/ Schutzstellung<br \/>\n<\/strong>Z-5600<\/p>\n<hr \/>\n<p><strong>Info<\/strong><\/p>\n<p>Aufgrund der t\u00fcrkischen Bedrohung wird die Kirche im Jahr 1535 befestigt.\u00a0Die Wehrkirche wird 1573 weiter verst\u00e4rkt und mit einer Wehrmauer umgeben. Die Befestigungsanlagen wurden nach den \u201eVenezianischen Vorschriften\u201c ausgef\u00fchrt und dadurch zur so genannten \u201eeurop\u00e4ischen Festungsart\u201c.<\/p><\/div><\/div><div class='clear_column'><\/div><div class='content-column one_half'><div style=\"padding-right:6px;\"><p>Bastion jugoisto\u010dno od kule je jedan od najstarijih primjera vaubanovskih fortifikacija u Dalmaciji. (Vauban je bio francuska tvr\u0111ava i in\u017eenjer opsade).<\/p><\/div><\/div><div class='content-column one_half last_column'><div style=\"padding-right:0px;padding-left:6px;\"><p>Die Bastion s\u00fcd\u00f6stlich des Turms ist eines der \u00e4ltesten Beispiele einer Vauban-Festung in Dalmatien (Vauban war ein franz\u00f6sischer Festungs-, und Belagerungsingenieur).<\/p><\/div><\/div><div class='clear_column'><\/div><div class='content-column one_half'><div style=\"padding-right:6px;\"><p>Tlocrt \u017eupne crkve se sastoji od sredi\u0161njeg broda, utvr\u00f1ene, \u010detverekutne apside-kule, sperun-bastion, vrtni zid-obrambeni, kapele iz 17. st.<\/p><\/div><\/div><div class='content-column one_half last_column'><div style=\"padding-right:0px;padding-left:6px;\"><p>Der Grundriss der Pfarrkirche besteht aus einem zentralen Schiff, befestigte, viereckige Apsident\u00fcrme, Sperrbastion, Garten-Verteidigungsmauer und Kapelle aus dem 17. Jh.<\/p><\/div><\/div><div class='clear_column'><\/div><div class='content-column one_half'><div style=\"padding-right:6px;\"><p>Budu\u0107i da je fortifikaciju i pro\u0161irenje crkve napravila bratov\u0161tina Sv. Fabijana i Sebastijana, crkva je po njoj dobila i ime koje je nosila sve do 2000. godine, a tada vra\u0107a svoj stari naziv \u2013 Crkva uznesenja Marijina.<\/p><\/div><\/div><div class='content-column one_half last_column'><div style=\"padding-right:0px;padding-left:6px;\"><p>Die Befestigung und Erweiterung der Kirche erfolgte durch die Bruderschaft der Heiligen Fabian und Sebastian. Die Kirche trug auch bis zum Jahr 2000 deren Namen. Erst danach erhielt sie wieder in ihrem alten Namen &#8211; Kirche Mari\u00e4 Himmelfahrt.<\/p><\/div><\/div><div class='clear_column'><\/div><\/p>\n<p style=\"text-align: right;\"><span style=\"color: #3366ff;\"><a style=\"color: #3366ff;\" href=\"#seite_oben\">natrag na vrh \/ Seitenanfang<\/a><\/span><\/p>\n<hr \/>\n<p><strong>Linkovi \/ Links<\/strong><\/p>\n<p><span style=\"color: #3366ff;\"><a style=\"color: #3366ff;\" href=\"https:\/\/www.topohvar.at\/orte\/je\/je-ci-01-1\/\">\u017dupna crkva \u00bbSv. Marije Uznesenja\u00ab trv\u0111ana \/ Pfarrkirche Maria Himmelfahrt<\/a><\/span><\/p>\n","protected":false},"excerpt":{"rendered":"<p>Ime \/ Name Crkva trv\u0111ana \u00bbSv. Marije Uznesenja\u00ab \/ Wehrkirche Maria Himmelfahrt Code: JE-TD-01\u00a0 \u00a0 \u00a0 \u00a0 \u00a0 \u00a0 \u00a0 \u00a0 \u00a0 \u00a0 \u00a0 \u00a0 \u00a0 \u00a0 \u00a0 \u00a0 \u00a0 \u00a0 \u00a0 \u00a0 \u00a0 \u00a0 \u00a0\u00a0\u00a0 Adresa \/ Adresse Jelsa,\u00a0Trg &hellip; <a href=\"https:\/\/www.topohvar.at\/topo\/orte\/je\/je-td-01-1\/\">Weiterlesen <span class=\"meta-nav\">&rarr;<\/span><\/a><\/p>\n","protected":false},"author":1,"featured_media":0,"parent":85,"menu_order":0,"comment_status":"closed","ping_status":"closed","template":"","meta":{"footnotes":""},"class_list":["post-8887","page","type-page","status-publish","hentry"],"_links":{"self":[{"href":"https:\/\/www.topohvar.at\/topo\/wp-json\/wp\/v2\/pages\/8887","targetHints":{"allow":["GET"]}}],"collection":[{"href":"https:\/\/www.topohvar.at\/topo\/wp-json\/wp\/v2\/pages"}],"about":[{"href":"https:\/\/www.topohvar.at\/topo\/wp-json\/wp\/v2\/types\/page"}],"author":[{"embeddable":true,"href":"https:\/\/www.topohvar.at\/topo\/wp-json\/wp\/v2\/users\/1"}],"replies":[{"embeddable":true,"href":"https:\/\/www.topohvar.at\/topo\/wp-json\/wp\/v2\/comments?post=8887"}],"version-history":[{"count":15,"href":"https:\/\/www.topohvar.at\/topo\/wp-json\/wp\/v2\/pages\/8887\/revisions"}],"predecessor-version":[{"id":54062,"href":"https:\/\/www.topohvar.at\/topo\/wp-json\/wp\/v2\/pages\/8887\/revisions\/54062"}],"up":[{"embeddable":true,"href":"https:\/\/www.topohvar.at\/topo\/wp-json\/wp\/v2\/pages\/85"}],"wp:attachment":[{"href":"https:\/\/www.topohvar.at\/topo\/wp-json\/wp\/v2\/media?parent=8887"}],"curies":[{"name":"wp","href":"https:\/\/api.w.org\/{rel}","templated":true}]}}