{"id":9516,"date":"2018-09-03T13:55:38","date_gmt":"2018-09-03T11:55:38","guid":{"rendered":"https:\/\/www.topohvar.at\/?page_id=9516"},"modified":"2022-01-15T17:23:52","modified_gmt":"2022-01-15T16:23:52","slug":"gm-aa-00-1","status":"publish","type":"page","link":"https:\/\/www.topohvar.at\/topo\/orte\/gm\/gm-aa-00-1\/","title":{"rendered":"MALO GRABLJE &#8211; Ruralna cjelina \u00bbMalo Grablje\u00ab"},"content":{"rendered":"<p><a name=\"seite_oben\"><\/a><br \/>\n<img loading=\"lazy\" decoding=\"async\" class=\"aligncenter wp-image-37484 size-full\" src=\"https:\/\/www.topohvar.at\/wp-content\/uploads\/2020\/05\/gm-aa-00-7.jpg\" alt=\"\" width=\"1080\" height=\"530\" srcset=\"https:\/\/www.topohvar.at\/wp-content\/uploads\/2020\/05\/gm-aa-00-7.jpg 1080w, https:\/\/www.topohvar.at\/wp-content\/uploads\/2020\/05\/gm-aa-00-7-300x147.jpg 300w, https:\/\/www.topohvar.at\/wp-content\/uploads\/2020\/05\/gm-aa-00-7-1024x503.jpg 1024w, https:\/\/www.topohvar.at\/wp-content\/uploads\/2020\/05\/gm-aa-00-7-768x377.jpg 768w\" sizes=\"auto, (max-width: 1080px) 100vw, 1080px\" \/><\/p>\n<p><strong>Ime \/ Name<br \/>\n<\/strong>Ruralna cjelina \/ d\u00f6rflich- l\u00e4ndliche Einheit\u00a0\u00bbMalo Grablje\u00ab<\/p>\n<p><strong>Code: <\/strong>GM-AA-00\u00a0 \u00a0 \u00a0 \u00a0 \u00a0 \u00a0 \u00a0 \u00a0<strong>\u00a0 \u00a0 \u00a0 \u00a0 \u00a0 \u00a0 \u00a0 \u00a0 \u00a0 \u00a0\u00a0 \u00a0 \u00a0 \u00a0<a href=\"https:\/\/www.topohvar.at\/orte\/gm\/\"><img loading=\"lazy\" decoding=\"async\" class=\"alignnone wp-image-535 size-full\" src=\"https:\/\/www.topohvar.at\/wp-content\/uploads\/2018\/07\/push-o-30.jpg\" alt=\"\" width=\"61\" height=\"30\" \/><\/a> <a href=\"https:\/\/www.topohvar.at\/topo\/orte\/gm\/gm-ai-01-1\/\"><img loading=\"lazy\" decoding=\"async\" class=\"alignnone wp-image-536 size-full\" src=\"https:\/\/www.topohvar.at\/wp-content\/uploads\/2018\/07\/push-r-30.jpg\" alt=\"\" width=\"61\" height=\"30\" \/><\/a><\/strong><\/p>\n<hr \/>\n<p><strong>Adresa \/ Adresse<br \/>\n<\/strong>Malo Grablje<\/p>\n<p><strong>Lokacija \/ Position<a href=\"https:\/\/goo.gl\/maps\/Ta5tUXM44PrJgcn88\"><img loading=\"lazy\" decoding=\"async\" class=\"alignright wp-image-9545\" src=\"https:\/\/www.topohvar.at\/wp-content\/uploads\/2018\/09\/1177.jpg\" alt=\"\" width=\"134\" height=\"100\" \/><\/a><br \/>\n<\/strong><span style=\"color: #3366ff;\"><a style=\"color: #3366ff;\" href=\"https:\/\/goo.gl\/maps\/Ta5tUXM44PrJgcn88\">Latitude: N 43,16800\u00b0\u00a0 \u00a0 Longitude: E 16,50300\u00b0\u00a0<\/a><\/span><strong><br \/>\n<\/strong>Visina \/ H\u00f6he: 130 m<\/p>\n<p><strong>Katastarska \u010destica <\/strong><strong>\/ Grundst\u00fccke<br \/>\n<\/strong><\/p>\n<p>Ruralna cjelina: 640\/11, 640\/18, 640\/16, 640\/15, 640\/13, *398, 650\/6, *399, 640\/20, *392, *7, *352, *9, *11, *400, 640\/17, *19, 640\/19, 640\/21, 641\/1, 641\/7, *359, *358, 641\/3, 641\/4, 641\/5, 641\/6, 641\/8, *404, *23, *401, *402, *403, 641\/2, *5\/1, *5\/2, *6, *4, 640\/12, 640\/14, *8\/1, *8\/2, *12, *13\/1, *13\/2, *13\/3, *17\/3, *15\/3, *15\/2, *14, *15\/1, *16\/1, *16\/2, *17\/1, *18\/1, *17\/2, *20, *18\/2, *25\/3, *25\/2, *24\/1, . *24\/2, *22, *21, *25\/1, 602\/2, 602\/1, 606\/1, 606\/2, 599, 598\/2, 598\/1, *26, *427, 580\/3, 580\/2, 580\/1, *426, 597, 579, 578, 577, 576\/3, 576\/2, 576\/1, 576\/4, 581, 582, 583, 584, 574, 573, 572, 571\/1, 572\/2, 567, 640\/10, 566, *391, *10, 588, 587, 586, 585, 591, 592, 593\/1, 593\/3, 594\/1, 594\/2, 594\/3, 593\/2, 594\/4, 594\/6, 594\/5, 594\/7, 623\/1, 623\/2, 622, 620, 621, 619, 616\/1, 616\/2, 616\/3, 616\/4, 616\/6, 616\/5, 616\/7, 616\/8, 614\/1,. 614\/2, 612, 613, *417, *416, 615\/1, 615\/2, 627\/1, 627\/2, 626, 625, 624, 7967, 7953, 595, 596, 607, 608, 609, 610, 604, 605, 603, *28, *27, *29\/1, *29\/2, *29\/3, *30, *420, 504\/3, *418, *419, *421, 504\/1, 504\/2, 504\/4, 504\/3, 504\/6, 504\/7, 504\/8, 504\/9, 505\/1, 505\/2, *425, *424, *422, 510, *423, 507, 506, 515, 514, 516, k.zem. 517, 518\/1, 518\/2, 558\/1, 558\/2, *390, 557\/1, 557\/2, 540, *389\/2, 560, *389\/1, 542, 539\/2, 539\/1, 538\/2, *31, *1\/2, *1\/1, *394, *393, *395, 541, *388, 549, 550\/1, 550\/2, 550\/3, 550\/4, 550\/5, 554, 548, 547, 552, 553\/1, 553\/2, *377, 546\/2, 546\/1, 545, 544, 537, 538\/1, 536, 535\/3, 535\/2, 535\/1, 518\/3, 519, 521, 523, 524, 525, 527, 528\/1, 528\/2, 528\/3, 529\/6, 529\/3, 529\/4, 529\/1, 529\/2, 529\/3, 533, 534, 532, 531, 644\/15, 644\/13, 644\/14, 644\/12, 644\/31, 644\/9, 644\/11, 644\/8, 644\/6, 644\/7, 644\/2, 644\/3, 644\/33, 650\/5, 650\/6, dio puta \/ Teil des Weges 7954\/2.<\/p>\n<p><img loading=\"lazy\" decoding=\"async\" class=\"aligncenter size-medium wp-image-37483\" src=\"https:\/\/www.topohvar.at\/wp-content\/uploads\/2020\/05\/gm-tg-00-1-283x300.jpg\" alt=\"\" width=\"283\" height=\"300\" srcset=\"https:\/\/www.topohvar.at\/wp-content\/uploads\/2020\/05\/gm-tg-00-1-283x300.jpg 283w, https:\/\/www.topohvar.at\/wp-content\/uploads\/2020\/05\/gm-tg-00-1.jpg 461w\" sizes=\"auto, (max-width: 283px) 100vw, 283px\" \/><\/p>\n<div class='content-column one_half'><div style=\"padding-right:6px;\"><p><strong>Datum snimanja \/ Erfassungsdatum<br \/>\n<\/strong>26.09.2016 14:17:34<\/p>\n<hr \/>\n<p><strong>Informacije<\/strong><\/p>\n<p>Malo Grablje se prvi put spominje u ispravama iz 1539. godine.<\/p><\/div><\/div><div class='content-column one_half last_column'><div style=\"padding-right:0px;padding-left:6px;\"><p><strong>Stupanj za\u0161tite<\/strong><strong> \/ Schutzstellung<br \/>\n<\/strong>Z-4478<\/p>\n<hr \/>\n<p><strong>Info<\/strong><\/p>\n<p>Malo Grablje wurde zum ersten Mal in Dokumenten aus dem Jahr 1539 erw\u00e4hnt.<\/p><\/div><\/div><div class='clear_column'><\/div><div class='content-column one_half'><div style=\"padding-right:6px;\"><p>Pretpostavlja se da je u po\u010detku Malo Grablje bilo ispasi\u0161te stoke i sastojalo se od pastirskih stanova. Kasnije se Malo Grablje razvija u zasebno naselje pa se tako 21. rujna 1621. po prvi put u jednom dokumentu spominju oba naselja (Malo i Velo Grablje).<\/p><\/div><\/div><div class='content-column one_half last_column'><div style=\"padding-right:0px;padding-left:6px;\"><p>Es wird vermutet, dass anfangs die Siedlung zur Einstellung des Viehbestandes diente und aus Hirtenwohnungen bestand. Sp\u00e4ter entwickelt sich Malo Grablje zu einer eigenst\u00e4ndigen Siedlung, so dass am 21. September 1621 zum ersten Mal in einem Dokument beide Siedlungen (Malo und Velo Grablje) erw\u00e4hnt werden.<\/p><\/div><\/div><div class='clear_column'><\/div><div class='content-column one_half'><div style=\"padding-right:6px;\"><p>Povijest ovog mjesta je fascinantna, pri\u010da o poljoprivrednicima koji su stolje\u0107ima radili zemlju desetinu za svoje plemi\u0107ke vlasnike u Hvaru. Uglavnom su ovdje \u017eivjeli dobro, pogotovo kada je proizvodnja vina na otoku dosegla vrhunac krajem 19. stolje\u0107a, sve dok se Phyloxera nije \u0161irio diljem Europe. Do\u0161lo je do vinograda Malo Grablje tek 1915. godine. Malo Grablje bio je na vrhuncu gospodarskog razvoja, a 1890. godine imao je 103 i 1910 179 stanovnika.<\/p><\/div><\/div><div class='content-column one_half last_column'><div style=\"padding-right:0px;padding-left:6px;\"><p>Die Geschichte dieses Ortes ist faszinierend, eine Geschichte von Bauern, die jahrhundertelang das Land um einen Zehent f\u00fcr ihre adligen Besitzer in Hvar bearbeiteten. Meistens lebten sie hier gut, vor allem, als die Weinproduktion auf der Insel Ende des 19. Jahrhunderts ihren H\u00f6hepunkt erreichte, bis sich die Reblaus in ganz Europa ausbreitete. Sie erreichte die Weinberge von Malo Grablje erst im Jahr 1915. Davor war eine bl\u00fchende Zeit. Malo Grablje befand sich auf dem H\u00f6hepunkt der wirtschaftlichen Entwicklung und hatte im Jahr 1890 103 und im Jahr 1910 179 Einwohner.<\/p><\/div><\/div><div class='clear_column'><\/div><div class='content-column one_half'><div style=\"padding-right:6px;\"><p>Prije toga bilo je cvjetanje. Selo je sagradilo zadrugu, impresivnu knji\u017enicu, \u0161kolu i vodenu cisterna, a 1905. godine kupuje zemlji\u0161te na obali, a svako ku\u0107anstvo prima paket. Nakon Prvog svjetskog rata oplemenjivanje terasastih vinograda novim rizomi nije bilo opcija, pa je ru\u017emarin i lavanda zajedno s Buha\u010dom zamijenili vino kao glavni usjev.<\/p><\/div><\/div><div class='content-column one_half last_column'><div style=\"padding-right:0px;padding-left:6px;\"><p>Das Dorf baute ein Genossenschaftshaus eine beeindruckende Bibliothek, eine Schule und eine gro\u00dfe Zisterne. Im Jahr 1905 kaufte man Land an der K\u00fcste, wobei jeder Haushalt ein Grundst\u00fcck erhielt. Nach dem Ersten Weltkrieg war eine Wiederbepflanzung der terrassierten Weinberge mit neuem Wurzelst\u00f6cken keine Option, so dass Rosmarin und Lavendel zusammen mit Buha\u010d (Pflanzenschutzmittel Pyrethrum) den Wein als Haupternte abl\u00f6sten.<\/p><\/div><\/div><div class='clear_column'><\/div><div class='content-column one_half'><div style=\"padding-right:6px;\"><p>Malo Grablje potpuno je napu\u0161teno otprilike 1967. godine. Od posljednjih seljana 1950-ih i 1960-ih, 23 obitelji, 180 ljudi, preseljeno u obli\u017enju Milnu. Iako su od svojih starih ku\u0107a izdvojili samo dva kilometra \u0161ljun\u010danih staza i planinskih padina, nisu se vratili, ali su se obnovili na obali.<\/p><\/div><\/div><div class='content-column one_half last_column'><div style=\"padding-right:0px;padding-left:6px;\"><p>Malo Grablje wurde um 1967 vollst\u00e4ndig aufgegeben. Die letzten Dorfbewohner zogen in den 1950er und 1960er Jahren, 23 Familien, 180 Menschen, ins nahe gelegene Milna. Und obwohl nur zwei Kilometer Schotterwege und Bergh\u00e4nge sie von ihrem alten Zuhause trennten, kehrten sie nicht zur\u00fcck, sondern bauten sich an der K\u00fcste ein neues Leben auf.<\/p><\/div><\/div><div class='clear_column'><\/div><div class='content-column one_half'><div style=\"padding-right:6px;\"><p>Usprkos svemu tome, moglo bi se re\u0107i da je kretanje ljudi od Malo Grabljau do Milnu bilo razlog zbog kojeg vi\u0161e nisu mogli \u017eivjeti u starom selu. Ali o\u010dito nije tako! Preselili su se u Milnu jer su to mogli priu\u0161titi jer su imali gradili\u0161ta i zato \u0161to su u vlasni\u0161tvu mnogih polja u plodnoj dolini izme\u0111u Hvara i Milne. Premjestili su se jer su bili u redu. Lavanda je donijela prili\u010dno dobru cijenu u 1950-ima!<\/p><\/div><\/div><div class='content-column one_half last_column'><div style=\"padding-right:0px;padding-left:6px;\"><p>Angesichts all dessen konnte man meinen, dass der gemeinsame Umzug der Malo Grabljer nach Milna der Grund daf\u00fcr war, dass sie einfach nicht mehr im alten Dorf leben konnten. Aber anscheinend nicht so! Sie zogen nach Milna, weil sie es sich leisten konnten, weil sie Baupl\u00e4tze hatten und weil sie damals tats\u00e4chlich viele der Felder im fruchtbaren Tal zwischen Hvar und Milna besa\u00dfen. Sie bewegten sich, weil es ihnen gut ging. Lavendel brachte in den 1950er Jahren einen ziemlich guten Preis!<\/p><\/div><\/div><div class='clear_column'><\/div><div class='content-column one_half'><div style=\"padding-right:6px;\"><p>Blagdan, Gospa od Kormena (Karmela) &#8211; Malo Grablje (za\u0161titnik mjesta) 16.07<\/p><\/div><\/div><div class='content-column one_half last_column'><div style=\"padding-right:0px;padding-left:6px;\"><p>Feiertag, Unsere Liebe Frau von Kormen (Berg Carmel) &#8211; Malo Grablje (Schutzherrin des Ortes) 16.07<\/p><\/div><\/div><div class='clear_column'><\/div><\/p>\n<p><img loading=\"lazy\" decoding=\"async\" class=\"aligncenter size-full wp-image-36900\" src=\"https:\/\/www.topohvar.at\/wp-content\/uploads\/2020\/05\/gm-aa-00-5.jpg\" alt=\"\" width=\"640\" height=\"314\" srcset=\"https:\/\/www.topohvar.at\/wp-content\/uploads\/2020\/05\/gm-aa-00-5.jpg 640w, https:\/\/www.topohvar.at\/wp-content\/uploads\/2020\/05\/gm-aa-00-5-300x147.jpg 300w\" sizes=\"auto, (max-width: 640px) 100vw, 640px\" \/><div class='content-column one_half'><div style=\"padding-right:6px;\"><p>Ruralna cjelina Malo Grablje je kulturno dobro Republike Hrvatske.<br \/>\nLista za\u0161ti\u0107enih kulturnih dobara Republike Hrvatske br. 02\/2010.<br \/>\nDatum tiskanog izdanja: 14. 06. 2010.<br \/>\nBroj registra: Z-4478<\/p><\/div><\/div><div class='content-column one_half last_column'><div style=\"padding-right:0px;padding-left:6px;\"><p>Die l\u00e4ndliche Einheit von Malo Grablje geh\u00f6rt zum kulturellen Erbe Kroatiens.<br \/>\nListe der Kulturg\u00fcter der Republik Kroatien Nr. 02\/2010.<br \/>\nVer\u00f6ffentlichungsdatum: 14. 06. 2010.<br \/>\nRegistriernummer: Z-4478<\/p><\/div><\/div><div class='clear_column'><\/div><\/p>\n<hr \/>\n<div class='content-column one_half'><div style=\"padding-right:6px;\"><p>Strukturni razvoj u Malom Grablj<br \/>\n<strong><span style=\"color: #a60d0d;\">&#8211; do 1834 g.<br \/>\n<\/span><span style=\"color: #c75910;\">&#8211; do kraja 19. stolje\u0107a<\/span><span style=\"color: #ff9900;\"><br \/>\n&#8211; s po\u010detka 20. stolje\u0107a<\/span><\/strong>)<\/p><\/div><\/div><div class='content-column one_half last_column'><div style=\"padding-right:0px;padding-left:6px;\"><p>Bauliche Entwicklung der Ortschaft Malo Grablje<br \/>\n<strong><span style=\"color: #a60d0d;\">&#8211; bis 1834<\/span><span style=\"color: #c75910;\"><br \/>\n&#8211; bis Ende 19. Jh.<\/span><span style=\"color: #ff9900;\"><br \/>\n&#8211; ab Beginn 20. Jh.<\/span><\/strong>)<\/p><\/div><\/div><div class='clear_column'><\/div><\/p>\n<p><img loading=\"lazy\" decoding=\"async\" class=\"alignnone size-full wp-image-40926\" src=\"https:\/\/www.topohvar.at\/wp-content\/uploads\/2020\/09\/gm-op-01-12.jpg\" alt=\"\" width=\"640\" height=\"620\" srcset=\"https:\/\/www.topohvar.at\/wp-content\/uploads\/2020\/09\/gm-op-01-12.jpg 640w, https:\/\/www.topohvar.at\/wp-content\/uploads\/2020\/09\/gm-op-01-12-300x291.jpg 300w\" sizes=\"auto, (max-width: 640px) 100vw, 640px\" \/><\/p>\n<p style=\"text-align: center;\">Izvor \/ Quelle: Sanja Buble, Anita Gamulin &#8211; Prostorne planiranje u ruralnim cjelinama<\/p>\n<p style=\"text-align: right;\"><span style=\"color: #3366ff;\"><a style=\"color: #3366ff;\" href=\"#seite_oben\">natrag na vrh \/ Seitenanfang<\/a><\/span><\/p>\n<hr \/>\n<p><strong>Linkovi \/ Links<\/strong><\/p>\n<p><span style=\"color: #3366ff;\"><a style=\"color: #3366ff;\" href=\"http:\/\/www.dragodid.org\/materijali\/S_Buble_A_Gamulin-dopunjeno.pdf\">Prostorno planiranje u ruralnim cjelinama<\/a><br \/>\n<a style=\"color: #3366ff;\" href=\"https:\/\/www.topohvar.at\/topo\/orte\/gm\/gm-ip-01-1\/\">Informativna plo\u010da \/ Infotafel \u00bbMalo Grablje\u00ab<\/a><\/span><\/p>\n","protected":false},"excerpt":{"rendered":"<p>Ime \/ Name Ruralna cjelina \/ d\u00f6rflich- l\u00e4ndliche Einheit\u00a0\u00bbMalo Grablje\u00ab Code: GM-AA-00\u00a0 \u00a0 \u00a0 \u00a0 \u00a0 \u00a0 \u00a0 \u00a0\u00a0 \u00a0 \u00a0 \u00a0 \u00a0 \u00a0 \u00a0 \u00a0 \u00a0 \u00a0\u00a0 \u00a0 \u00a0 \u00a0 Adresa \/ Adresse Malo Grablje Lokacija \/ Position Latitude: &hellip; <a href=\"https:\/\/www.topohvar.at\/topo\/orte\/gm\/gm-aa-00-1\/\">Weiterlesen <span class=\"meta-nav\">&rarr;<\/span><\/a><\/p>\n","protected":false},"author":1,"featured_media":0,"parent":74,"menu_order":0,"comment_status":"closed","ping_status":"closed","template":"","meta":{"footnotes":""},"class_list":["post-9516","page","type-page","status-publish","hentry"],"_links":{"self":[{"href":"https:\/\/www.topohvar.at\/topo\/wp-json\/wp\/v2\/pages\/9516","targetHints":{"allow":["GET"]}}],"collection":[{"href":"https:\/\/www.topohvar.at\/topo\/wp-json\/wp\/v2\/pages"}],"about":[{"href":"https:\/\/www.topohvar.at\/topo\/wp-json\/wp\/v2\/types\/page"}],"author":[{"embeddable":true,"href":"https:\/\/www.topohvar.at\/topo\/wp-json\/wp\/v2\/users\/1"}],"replies":[{"embeddable":true,"href":"https:\/\/www.topohvar.at\/topo\/wp-json\/wp\/v2\/comments?post=9516"}],"version-history":[{"count":22,"href":"https:\/\/www.topohvar.at\/topo\/wp-json\/wp\/v2\/pages\/9516\/revisions"}],"predecessor-version":[{"id":55899,"href":"https:\/\/www.topohvar.at\/topo\/wp-json\/wp\/v2\/pages\/9516\/revisions\/55899"}],"up":[{"embeddable":true,"href":"https:\/\/www.topohvar.at\/topo\/wp-json\/wp\/v2\/pages\/74"}],"wp:attachment":[{"href":"https:\/\/www.topohvar.at\/topo\/wp-json\/wp\/v2\/media?parent=9516"}],"curies":[{"name":"wp","href":"https:\/\/api.w.org\/{rel}","templated":true}]}}