{"id":9526,"date":"2018-09-03T14:03:45","date_gmt":"2018-09-03T12:03:45","guid":{"rendered":"https:\/\/www.topohvar.at\/?page_id=9526"},"modified":"2023-11-06T16:48:29","modified_gmt":"2023-11-06T15:48:29","slug":"gm-cz-01-1","status":"publish","type":"page","link":"https:\/\/www.topohvar.at\/topo\/orte\/gm\/gm-cz-01-1\/","title":{"rendered":"MALO GRABLJE &#8211; Kri\u017e \u00bbKameni kri\u017e\u00ab"},"content":{"rendered":"<p><a name=\"seite_oben\"><\/a><br \/>\n<strong><img loading=\"lazy\" decoding=\"async\" class=\"alignnone wp-image-9501 size-large\" src=\"https:\/\/www.topohvar.at\/wp-content\/uploads\/2018\/09\/gm-cz-01-0-1024x503.jpg\" alt=\"\" width=\"640\" height=\"314\" srcset=\"https:\/\/www.topohvar.at\/wp-content\/uploads\/2018\/09\/gm-cz-01-0-1024x503.jpg 1024w, https:\/\/www.topohvar.at\/wp-content\/uploads\/2018\/09\/gm-cz-01-0-300x147.jpg 300w, https:\/\/www.topohvar.at\/wp-content\/uploads\/2018\/09\/gm-cz-01-0-768x377.jpg 768w, https:\/\/www.topohvar.at\/wp-content\/uploads\/2018\/09\/gm-cz-01-0.jpg 1080w\" sizes=\"auto, (max-width: 640px) 100vw, 640px\" \/><\/strong><\/p>\n<p><strong>Ime \/ Name<br \/>\n<\/strong>Kri\u017e \u00bbKameni kri\u017e\u00ab \/ Seinkreuz<\/p>\n<p><strong>Code: <\/strong>GM-CZ-01\u00a0 \u00a0 \u00a0 \u00a0 \u00a0 \u00a0 \u00a0 \u00a0<strong>\u00a0 \u00a0 \u00a0 \u00a0 \u00a0 \u00a0 \u00a0 \u00a0 \u00a0 \u00a0\u00a0 \u00a0 \u00a0 \u00a0<a href=\"https:\/\/www.topohvar.at\/orte\/gm\/\"><img loading=\"lazy\" decoding=\"async\" class=\"alignnone wp-image-535 size-full\" src=\"https:\/\/www.topohvar.at\/wp-content\/uploads\/2018\/07\/push-o-30.jpg\" alt=\"\" width=\"61\" height=\"30\" \/><\/a>\u00a0<a href=\"https:\/\/www.topohvar.at\/orte\/gm\/gm-cz-02-1\/\"><img loading=\"lazy\" decoding=\"async\" class=\"alignnone wp-image-536 size-full\" src=\"https:\/\/www.topohvar.at\/wp-content\/uploads\/2018\/07\/push-r-30.jpg\" alt=\"\" width=\"61\" height=\"30\" \/><\/a><\/strong><\/p>\n<hr \/>\n<p><strong>Adresa \/ Adresse<br \/>\n<\/strong>Malo Grablje,\u00a0na ulazu u mjesto \/ am Ortsanfang<\/p>\n<p><strong>Lokacija <\/strong><strong>\/ Position<a href=\"https:\/\/goo.gl\/maps\/JwgWESTLHamWLu118\"><img loading=\"lazy\" decoding=\"async\" class=\"alignright wp-image-9552\" src=\"https:\/\/www.topohvar.at\/wp-content\/uploads\/2018\/09\/1246.jpg\" alt=\"\" width=\"134\" height=\"100\" \/><\/a><br \/>\n<\/strong><span style=\"color: #3366ff;\"><a style=\"color: #3366ff;\" href=\"https:\/\/goo.gl\/maps\/JwgWESTLHamWLu118\">Latitude: N 43,16769\u00b0\u00a0 \u00a0 Longitude: E 16,50359\u00b0\u00a0<\/a><\/span><strong><br \/>\n<\/strong>Visina \/ H\u00f6he: 121 m<\/p>\n<p><strong>Katastarska \u010destica <\/strong><strong>\/ Grundst\u00fccke<br \/>\n<\/strong>503\/1<div class='content-column one_half'><div style=\"padding-right:6px;\"><p><strong>Datum snimanja \/ Erfassungsdatum<br \/>\n<\/strong>24.09.2016 10:43:03<\/p>\n<hr \/>\n<p><strong>Informacije<\/strong><\/p>\n<p>Mali kameni kri\u017e iz 19. stolje\u0107a nalazi se na po\u010detku Malog Grablja i slu\u017eio je kao orijentir u prostoru u uskoj i duga\u010dkoj kotlini kojom prolazi stari \u201eOpjeni put\u201c (Via communis) iz grada Hvara prema Velom Grablju i Staro Gradu.<\/p><\/div><\/div><div class='content-column one_half last_column'><div style=\"padding-right:0px;padding-left:6px;\"><p><strong>Stupanj za\u0161tite<\/strong><strong> \/ Schutzstellung<br \/>\n<\/strong>&#8211;<\/p>\n<hr \/>\n<p><strong>Info<\/strong><\/p>\n<p>Das kleine Steinkreuz aus dem 19. Jahrhundert befindet sich am Ortsanfang von Malo Grablje und diente als Meilenstein durch das lange und schmale Tal an der alten Gemeindestra\u00dfe (Via communis) von der Stadt Hvar nach Velo Grablje und weiter nach Stari Grad.<\/p><\/div><\/div><div class='clear_column'><\/div><\/p>\n<hr \/>\n<div class='content-column one_half'><div style=\"padding-right:6px;\"><p>2023. godine na ovom je mjestu prona\u0111en novi kameni kri\u017e.<\/p><\/div><\/div><div class='content-column one_half last_column'><div style=\"padding-right:0px;padding-left:6px;\"><p>Im Jahre 2023 wurde an dieser Stelle ein neues Steinkreuz vorgefunden.<\/p><\/div><\/div><div class='clear_column'><\/div><\/p>\n<p><img loading=\"lazy\" decoding=\"async\" class=\"alignnone size-full wp-image-64847\" src=\"https:\/\/www.topohvar.at\/wp-content\/uploads\/2023\/11\/gm-cz-01-10.jpg\" alt=\"\" width=\"1080\" height=\"530\" srcset=\"https:\/\/www.topohvar.at\/wp-content\/uploads\/2023\/11\/gm-cz-01-10.jpg 1080w, https:\/\/www.topohvar.at\/wp-content\/uploads\/2023\/11\/gm-cz-01-10-300x147.jpg 300w, https:\/\/www.topohvar.at\/wp-content\/uploads\/2023\/11\/gm-cz-01-10-1024x503.jpg 1024w, https:\/\/www.topohvar.at\/wp-content\/uploads\/2023\/11\/gm-cz-01-10-768x377.jpg 768w\" sizes=\"auto, (max-width: 1080px) 100vw, 1080px\" \/><\/p>\n<p style=\"text-align: right;\"><span style=\"color: #3366ff;\"><a style=\"color: #3366ff;\" href=\"#seite_oben\">natrag na vrh \/ Seitenanfang<\/a><\/span><\/p>\n<hr \/>\n<p><strong>Linkovi \/ Links<\/strong><\/p>\n<p>&#8211;<\/p>\n","protected":false},"excerpt":{"rendered":"<p>Ime \/ Name Kri\u017e \u00bbKameni kri\u017e\u00ab \/ Seinkreuz Code: GM-CZ-01\u00a0 \u00a0 \u00a0 \u00a0 \u00a0 \u00a0 \u00a0 \u00a0\u00a0 \u00a0 \u00a0 \u00a0 \u00a0 \u00a0 \u00a0 \u00a0 \u00a0 \u00a0\u00a0 \u00a0 \u00a0 \u00a0\u00a0 Adresa \/ Adresse Malo Grablje,\u00a0na ulazu u mjesto \/ am Ortsanfang &hellip; <a href=\"https:\/\/www.topohvar.at\/topo\/orte\/gm\/gm-cz-01-1\/\">Weiterlesen <span class=\"meta-nav\">&rarr;<\/span><\/a><\/p>\n","protected":false},"author":1,"featured_media":0,"parent":74,"menu_order":0,"comment_status":"closed","ping_status":"closed","template":"","meta":{"footnotes":""},"class_list":["post-9526","page","type-page","status-publish","hentry"],"_links":{"self":[{"href":"https:\/\/www.topohvar.at\/topo\/wp-json\/wp\/v2\/pages\/9526","targetHints":{"allow":["GET"]}}],"collection":[{"href":"https:\/\/www.topohvar.at\/topo\/wp-json\/wp\/v2\/pages"}],"about":[{"href":"https:\/\/www.topohvar.at\/topo\/wp-json\/wp\/v2\/types\/page"}],"author":[{"embeddable":true,"href":"https:\/\/www.topohvar.at\/topo\/wp-json\/wp\/v2\/users\/1"}],"replies":[{"embeddable":true,"href":"https:\/\/www.topohvar.at\/topo\/wp-json\/wp\/v2\/comments?post=9526"}],"version-history":[{"count":8,"href":"https:\/\/www.topohvar.at\/topo\/wp-json\/wp\/v2\/pages\/9526\/revisions"}],"predecessor-version":[{"id":64848,"href":"https:\/\/www.topohvar.at\/topo\/wp-json\/wp\/v2\/pages\/9526\/revisions\/64848"}],"up":[{"embeddable":true,"href":"https:\/\/www.topohvar.at\/topo\/wp-json\/wp\/v2\/pages\/74"}],"wp:attachment":[{"href":"https:\/\/www.topohvar.at\/topo\/wp-json\/wp\/v2\/media?parent=9526"}],"curies":[{"name":"wp","href":"https:\/\/api.w.org\/{rel}","templated":true}]}}

MALO GRABLJE &#8211; Križ »Kameni križ«

<p><a name="seite_oben"></a><br />
<strong><img loading="lazy" decoding="async" class="alignnone wp-image-9501 size-large" src="https://www.topohvar.at/wp-content/uploads/2018/09/gm-cz-01-0-1024x503.jpg" alt="" width="640" height="314" srcset="https://www.topohvar.at/wp-content/uploads/2018/09/gm-cz-01-0-1024x503.jpg 1024w, https://www.topohvar.at/wp-content/uploads/2018/09/gm-cz-01-0-300x147.jpg 300w, https://www.topohvar.at/wp-content/uploads/2018/09/gm-cz-01-0-768x377.jpg 768w, https://www.topohvar.at/wp-content/uploads/2018/09/gm-cz-01-0.jpg 1080w" sizes="auto, (max-width: 640px) 100vw, 640px" /></strong></p>
<p><strong>Ime / Name<br />
</strong>Križ »Kameni križ« / Seinkreuz</p>
<p><strong>Code: </strong>GM-CZ-01               <strong>                          <a href="https://www.topohvar.at/orte/gm/"><img loading="lazy" decoding="async" class="alignnone wp-image-535 size-full" src="https://www.topohvar.at/wp-content/uploads/2018/07/push-o-30.jpg" alt="" width="61" height="30" /></a> <a href="https://www.topohvar.at/orte/gm/gm-cz-02-1/"><img loading="lazy" decoding="async" class="alignnone wp-image-536 size-full" src="https://www.topohvar.at/wp-content/uploads/2018/07/push-r-30.jpg" alt="" width="61" height="30" /></a></strong></p>
<hr />
<p><strong>Adresa / Adresse<br />
</strong>Malo Grablje, na ulazu u mjesto / am Ortsanfang</p>
<p><strong>Lokacija </strong><strong>/ Position<a href="https://goo.gl/maps/JwgWESTLHamWLu118"><img loading="lazy" decoding="async" class="alignright wp-image-9552" src="https://www.topohvar.at/wp-content/uploads/2018/09/1246.jpg" alt="" width="134" height="100" /></a><br />
</strong><span style="color: #3366ff;"><a style="color: #3366ff;" href="https://goo.gl/maps/JwgWESTLHamWLu118">Latitude: N 43,16769°    Longitude: E 16,50359° </a></span><strong><br />
</strong>Visina / Höhe: 121 m</p>
<p><strong>Katastarska čestica </strong><strong>/ Grundstücke<br />
</strong>503/1<div class='content-column one_half'><div style="padding-right:6px;"><p><strong>Datum snimanja / Erfassungsdatum<br />
</strong>24.09.2016 10:43:03</p>
<hr />
<p><strong>Informacije</strong></p>
<p>Mali kameni križ iz 19. stoljeća nalazi se na početku Malog Grablja i služio je kao orijentir u prostoru u uskoj i dugačkoj kotlini kojom prolazi stari „Opjeni put“ (Via communis) iz grada Hvara prema Velom Grablju i Staro Gradu.</p></div></div><div class='content-column one_half last_column'><div style="padding-right:0px;padding-left:6px;"><p><strong>Stupanj zaštite</strong><strong> / Schutzstellung<br />
</strong>&#8211;</p>
<hr />
<p><strong>Info</strong></p>
<p>Das kleine Steinkreuz aus dem 19. Jahrhundert befindet sich am Ortsanfang von Malo Grablje und diente als Meilenstein durch das lange und schmale Tal an der alten Gemeindestraße (Via communis) von der Stadt Hvar nach Velo Grablje und weiter nach Stari Grad.</p></div></div><div class='clear_column'></div></p>
<hr />
<div class='content-column one_half'><div style="padding-right:6px;"><p>2023. godine na ovom je mjestu pronađen novi kameni križ.</p></div></div><div class='content-column one_half last_column'><div style="padding-right:0px;padding-left:6px;"><p>Im Jahre 2023 wurde an dieser Stelle ein neues Steinkreuz vorgefunden.</p></div></div><div class='clear_column'></div></p>
<p><img loading="lazy" decoding="async" class="alignnone size-full wp-image-64847" src="https://www.topohvar.at/wp-content/uploads/2023/11/gm-cz-01-10.jpg" alt="" width="1080" height="530" srcset="https://www.topohvar.at/wp-content/uploads/2023/11/gm-cz-01-10.jpg 1080w, https://www.topohvar.at/wp-content/uploads/2023/11/gm-cz-01-10-300x147.jpg 300w, https://www.topohvar.at/wp-content/uploads/2023/11/gm-cz-01-10-1024x503.jpg 1024w, https://www.topohvar.at/wp-content/uploads/2023/11/gm-cz-01-10-768x377.jpg 768w" sizes="auto, (max-width: 1080px) 100vw, 1080px" /></p>
<p style="text-align: right;"><span style="color: #3366ff;"><a style="color: #3366ff;" href="#seite_oben">natrag na vrh / Seitenanfang</a></span></p>
<hr />
<p><strong>Linkovi / Links</strong></p>
<p>&#8211;</p>

<p>Ime / Name Križ »Kameni križ« / Seinkreuz Code: GM-CZ-01                                           Adresa / Adresse Malo Grablje, na ulazu u mjesto / am Ortsanfang &hellip; <a href="https://www.topohvar.at/topo/orte/gm/gm-cz-01-1/">Weiterlesen <span class="meta-nav">&rarr;</span></a></p>
