{"id":9538,"date":"2018-09-03T14:13:43","date_gmt":"2018-09-03T12:13:43","guid":{"rendered":"https:\/\/www.topohvar.at\/?page_id=9538"},"modified":"2022-01-17T10:20:45","modified_gmt":"2022-01-17T09:20:45","slug":"gm-og-01-1","status":"publish","type":"page","link":"https:\/\/www.topohvar.at\/topo\/orte\/gm\/gm-og-01-1\/","title":{"rendered":"MALO GRABLJE &#8211; Objekt \u00bbStaro groblje\u00ab"},"content":{"rendered":"<p><a name=\"seite_oben\"><\/a><br \/>\n<strong><img loading=\"lazy\" decoding=\"async\" class=\"alignnone wp-image-9504 size-large\" src=\"https:\/\/www.topohvar.at\/wp-content\/uploads\/2018\/09\/gm-og-01-0-1024x503.jpg\" alt=\"\" width=\"640\" height=\"314\" srcset=\"https:\/\/www.topohvar.at\/wp-content\/uploads\/2018\/09\/gm-og-01-0-1024x503.jpg 1024w, https:\/\/www.topohvar.at\/wp-content\/uploads\/2018\/09\/gm-og-01-0-300x147.jpg 300w, https:\/\/www.topohvar.at\/wp-content\/uploads\/2018\/09\/gm-og-01-0-768x377.jpg 768w, https:\/\/www.topohvar.at\/wp-content\/uploads\/2018\/09\/gm-og-01-0.jpg 1080w\" sizes=\"auto, (max-width: 640px) 100vw, 640px\" \/><\/strong><\/p>\n<p><strong>Ime \/ Name<br \/>\n<\/strong>Objekt \u00bbStaro groblje\u00ab \/ Alter Friedhof<\/p>\n<p><strong>Code: <\/strong>GM-OG-01\u00a0 \u00a0 \u00a0 \u00a0 \u00a0 \u00a0 \u00a0 \u00a0 \u00a0 \u00a0 \u00a0 \u00a0 \u00a0<strong>\u00a0 \u00a0 \u00a0 \u00a0 <a href=\" https:\/\/www.topohvar.at\/topo\/orte\/gm\/gm-pu-01-1\/\"><img loading=\"lazy\" decoding=\"async\" class=\"alignnone wp-image-12300 size-full\" src=\"https:\/\/www.topohvar.at\/wp-content\/uploads\/2018\/09\/push-vor-30.jpg\" alt=\"\" width=\"61\" height=\"30\" \/><\/a>\u00a0<a href=\"https:\/\/www.topohvar.at\/orte\/gm\/\"><img loading=\"lazy\" decoding=\"async\" class=\"alignnone wp-image-535 size-full\" src=\"https:\/\/www.topohvar.at\/wp-content\/uploads\/2018\/07\/push-o-30.jpg\" alt=\"\" width=\"61\" height=\"30\" \/><\/a>\u00a0<\/strong><\/p>\n<hr \/>\n<p><strong>Adresa \/ Adresse<br \/>\n<\/strong>Malo Grablje, groblje, na Ra\u010di\u0107u<\/p>\n<p><strong>Lokacija \/ Position<a href=\"https:\/\/goo.gl\/maps\/6YFT9JUnEb4khSnP8\"><img loading=\"lazy\" decoding=\"async\" class=\"alignright wp-image-9560\" src=\"https:\/\/www.topohvar.at\/wp-content\/uploads\/2018\/09\/0138.jpg\" alt=\"\" width=\"132\" height=\"100\" \/><\/a><br \/>\n<\/strong><span style=\"color: #3366ff;\"><a style=\"color: #3366ff;\" href=\"https:\/\/goo.gl\/maps\/6YFT9JUnEb4khSnP8\">Latitude: N 43,16761\u00b0\u00a0 \u00a0 Longitude: E 16,50472\u00b0\u00a0<\/a><\/span><strong><br \/>\n<\/strong>Visina \/ H\u00f6he: 147 m<\/p>\n<p><strong>Katastarska \u010destica <\/strong><strong>\/ Grundst\u00fccke<br \/>\n<\/strong>501<div class='content-column one_half'><div style=\"padding-right:6px;\"><p><strong>Datum snimanja \/ Erfassungsdatum<br \/>\n<\/strong>27.05.2013 10:28:43<\/p>\n<hr \/>\n<p><strong>Informacije<\/strong><\/p>\n<p>U po\u010detku su se svi Grabljani pokopavali (a i kr\u0161avali i vjen\u010davali) u Hvaru, jer u njihom selima nije bilo groblja, a isprava ni crkve ni sve\u0107nika. Pokraj 18. stolje\u0107a\u00a0 nastaju prve grobnice u velograbljskoj crkvi, koje se 1818. g. zbog zdravstvenih propisa prenose ispred iste crkve. To su bila zajedni\u010dka ukopi\u0161ta obaju sela do pred Prvi svjetski rat; me\u0111utim, kada su Velograbljani su u tome odbili sudjelovati, zbog udaljenosti, ali i nagla\u0161enije individualnosti svojeg odlomka.<\/p><\/div><\/div><div class='content-column one_half last_column'><div style=\"padding-right:0px;padding-left:6px;\"><p><strong>Stupanj za\u0161tite<\/strong><strong> \/ Schutzstellung<br \/>\n<\/strong>&#8211;<\/p>\n<hr \/>\n<p><strong>Info<\/strong><\/p>\n<p>Am Anfang waren Begr\u00e4bnisse der Grabljaner (auch Taufen und Heiraten) in der Stadt Hvar, weil es in den D\u00f6rfern keine Friedh\u00f6fe gab, und weder Kirchen noch Priester gab. Zu Beginn des 18. Jh. gab es die ersten Gr\u00e4ber in der Kirche von Velo Grablje, bis im Jahr 1818 aufgrund gesundheitlicher Vorschriften sie vor die Kirche verlegt wurden. Hier fanden die gemeinsamen Bestattungen f\u00fcr beide D\u00f6rfer bis zum Ersten Weltkrieg statt; bis sich die Velo Grabljer wegen der Entfernung, aber auch der ausgepr\u00e4gteren Individualit\u00e4t sich weigerten Malo Grabljer hier zu begraben.<\/p><\/div><\/div><div class='clear_column'><\/div><div class='content-column one_half'><div style=\"padding-right:6px;\"><p>Na njihovu molbu za grobljem u vlastitom selu povoljno je odgovorilo 18.10.1913. g. op\u0107insko povjerenstvonsastavljeno od dona\u010delnika te op\u0107inskog i kotarskog lije\u010dnika, odabrav\u0161i lokaciju \u201eNa Ra\u010di\u0107u\u201c, gdje je groblje i utemeljeno idu\u0107e godine.<\/p><\/div><\/div><div class='content-column one_half last_column'><div style=\"padding-right:0px;padding-left:6px;\"><p>Auf die Bitte der Malo Grabljer um einen Friedhof in ihrem eigenen Dorf reagierte am 18.10.1913 das kommunale Kommissariat das vom B\u00fcrgermeister und vom Gemeinde- und Bezirksarzt kontaktiert wurde positv, und w\u00e4hlte den Ort &#8222;Na Ra\u010di\u0107u&#8220;, wo der Friedhof im n\u00e4chsten Jahr gegr\u00fcndet wurde.<\/p><\/div><\/div><div class='clear_column'><\/div><div class='content-column one_half'><div style=\"padding-right:6px;\"><p>Umrli Malo Grablje pokopani su ovdje sve do Drugog svjetskog rata. Nakon preseljenja stanovnika u Milnu, kosti pokojnika tako\u0111er su 1975. godine premje\u0161tene na novo groblje koje je 1973. godine sagra\u0111eno malo jugoisto\u010dno od vrata Milne i malo iznad mora.<\/p><\/div><\/div><div class='content-column one_half last_column'><div style=\"padding-right:0px;padding-left:6px;\"><p>Die Verstorbenen von Malo Grablje wurden hier bis nach dem 2. Weltkrieg bestattet. Nach der Umsiedlung der Bewohner nach Milna wurden auch die Gebeine der Verstorbenen im Jahr 1975 in den neuen Friedhof verlegt, der etwas s\u00fcd\u00f6stlich vor den Toren der Ortschaft Milna und etwas oberhalb des Meeres im Jahr 1973 errichtet wurde.<\/p><\/div><\/div><div class='clear_column'><\/div><\/p>\n<p style=\"text-align: right;\"><span style=\"color: #3366ff;\"><a style=\"color: #3366ff;\" href=\"#seite_oben\">natrag na vrh \/ Seitenanfang<\/a><\/span><\/p>\n<hr \/>\n<p><strong>Linkovi \/ Links<\/strong><\/p>\n<p><span style=\"color: #3366ff;\"><a style=\"color: #3366ff;\" href=\"https:\/\/www.topohvar.at\/orte\/gm\/gm-is-01-1\/\">Spomen plo\u010da \u00bbStaro groblje\u00ab \/ Gedenktafel Alter Friedhof<\/a><br \/>\n<a style=\"color: #3366ff;\" href=\"https:\/\/www.topohvar.at\/orte\/mi\/mi-og-01-1\/\">Milna &#8211; Groblje \/ Friedhof<\/a><br \/>\n<\/span><\/p>\n","protected":false},"excerpt":{"rendered":"<p>Ime \/ Name Objekt \u00bbStaro groblje\u00ab \/ Alter Friedhof Code: GM-OG-01\u00a0 \u00a0 \u00a0 \u00a0 \u00a0 \u00a0 \u00a0 \u00a0 \u00a0 \u00a0 \u00a0 \u00a0 \u00a0\u00a0 \u00a0 \u00a0 \u00a0 \u00a0\u00a0 Adresa \/ Adresse Malo Grablje, groblje, na Ra\u010di\u0107u Lokacija \/ Position Latitude: N &hellip; <a href=\"https:\/\/www.topohvar.at\/topo\/orte\/gm\/gm-og-01-1\/\">Weiterlesen <span class=\"meta-nav\">&rarr;<\/span><\/a><\/p>\n","protected":false},"author":1,"featured_media":0,"parent":74,"menu_order":0,"comment_status":"closed","ping_status":"closed","template":"","meta":{"footnotes":""},"class_list":["post-9538","page","type-page","status-publish","hentry"],"_links":{"self":[{"href":"https:\/\/www.topohvar.at\/topo\/wp-json\/wp\/v2\/pages\/9538","targetHints":{"allow":["GET"]}}],"collection":[{"href":"https:\/\/www.topohvar.at\/topo\/wp-json\/wp\/v2\/pages"}],"about":[{"href":"https:\/\/www.topohvar.at\/topo\/wp-json\/wp\/v2\/types\/page"}],"author":[{"embeddable":true,"href":"https:\/\/www.topohvar.at\/topo\/wp-json\/wp\/v2\/users\/1"}],"replies":[{"embeddable":true,"href":"https:\/\/www.topohvar.at\/topo\/wp-json\/wp\/v2\/comments?post=9538"}],"version-history":[{"count":12,"href":"https:\/\/www.topohvar.at\/topo\/wp-json\/wp\/v2\/pages\/9538\/revisions"}],"predecessor-version":[{"id":56185,"href":"https:\/\/www.topohvar.at\/topo\/wp-json\/wp\/v2\/pages\/9538\/revisions\/56185"}],"up":[{"embeddable":true,"href":"https:\/\/www.topohvar.at\/topo\/wp-json\/wp\/v2\/pages\/74"}],"wp:attachment":[{"href":"https:\/\/www.topohvar.at\/topo\/wp-json\/wp\/v2\/media?parent=9538"}],"curies":[{"name":"wp","href":"https:\/\/api.w.org\/{rel}","templated":true}]}}

<p><a name="seite_oben"></a><br />
<strong><img loading="lazy" decoding="async" class="alignnone wp-image-9504 size-large" src="https://www.topohvar.at/wp-content/uploads/2018/09/gm-og-01-0-1024x503.jpg" alt="" width="640" height="314" srcset="https://www.topohvar.at/wp-content/uploads/2018/09/gm-og-01-0-1024x503.jpg 1024w, https://www.topohvar.at/wp-content/uploads/2018/09/gm-og-01-0-300x147.jpg 300w, https://www.topohvar.at/wp-content/uploads/2018/09/gm-og-01-0-768x377.jpg 768w, https://www.topohvar.at/wp-content/uploads/2018/09/gm-og-01-0.jpg 1080w" sizes="auto, (max-width: 640px) 100vw, 640px" /></strong></p>
<p><strong>Ime / Name<br />
</strong>Objekt »Staro groblje« / Alter Friedhof</p>
<p><strong>Code: </strong>GM-OG-01                         <strong>        <a href=" https://www.topohvar.at/topo/orte/gm/gm-pu-01-1/"><img loading="lazy" decoding="async" class="alignnone wp-image-12300 size-full" src="https://www.topohvar.at/wp-content/uploads/2018/09/push-vor-30.jpg" alt="" width="61" height="30" /></a> <a href="https://www.topohvar.at/orte/gm/"><img loading="lazy" decoding="async" class="alignnone wp-image-535 size-full" src="https://www.topohvar.at/wp-content/uploads/2018/07/push-o-30.jpg" alt="" width="61" height="30" /></a> </strong></p>
<hr />
<p><strong>Adresa / Adresse<br />
</strong>Malo Grablje, groblje, na Račiću</p>
<p><strong>Lokacija / Position<a href="https://goo.gl/maps/6YFT9JUnEb4khSnP8"><img loading="lazy" decoding="async" class="alignright wp-image-9560" src="https://www.topohvar.at/wp-content/uploads/2018/09/0138.jpg" alt="" width="132" height="100" /></a><br />
</strong><span style="color: #3366ff;"><a style="color: #3366ff;" href="https://goo.gl/maps/6YFT9JUnEb4khSnP8">Latitude: N 43,16761°    Longitude: E 16,50472° </a></span><strong><br />
</strong>Visina / Höhe: 147 m</p>
<p><strong>Katastarska čestica </strong><strong>/ Grundstücke<br />
</strong>501<div class='content-column one_half'><div style="padding-right:6px;"><p><strong>Datum snimanja / Erfassungsdatum<br />
</strong>27.05.2013 10:28:43</p>
<hr />
<p><strong>Informacije</strong></p>
<p>U početku su se svi Grabljani pokopavali (a i kršavali i vjenčavali) u Hvaru, jer u njihom selima nije bilo groblja, a isprava ni crkve ni svećnika. Pokraj 18. stoljeća  nastaju prve grobnice u velograbljskoj crkvi, koje se 1818. g. zbog zdravstvenih propisa prenose ispred iste crkve. To su bila zajednička ukopišta obaju sela do pred Prvi svjetski rat; međutim, kada su Velograbljani su u tome odbili sudjelovati, zbog udaljenosti, ali i naglašenije individualnosti svojeg odlomka.</p></div></div><div class='content-column one_half last_column'><div style="padding-right:0px;padding-left:6px;"><p><strong>Stupanj zaštite</strong><strong> / Schutzstellung<br />
</strong>&#8211;</p>
<hr />
<p><strong>Info</strong></p>
<p>Am Anfang waren Begräbnisse der Grabljaner (auch Taufen und Heiraten) in der Stadt Hvar, weil es in den Dörfern keine Friedhöfe gab, und weder Kirchen noch Priester gab. Zu Beginn des 18. Jh. gab es die ersten Gräber in der Kirche von Velo Grablje, bis im Jahr 1818 aufgrund gesundheitlicher Vorschriften sie vor die Kirche verlegt wurden. Hier fanden die gemeinsamen Bestattungen für beide Dörfer bis zum Ersten Weltkrieg statt; bis sich die Velo Grabljer wegen der Entfernung, aber auch der ausgeprägteren Individualität sich weigerten Malo Grabljer hier zu begraben.</p></div></div><div class='clear_column'></div><div class='content-column one_half'><div style="padding-right:6px;"><p>Na njihovu molbu za grobljem u vlastitom selu povoljno je odgovorilo 18.10.1913. g. općinsko povjerenstvonsastavljeno od donačelnika te općinskog i kotarskog liječnika, odabravši lokaciju „Na Račiću“, gdje je groblje i utemeljeno iduće godine.</p></div></div><div class='content-column one_half last_column'><div style="padding-right:0px;padding-left:6px;"><p>Auf die Bitte der Malo Grabljer um einen Friedhof in ihrem eigenen Dorf reagierte am 18.10.1913 das kommunale Kommissariat das vom Bürgermeister und vom Gemeinde- und Bezirksarzt kontaktiert wurde positv, und wählte den Ort &#8222;Na Račiću&#8220;, wo der Friedhof im nächsten Jahr gegründet wurde.</p></div></div><div class='clear_column'></div><div class='content-column one_half'><div style="padding-right:6px;"><p>Umrli Malo Grablje pokopani su ovdje sve do Drugog svjetskog rata. Nakon preseljenja stanovnika u Milnu, kosti pokojnika također su 1975. godine premještene na novo groblje koje je 1973. godine sagrađeno malo jugoistočno od vrata Milne i malo iznad mora.</p></div></div><div class='content-column one_half last_column'><div style="padding-right:0px;padding-left:6px;"><p>Die Verstorbenen von Malo Grablje wurden hier bis nach dem 2. Weltkrieg bestattet. Nach der Umsiedlung der Bewohner nach Milna wurden auch die Gebeine der Verstorbenen im Jahr 1975 in den neuen Friedhof verlegt, der etwas südöstlich vor den Toren der Ortschaft Milna und etwas oberhalb des Meeres im Jahr 1973 errichtet wurde.</p></div></div><div class='clear_column'></div></p>
<p style="text-align: right;"><span style="color: #3366ff;"><a style="color: #3366ff;" href="#seite_oben">natrag na vrh / Seitenanfang</a></span></p>
<hr />
<p><strong>Linkovi / Links</strong></p>
<p><span style="color: #3366ff;"><a style="color: #3366ff;" href="https://www.topohvar.at/orte/gm/gm-is-01-1/">Spomen ploča »Staro groblje« / Gedenktafel Alter Friedhof</a><br />
<a style="color: #3366ff;" href="https://www.topohvar.at/orte/mi/mi-og-01-1/">Milna &#8211; Groblje / Friedhof</a><br />
</span></p>

<p>Ime / Name Objekt »Staro groblje« / Alter Friedhof Code: GM-OG-01                                    Adresa / Adresse Malo Grablje, groblje, na Račiću Lokacija / Position Latitude: N &hellip; <a href="https://www.topohvar.at/topo/orte/gm/gm-og-01-1/">Weiterlesen <span class="meta-nav">&rarr;</span></a></p>
