{"id":9542,"date":"2018-09-03T14:17:08","date_gmt":"2018-09-03T12:17:08","guid":{"rendered":"https:\/\/www.topohvar.at\/?page_id=9542"},"modified":"2023-08-15T15:27:00","modified_gmt":"2023-08-15T13:27:00","slug":"gm-tr-02-1","status":"publish","type":"page","link":"https:\/\/www.topohvar.at\/topo\/orte\/gm\/gm-tr-02-1\/","title":{"rendered":"MALO GRABLJE &#8211; Trim \u00bbGM-TR-02\u00ab"},"content":{"rendered":"<p><a name=\"seite_oben\"><\/a><br \/>\n<strong><img loading=\"lazy\" decoding=\"async\" class=\"alignleft wp-image-24224 size-large\" src=\"https:\/\/www.topohvar.at\/wp-content\/uploads\/2019\/10\/gm-tr-02-22-1024x503.jpg\" alt=\"\" width=\"640\" height=\"314\" srcset=\"https:\/\/www.topohvar.at\/wp-content\/uploads\/2019\/10\/gm-tr-02-22-1024x503.jpg 1024w, https:\/\/www.topohvar.at\/wp-content\/uploads\/2019\/10\/gm-tr-02-22-300x147.jpg 300w, https:\/\/www.topohvar.at\/wp-content\/uploads\/2019\/10\/gm-tr-02-22-768x377.jpg 768w, https:\/\/www.topohvar.at\/wp-content\/uploads\/2019\/10\/gm-tr-02-22.jpg 1080w\" sizes=\"auto, (max-width: 640px) 100vw, 640px\" \/><\/strong><\/p>\n<p><strong>Ime \/ Name<br \/>\n<\/strong>Trim \u00bbGM-TR-02\u00ab<\/p>\n<p><strong>Code: <\/strong>GM-TR-02\u00a0 \u00a0 \u00a0 \u00a0 \u00a0 \u00a0 \u00a0 \u00a0 \u00a0 \u00a0 \u00a0 \u00a0 \u00a0 \u00a0 \u00a0\u00a0<strong>\u00a0 \u00a0 \u00a0 \u00a0 <a href=\"https:\/\/www.topohvar.at\/orte\/gm\/gm-tr-00-1\/\"><img loading=\"lazy\" decoding=\"async\" class=\"alignnone wp-image-12300 size-full\" src=\"https:\/\/www.topohvar.at\/wp-content\/uploads\/2018\/09\/push-vor-30.jpg\" alt=\"\" width=\"61\" height=\"30\" \/><\/a> <a href=\"https:\/\/www.topohvar.at\/orte\/gm\/gm-tr-01-1\/\"><img loading=\"lazy\" decoding=\"async\" class=\"alignnone wp-image-533 size-full\" src=\"https:\/\/www.topohvar.at\/wp-content\/uploads\/2018\/07\/push-l-30.jpg\" alt=\"\" width=\"61\" height=\"30\" \/><\/a>\u00a0<a href=\"https:\/\/www.topohvar.at\/orte\/gm\/\"><img loading=\"lazy\" decoding=\"async\" class=\"alignnone wp-image-535 size-full\" src=\"https:\/\/www.topohvar.at\/wp-content\/uploads\/2018\/07\/push-o-30.jpg\" alt=\"\" width=\"61\" height=\"30\" \/><\/a> <a href=\"https:\/\/www.topohvar.at\/orte\/gm\/gm-tr-03-1\/\"><img loading=\"lazy\" decoding=\"async\" class=\"alignnone wp-image-536 size-full\" src=\"https:\/\/www.topohvar.at\/wp-content\/uploads\/2018\/07\/push-r-30.jpg\" alt=\"\" width=\"61\" height=\"30\" \/><\/a> \u00a0 \u00a0\u00a0<\/strong><\/p>\n<hr \/>\n<p><strong>Adresa \/ Adresse<br \/>\n<\/strong>Malo Grablje<\/p>\n<p><strong>Lokacija \/ Position<a href=\"https:\/\/goo.gl\/maps\/jVzWgCzYyt6HmQiH8\"><img loading=\"lazy\" decoding=\"async\" class=\"alignright wp-image-9588\" src=\"https:\/\/www.topohvar.at\/wp-content\/uploads\/2018\/09\/0140.jpg\" alt=\"\" width=\"133\" height=\"100\" \/><\/a><br \/>\n<\/strong><span style=\"color: #3366ff;\"><a style=\"color: #3366ff;\" href=\"https:\/\/goo.gl\/maps\/jVzWgCzYyt6HmQiH8\">Latitude: N 43,17389\u00b0\u00a0 \u00a0 Longitude: E 16,51210\u00b0\u00a0<\/a><\/span><strong><br \/>\n<\/strong>Visina \/ H\u00f6he: 289 m<\/p>\n<p><strong>Katastarska \u010destica <\/strong><strong>\/ Grundst\u00fccke<br \/>\n<\/strong>94\/13<div class='content-column one_half'><div style=\"padding-right:6px;\"><p><strong>Datum snimanja \/ Erfassungsdatum<br \/>\n<\/strong>12.10.2013 11:43:36<\/p>\n<hr \/>\n<p><strong>Informacije<\/strong><\/p>\n<p>Mali trim smje\u0161ten je na seoskoj cesti koja vodi od puta Selca-Brusje do Malog Grablja. Jednostepen trim stoji na rubu livade, a le\u0111a su u blago nagnutoj planinskoj padini. Ulaz u interijer nepravilnog oblika bio je blokiran trnjem \u017eivice.<\/p><\/div><\/div><div class='content-column one_half last_column'><div style=\"padding-right:0px;padding-left:6px;\"><p><strong>Stupanj za\u0161tite <\/strong><strong>\/ Schutzstellung<br \/>\n<\/strong>&#8211;<\/p>\n<hr \/>\n<p><strong>Info<\/strong><\/p>\n<p>Der kleine Trim befindet sich am Wirtschaftsweg, der von der Stra\u00dfe Selca-Brusje nach Malo Grablje f\u00fchrt. Der einstufige Trim steht am Wiesenrand und steckt mit seiner R\u00fcckseite im leicht geneigten Berghang. Der Eingang zum unregelm\u00e4\u00dfig geformten Innenraum war durch eine Dornenhecke versperrt.<\/p><\/div><\/div><div class='clear_column'><\/div><div class='content-column one_half'><div style=\"padding-right:6px;\"><div id=\"attachment_24657\" style=\"width: 310px\" class=\"wp-caption aligncenter\"><img loading=\"lazy\" decoding=\"async\" aria-describedby=\"caption-attachment-24657\" class=\"size-full wp-image-24657\" src=\"https:\/\/www.topohvar.at\/wp-content\/uploads\/2019\/12\/gm-tr-02-21.jpg\" alt=\"\" width=\"300\" height=\"300\" srcset=\"https:\/\/www.topohvar.at\/wp-content\/uploads\/2019\/12\/gm-tr-02-21.jpg 300w, https:\/\/www.topohvar.at\/wp-content\/uploads\/2019\/12\/gm-tr-02-21-150x150.jpg 150w\" sizes=\"auto, (max-width: 300px) 100vw, 300px\" \/><p id=\"caption-attachment-24657\" class=\"wp-caption-text\">Ulaz \/ Eingang<\/p><\/div>\n<p>Dana 26.09.2019 trim je posje\u0107en i prona\u0111en je sljede\u0107i<\/p>\n<p>Lokacija: livada, vrba<br \/>\nPodzemlje: padina<br \/>\nSklop: kameni zid<br \/>\nUpotreba: ne koristi<br \/>\nStanje izgradnje: dobro sa\u010duvan<br \/>\nBroj prstenova trima: jedan prsten<br \/>\nDodatni kameni prsten: nema kamenog prstena<br \/>\nStepeni\u0161te: nema stepenica<br \/>\nOblik kamena: uglast<br \/>\nPodru\u010dje ispred ulaza: \u0161ipak<br \/>\nVrata na stranicu: JZ (220\u00b0)<br \/>\nPromjer trima (cm): 300<br \/>\nVisina trima (cm): 190<br \/>\nVisina prstena (cm): 180<br \/>\nDebljina zida (cm): 80<br \/>\n\u0160irina vrata (cm): 85<br \/>\nVisina vrata (cm): 100<br \/>\n\u0160irina unutra (cm): 130 &#8211; 140<br \/>\nVisina unutra (cm): 150<br \/>\nVolumen iznutra (m3): 1,66<br \/>\nNema ni\u0161e<\/p><\/div><\/div><div class='content-column one_half last_column'><div style=\"padding-right:0px;padding-left:6px;\"><div id=\"attachment_24658\" style=\"width: 310px\" class=\"wp-caption aligncenter\"><img loading=\"lazy\" decoding=\"async\" aria-describedby=\"caption-attachment-24658\" class=\"size-full wp-image-24658\" src=\"https:\/\/www.topohvar.at\/wp-content\/uploads\/2019\/12\/gm-tr-02-23.jpg\" alt=\"\" width=\"300\" height=\"300\" srcset=\"https:\/\/www.topohvar.at\/wp-content\/uploads\/2019\/12\/gm-tr-02-23.jpg 300w, https:\/\/www.topohvar.at\/wp-content\/uploads\/2019\/12\/gm-tr-02-23-150x150.jpg 150w\" sizes=\"auto, (max-width: 300px) 100vw, 300px\" \/><p id=\"caption-attachment-24658\" class=\"wp-caption-text\">Pogled na jugoistok \/ Blick nach S\u00fcdosten<\/p><\/div>\n<p>Am 26.09.2019 wurde der Trim besucht und untersucht<\/p>\n<p>Standort: Wiese, Weide<br \/>\nUntergrund: Hanglage<br \/>\nVerbunden mit: Steinmauer<br \/>\nNutzung: ungenutzt<br \/>\nZustand: gut erhalten<br \/>\nRinge\/Stufen des Trim: einstufig<br \/>\nZus\u00e4tzlicher Steinring: kein Steinring<br \/>\nStiege: keine Stufen<br \/>\nSteinform: kantig<br \/>\nEingangsbereich: Dornenhecke<br \/>\nEingangsseite: SW (220\u00b0)<br \/>\nTrimdurchmesser (cm): 300<br \/>\nTrimh\u00f6he (cm): 190<br \/>\nStufen\/Ringh\u00f6he (cm): 180<br \/>\nWandst\u00e4rke: 80<br \/>\nT\u00fcrbreite (cm): 85<br \/>\nT\u00fcrh\u00f6he (cm): 100<br \/>\nInnenraumbreite (cm): 130 &#8211; 140<br \/>\nInnenraumh\u00f6he (cm): 150<br \/>\nRaumvolumen (m3): 1,66<br \/>\nKeine Nische<\/p><\/div><\/div><div class='clear_column'><\/div><\/p>\n<p style=\"text-align: right;\"><span style=\"color: #3366ff;\"><a style=\"color: #3366ff;\" href=\"#seite_oben\">natrag na vrh \/ Seitenanfang<\/a><\/span><\/p>\n<p><img loading=\"lazy\" decoding=\"async\" class=\"aligncenter size-full wp-image-24656\" src=\"https:\/\/www.topohvar.at\/wp-content\/uploads\/2019\/12\/gm-tr-02-sca.jpg\" alt=\"\" width=\"600\" height=\"915\" srcset=\"https:\/\/www.topohvar.at\/wp-content\/uploads\/2019\/12\/gm-tr-02-sca.jpg 600w, https:\/\/www.topohvar.at\/wp-content\/uploads\/2019\/12\/gm-tr-02-sca-197x300.jpg 197w\" sizes=\"auto, (max-width: 600px) 100vw, 600px\" \/><\/p>\n<hr \/>\n<p><strong>Linkovi \/ Links<\/strong><\/p>\n<p>&#8211;<\/p>\n","protected":false},"excerpt":{"rendered":"<p>Ime \/ Name Trim \u00bbGM-TR-02\u00ab Code: GM-TR-02\u00a0 \u00a0 \u00a0 \u00a0 \u00a0 \u00a0 \u00a0 \u00a0 \u00a0 \u00a0 \u00a0 \u00a0 \u00a0 \u00a0 \u00a0\u00a0\u00a0 \u00a0 \u00a0 \u00a0 \u00a0 \u00a0 \u00a0\u00a0 Adresa \/ Adresse Malo Grablje Lokacija \/ Position Latitude: N 43,17389\u00b0\u00a0 \u00a0 Longitude: &hellip; <a href=\"https:\/\/www.topohvar.at\/topo\/orte\/gm\/gm-tr-02-1\/\">Weiterlesen <span class=\"meta-nav\">&rarr;<\/span><\/a><\/p>\n","protected":false},"author":1,"featured_media":0,"parent":74,"menu_order":0,"comment_status":"closed","ping_status":"closed","template":"","meta":{"footnotes":""},"class_list":["post-9542","page","type-page","status-publish","hentry"],"_links":{"self":[{"href":"https:\/\/www.topohvar.at\/topo\/wp-json\/wp\/v2\/pages\/9542","targetHints":{"allow":["GET"]}}],"collection":[{"href":"https:\/\/www.topohvar.at\/topo\/wp-json\/wp\/v2\/pages"}],"about":[{"href":"https:\/\/www.topohvar.at\/topo\/wp-json\/wp\/v2\/types\/page"}],"author":[{"embeddable":true,"href":"https:\/\/www.topohvar.at\/topo\/wp-json\/wp\/v2\/users\/1"}],"replies":[{"embeddable":true,"href":"https:\/\/www.topohvar.at\/topo\/wp-json\/wp\/v2\/comments?post=9542"}],"version-history":[{"count":11,"href":"https:\/\/www.topohvar.at\/topo\/wp-json\/wp\/v2\/pages\/9542\/revisions"}],"predecessor-version":[{"id":64209,"href":"https:\/\/www.topohvar.at\/topo\/wp-json\/wp\/v2\/pages\/9542\/revisions\/64209"}],"up":[{"embeddable":true,"href":"https:\/\/www.topohvar.at\/topo\/wp-json\/wp\/v2\/pages\/74"}],"wp:attachment":[{"href":"https:\/\/www.topohvar.at\/topo\/wp-json\/wp\/v2\/media?parent=9542"}],"curies":[{"name":"wp","href":"https:\/\/api.w.org\/{rel}","templated":true}]}}

<p><a name="seite_oben"></a><br />
<strong><img loading="lazy" decoding="async" class="alignleft wp-image-24224 size-large" src="https://www.topohvar.at/wp-content/uploads/2019/10/gm-tr-02-22-1024x503.jpg" alt="" width="640" height="314" srcset="https://www.topohvar.at/wp-content/uploads/2019/10/gm-tr-02-22-1024x503.jpg 1024w, https://www.topohvar.at/wp-content/uploads/2019/10/gm-tr-02-22-300x147.jpg 300w, https://www.topohvar.at/wp-content/uploads/2019/10/gm-tr-02-22-768x377.jpg 768w, https://www.topohvar.at/wp-content/uploads/2019/10/gm-tr-02-22.jpg 1080w" sizes="auto, (max-width: 640px) 100vw, 640px" /></strong></p>
<p><strong>Ime / Name<br />
</strong>Trim »GM-TR-02«</p>
<p><strong>Code: </strong>GM-TR-02                              <strong>        <a href="https://www.topohvar.at/orte/gm/gm-tr-00-1/"><img loading="lazy" decoding="async" class="alignnone wp-image-12300 size-full" src="https://www.topohvar.at/wp-content/uploads/2018/09/push-vor-30.jpg" alt="" width="61" height="30" /></a> <a href="https://www.topohvar.at/orte/gm/gm-tr-01-1/"><img loading="lazy" decoding="async" class="alignnone wp-image-533 size-full" src="https://www.topohvar.at/wp-content/uploads/2018/07/push-l-30.jpg" alt="" width="61" height="30" /></a> <a href="https://www.topohvar.at/orte/gm/"><img loading="lazy" decoding="async" class="alignnone wp-image-535 size-full" src="https://www.topohvar.at/wp-content/uploads/2018/07/push-o-30.jpg" alt="" width="61" height="30" /></a> <a href="https://www.topohvar.at/orte/gm/gm-tr-03-1/"><img loading="lazy" decoding="async" class="alignnone wp-image-536 size-full" src="https://www.topohvar.at/wp-content/uploads/2018/07/push-r-30.jpg" alt="" width="61" height="30" /></a>     </strong></p>
<hr />
<p><strong>Adresa / Adresse<br />
</strong>Malo Grablje</p>
<p><strong>Lokacija / Position<a href="https://goo.gl/maps/jVzWgCzYyt6HmQiH8"><img loading="lazy" decoding="async" class="alignright wp-image-9588" src="https://www.topohvar.at/wp-content/uploads/2018/09/0140.jpg" alt="" width="133" height="100" /></a><br />
</strong><span style="color: #3366ff;"><a style="color: #3366ff;" href="https://goo.gl/maps/jVzWgCzYyt6HmQiH8">Latitude: N 43,17389°    Longitude: E 16,51210° </a></span><strong><br />
</strong>Visina / Höhe: 289 m</p>
<p><strong>Katastarska čestica </strong><strong>/ Grundstücke<br />
</strong>94/13<div class='content-column one_half'><div style="padding-right:6px;"><p><strong>Datum snimanja / Erfassungsdatum<br />
</strong>12.10.2013 11:43:36</p>
<hr />
<p><strong>Informacije</strong></p>
<p>Mali trim smješten je na seoskoj cesti koja vodi od puta Selca-Brusje do Malog Grablja. Jednostepen trim stoji na rubu livade, a leđa su u blago nagnutoj planinskoj padini. Ulaz u interijer nepravilnog oblika bio je blokiran trnjem živice.</p></div></div><div class='content-column one_half last_column'><div style="padding-right:0px;padding-left:6px;"><p><strong>Stupanj zaštite </strong><strong>/ Schutzstellung<br />
</strong>&#8211;</p>
<hr />
<p><strong>Info</strong></p>
<p>Der kleine Trim befindet sich am Wirtschaftsweg, der von der Straße Selca-Brusje nach Malo Grablje führt. Der einstufige Trim steht am Wiesenrand und steckt mit seiner Rückseite im leicht geneigten Berghang. Der Eingang zum unregelmäßig geformten Innenraum war durch eine Dornenhecke versperrt.</p></div></div><div class='clear_column'></div><div class='content-column one_half'><div style="padding-right:6px;"><div id="attachment_24657" style="width: 310px" class="wp-caption aligncenter"><img loading="lazy" decoding="async" aria-describedby="caption-attachment-24657" class="size-full wp-image-24657" src="https://www.topohvar.at/wp-content/uploads/2019/12/gm-tr-02-21.jpg" alt="" width="300" height="300" srcset="https://www.topohvar.at/wp-content/uploads/2019/12/gm-tr-02-21.jpg 300w, https://www.topohvar.at/wp-content/uploads/2019/12/gm-tr-02-21-150x150.jpg 150w" sizes="auto, (max-width: 300px) 100vw, 300px" /><p id="caption-attachment-24657" class="wp-caption-text">Ulaz / Eingang</p></div>
<p>Dana 26.09.2019 trim je posjećen i pronađen je sljedeći</p>
<p>Lokacija: livada, vrba<br />
Podzemlje: padina<br />
Sklop: kameni zid<br />
Upotreba: ne koristi<br />
Stanje izgradnje: dobro sačuvan<br />
Broj prstenova trima: jedan prsten<br />
Dodatni kameni prsten: nema kamenog prstena<br />
Stepenište: nema stepenica<br />
Oblik kamena: uglast<br />
Područje ispred ulaza: šipak<br />
Vrata na stranicu: JZ (220°)<br />
Promjer trima (cm): 300<br />
Visina trima (cm): 190<br />
Visina prstena (cm): 180<br />
Debljina zida (cm): 80<br />
Širina vrata (cm): 85<br />
Visina vrata (cm): 100<br />
Širina unutra (cm): 130 &#8211; 140<br />
Visina unutra (cm): 150<br />
Volumen iznutra (m3): 1,66<br />
Nema niše</p></div></div><div class='content-column one_half last_column'><div style="padding-right:0px;padding-left:6px;"><div id="attachment_24658" style="width: 310px" class="wp-caption aligncenter"><img loading="lazy" decoding="async" aria-describedby="caption-attachment-24658" class="size-full wp-image-24658" src="https://www.topohvar.at/wp-content/uploads/2019/12/gm-tr-02-23.jpg" alt="" width="300" height="300" srcset="https://www.topohvar.at/wp-content/uploads/2019/12/gm-tr-02-23.jpg 300w, https://www.topohvar.at/wp-content/uploads/2019/12/gm-tr-02-23-150x150.jpg 150w" sizes="auto, (max-width: 300px) 100vw, 300px" /><p id="caption-attachment-24658" class="wp-caption-text">Pogled na jugoistok / Blick nach Südosten</p></div>
<p>Am 26.09.2019 wurde der Trim besucht und untersucht</p>
<p>Standort: Wiese, Weide<br />
Untergrund: Hanglage<br />
Verbunden mit: Steinmauer<br />
Nutzung: ungenutzt<br />
Zustand: gut erhalten<br />
Ringe/Stufen des Trim: einstufig<br />
Zusätzlicher Steinring: kein Steinring<br />
Stiege: keine Stufen<br />
Steinform: kantig<br />
Eingangsbereich: Dornenhecke<br />
Eingangsseite: SW (220°)<br />
Trimdurchmesser (cm): 300<br />
Trimhöhe (cm): 190<br />
Stufen/Ringhöhe (cm): 180<br />
Wandstärke: 80<br />
Türbreite (cm): 85<br />
Türhöhe (cm): 100<br />
Innenraumbreite (cm): 130 &#8211; 140<br />
Innenraumhöhe (cm): 150<br />
Raumvolumen (m3): 1,66<br />
Keine Nische</p></div></div><div class='clear_column'></div></p>
<p style="text-align: right;"><span style="color: #3366ff;"><a style="color: #3366ff;" href="#seite_oben">natrag na vrh / Seitenanfang</a></span></p>
<p><img loading="lazy" decoding="async" class="aligncenter size-full wp-image-24656" src="https://www.topohvar.at/wp-content/uploads/2019/12/gm-tr-02-sca.jpg" alt="" width="600" height="915" srcset="https://www.topohvar.at/wp-content/uploads/2019/12/gm-tr-02-sca.jpg 600w, https://www.topohvar.at/wp-content/uploads/2019/12/gm-tr-02-sca-197x300.jpg 197w" sizes="auto, (max-width: 600px) 100vw, 600px" /></p>
<hr />
<p><strong>Linkovi / Links</strong></p>
<p>&#8211;</p>
