{"id":9775,"date":"2018-09-05T15:05:26","date_gmt":"2018-09-05T13:05:26","guid":{"rendered":"https:\/\/www.topohvar.at\/?page_id=9775"},"modified":"2020-02-07T17:24:19","modified_gmt":"2020-02-07T16:24:19","slug":"gv-is-04-1","status":"publish","type":"page","link":"https:\/\/www.topohvar.at\/topo\/orte\/gv\/gv-is-04-1\/","title":{"rendered":"VELO GRABLJE &#8211; Spomen plo\u010da \u00bbDon Ante Petri\u0107\u00ab"},"content":{"rendered":"<p><strong><img loading=\"lazy\" decoding=\"async\" class=\"alignnone wp-image-9622 size-large\" src=\"https:\/\/www.topohvar.at\/wp-content\/uploads\/2018\/09\/GV-IS-04-0-1024x503.jpg\" alt=\"\" width=\"640\" height=\"314\" srcset=\"https:\/\/www.topohvar.at\/wp-content\/uploads\/2018\/09\/GV-IS-04-0-1024x503.jpg 1024w, https:\/\/www.topohvar.at\/wp-content\/uploads\/2018\/09\/GV-IS-04-0-300x147.jpg 300w, https:\/\/www.topohvar.at\/wp-content\/uploads\/2018\/09\/GV-IS-04-0-768x377.jpg 768w, https:\/\/www.topohvar.at\/wp-content\/uploads\/2018\/09\/GV-IS-04-0.jpg 1080w\" sizes=\"auto, (max-width: 640px) 100vw, 640px\" \/><\/strong><\/p>\n<p><strong>Ime \/ Name<br \/>\n<\/strong>Spomen plo\u010da \/ Gedenktafel \u00bbDon Ante Petri\u0107\u00ab<\/p>\n<p><strong>Code: <\/strong>GV-IS-04\u00a0 \u00a0 \u00a0 \u00a0 \u00a0 \u00a0 \u00a0 \u00a0 \u00a0 \u00a0 \u00a0 \u00a0 \u00a0 \u00a0 \u00a0 \u00a0 \u00a0 \u00a0<a href=\"https:\/\/www.topohvar.at\/orte\/gv\/gv-ip-01-1\/\"><img loading=\"lazy\" decoding=\"async\" class=\"alignnone wp-image-12300 size-full\" src=\"https:\/\/www.topohvar.at\/wp-content\/uploads\/2018\/09\/push-vor-30.jpg\" alt=\"\" width=\"61\" height=\"30\" \/><\/a>\u00a0<strong><a href=\"https:\/\/www.topohvar.at\/orte\/gv\/gv-is-03-1\/\"><img loading=\"lazy\" decoding=\"async\" class=\"alignnone wp-image-533 size-full\" src=\"https:\/\/www.topohvar.at\/wp-content\/uploads\/2018\/07\/push-l-30.jpg\" alt=\"\" width=\"61\" height=\"30\" \/><\/a> <a href=\"https:\/\/www.topohvar.at\/orte\/gv\/\"><img loading=\"lazy\" decoding=\"async\" class=\"alignnone wp-image-535 size-full\" src=\"https:\/\/www.topohvar.at\/wp-content\/uploads\/2018\/07\/push-o-30.jpg\" alt=\"\" width=\"61\" height=\"30\" \/><\/a> <a href=\"https:\/\/www.topohvar.at\/orte\/gv\/gv-is-06-1\/\"><img loading=\"lazy\" decoding=\"async\" class=\"alignnone wp-image-536 size-full\" src=\"https:\/\/www.topohvar.at\/wp-content\/uploads\/2018\/07\/push-r-30.jpg\" alt=\"\" width=\"61\" height=\"30\" \/><\/a><\/strong><\/p>\n<hr \/>\n<p><strong>Adresa \/ Adresse<br \/>\n<\/strong>Velo Grablje 66<\/p>\n<p><strong>Lokalna polo\u017eaj \/ Position<a href=\"https:\/\/goo.gl\/maps\/WzT87XFHco12GVwm8\"><img loading=\"lazy\" decoding=\"async\" class=\"alignright wp-image-10104\" src=\"https:\/\/www.topohvar.at\/wp-content\/uploads\/2018\/09\/0172.jpg\" alt=\"\" width=\"133\" height=\"100\" \/><\/a><br \/>\n<\/strong><span style=\"color: #3366ff;\"><a style=\"color: #3366ff;\" href=\"https:\/\/goo.gl\/maps\/WzT87XFHco12GVwm8\">Latitude: N 43,17007\u00b0\u00a0 \u00a0Longitude: E 16,52128\u00b0<\/a> <\/span><strong><br \/>\n<\/strong>Visina \/ H\u00f6he: 283 m<\/p>\n<p><strong>Zemlji\u0161te \/ Grundst\u00fccke<br \/>\n<\/strong>*137\u00a0<div class='content-column one_half'><div style=\"padding-right:6px;\"><p><strong>Datum snimanja \/ Erfassungsdatum<br \/>\n<\/strong>18.10.2014 11:39:59<\/p>\n<hr \/>\n<p><strong>Informacije<\/strong><\/p>\n<p>Spomen plo\u010da na rodnoj ku\u0107i Don Ante Petri\u0107a podignuta je 2007. godine na prijedlog udruge <em>Pjover<\/em>.<\/p><\/div><\/div><div class='content-column one_half last_column'><div style=\"padding-right:0px;padding-left:6px;\"><p><strong>Za\u0161titni polo\u017eaj \/ Schutzstellung<br \/>\n<\/strong>&#8211;<\/p>\n<hr \/>\n<p><strong>Info<\/strong><\/p>\n<p>Die Gedenktafel am Geburtshaus des Don Ante Petri\u0107 wurde 2007 auf Vorschlag des Vereins <em>Pjover<\/em>\u00a0errichtet.<\/p><\/div><\/div><div class='clear_column'><\/div><div class='content-column one_half'><div style=\"padding-right:6px;\"><p style=\"text-align: center;\">U OVOJ JE KU\u0106I RO\u0110EN<br \/>\n<strong>DON ANTE PETRI\u0106<\/strong><br \/>\n30.8.1869. \u2013 20.8.1917.<br \/>\nOSNIVA\u010c RUZMARINSKE ZADRUGE 1892.<br \/>\nI SEOSKE BLAGAJNE 1893.<\/p>\n<p style=\"text-align: center;\">MINISTARSTVO POLJOPRIVREDE. \u0160UMARSTVA<br \/>\nI VODNOG GOSPODARSTVA<br \/>\nREPUBLIKE HRVATSKE<\/p>\n<p style=\"text-align: center;\">VELO GRABLJE 10.6.2007.<\/p><\/div><\/div><div class='content-column one_half last_column'><div style=\"padding-right:0px;padding-left:6px;\"><p style=\"text-align: center;\">In diesem Haus wurde geboren<br \/>\n<strong>Don Ante Petri\u0107<\/strong><br \/>\n30. 8. 1869 \u2013 20. 8. 1917<br \/>\nGr\u00fcnder der Rosmarin Genossenschaft 1892<br \/>\nund Dorfkassa im Jahr 1893.<\/p>\n<p style=\"text-align: center;\">Ministerium f\u00fcr Land-, Forst-<br \/>\nund Wasserwirtschaft<br \/>\nder Republik Kroatien.<\/p>\n<p style=\"text-align: center;\">Velo Grablje, am 10. 6. 2007.<\/p><\/div><\/div><div class='clear_column'><\/div><\/p>\n<hr \/>\n<div class='content-column one_half'><div style=\"padding-right:6px;\"><p><strong>Don Ante Petri\u0107<\/strong> sin lvana (1836.), Pi\u0107etov, ro\u0111enje u Velome Grablju 30. kolovoza 1869. godine. Pu\u010dku \u0161kolu je Tone polazio i zavr\u0161io u Velom Grablju, kod u\u010ditelja Mate Novaka-Batine, klasi\u010dnu gimnaziju zavr\u0161io je u Splitu, a studirao je na bogosloviji u Zadru. Bio je kapelan, pa \u017eupni pomo\u0107nik u Supetru 1893.-1895; \u017eupnik u Sv. Nedjelji 1895 .-1907. i kona\u010dno \u017eupnik rodnog Velog Grablja 1907.-1917. Godine.<\/p><\/div><\/div><div class='content-column one_half last_column'><div style=\"padding-right:0px;padding-left:6px;\"><p><strong>Don Ante Petri\u0107,<\/strong> Sohn des Ivan (1836), Pi\u0107etov, wurde in Veljo Grablje am 30. August 1869 geboren. Toni besuchte die Volksschule in Velo Grablje bei Lehrer Mate Novak-Batina, absolvierte das klassische Gymnasium in Split und studierte Theologie in Zadar. Er war Kaplan, und Pfarrer in Supetar 1893.-1895; Pfarrer in Sveti Nedjelja 1895-1907 und wirkte schlie\u00dflich als Pfarrer in Velo Grablje von 1907 bis 1917.<\/p><\/div><\/div><div class='clear_column'><\/div><div class='content-column one_half'><div style=\"padding-right:6px;\"><p>Kako bi se te\u017eaci nekako suprotstavili nevoljama u poljoprivrednoj proizvodnji i prodaji proizvoda, don Ante Petri\u0107 i te\u017eaci Marin Tudor pok. lvana, Dinko Tudor sin lvanov, Jakov Tudor pok. Jakova, lvan Zaninovi\u0107 pok Ante, Lav Zorani\u0107 pok. Ante, Nikola Tomi\u010di\u0107 pok. Jurja, Marin Juri\u0107 pok. Dinka i Josip Budrovi\u0107 pok. Jurja, osnovali su 1892. u Velom Grablju \u201eRuzmarinsku zadrugu\u201c <em>da se zajedni\u010dkim silam olakoti radnja i ove\u0107a dobitak ovog starog grabaljskog obrta<\/em>. To je bila prva zadruga u Hrvatskoj koja se bavila proizvodnjom i prodajom eteri\u010dnih ulja. Smatrao je da su za na\u0161e prilike prikladne zadruge-blagajne po uzoru na njema\u010dke koje su stvorene 1848. godine. Poznati inicijatori takvog zadru\u017enog pokreta bili su Friedrich Wilhelm Raiffeisen i Hermann Schulzu -Delitzsch (na njihovim je osnovama Austrija 1873. g. donijela <em>Zakon o osnivanju blagajna za \u0161tednju i zajmove, <\/em>koji je va\u017eio i za Dalmaciju).<\/p><\/div><\/div><div class='content-column one_half last_column'><div style=\"padding-right:0px;padding-left:6px;\"><p>Um den Schwierigkeiten der Bauern bei der landwirtschaftlichen Produktion und dem Verkauf von Produkten irgendwie entgegenzuwirken, haben Don Ante Petri\u0107 und die Landwirte Marin Tudor gen. Ivan, Dinko Tudor, Sohn des Ivanov, Jakob Tudor gen. Jakob, Ivan Zaninovi\u0107 gen. Ante, Lav Zorani\u0107 gen. Ante, Nikola Tomi\u010di\u0107 gen. Jurja, Marin Juri\u0107 gen. Dinko und Josip Budrovi\u0107 gen. Juraj, im Jahr 1892 die &#8222;Rosmarin-Genossenschaft&#8220; in Velo Grablje gegr\u00fcndet <em>um durch gemeinsame Arbeit Gewinn aus diesem alten Grabljaner Handwerk zu erzwingen<\/em>. Es war die erste Genossenschaft in Kroatien, die sich mit der Herstellung und dem Verkauf von \u00e4therischen \u00d6len besch\u00e4ftigte. Er glaubte, dass Genossenschaftskassen, die den 1848 entstandenen deutschen nachempfunden waren, f\u00fcr diesen Zweck geeignet waren. Bekannte Initiatoren solcher Genossenschaftsbewegung waren Friedrich Wilhelm Raiffeisen und Hermann Schulz-Delitzsch (auf deren Grundlage \u00d6sterreich 1873 das <em>Gesetz \u00fcber die Errichtung von Sparkassen und Darlehen<\/em> erlie\u00df, das auch f\u00fcr Dalmatien galt).<\/p><\/div><\/div><div class='clear_column'><\/div><div class='content-column one_half'><div style=\"padding-right:6px;\"><p>Don Tone je umro s nepunih 48 godina, u Velom Grablju 20. kolovoza 1917. i pokopan na mjesnom groblju, u bratimskoj grobnici.<\/p><\/div><\/div><div class='content-column one_half last_column'><div style=\"padding-right:0px;padding-left:6px;\"><p>Don &#8222;Toni&#8220; starb im Alter von 48 Jahren in Velo Grablje am 20. August 1917 und wurde am \u00f6rtlichen Friedhof in einem Grab der Bruderschaft begraben.<\/p><\/div><\/div><div class='clear_column'><\/div><\/p>\n<hr \/>\n<p><strong>Linkovi \/ Links<\/strong><\/p>\n<p><span style=\"color: #3366ff;\"><a style=\"color: #3366ff;\" href=\"https:\/\/www.topohvar.at\/orte\/gv\/gv-tg-07-1\/\">Ku\u0107a Don Ante Petri\u0107a \/ Haus des Don Anton\u00a0Petri\u0107<\/a><br \/>\n<a style=\"color: #3366ff;\" href=\"https:\/\/www.topohvar.at\/orte\/gv\/gv-tg-04-1\/\">Zgrada javne \u00bbPoljoprivredna Zadruga\u00ab \/ Geb\u00e4ude der landwirtschaftlichen Genossenschaft<\/a><br \/>\n<a style=\"color: #3366ff;\" href=\"https:\/\/www.topohvar.at\/orte\/gv\/gv-tg-03-1\/\">Zgrada gospodarske \u00bbDestilerija lavandina i ru\u017emarinova ulja\u00ab \/ Destillerie f\u00fcr Lavendel- und Rosmarin\u00f6l<\/a><\/span><\/p>\n","protected":false},"excerpt":{"rendered":"<p>Ime \/ Name Spomen plo\u010da \/ Gedenktafel \u00bbDon Ante Petri\u0107\u00ab Code: GV-IS-04\u00a0 \u00a0 \u00a0 \u00a0 \u00a0 \u00a0 \u00a0 \u00a0 \u00a0 \u00a0 \u00a0 \u00a0 \u00a0 \u00a0 \u00a0 \u00a0 \u00a0 \u00a0\u00a0 Adresa \/ Adresse Velo Grablje 66 Lokalna polo\u017eaj \/ Position Latitude: &hellip; <a href=\"https:\/\/www.topohvar.at\/topo\/orte\/gv\/gv-is-04-1\/\">Weiterlesen <span class=\"meta-nav\">&rarr;<\/span><\/a><\/p>\n","protected":false},"author":1,"featured_media":0,"parent":76,"menu_order":0,"comment_status":"closed","ping_status":"closed","template":"","meta":{"footnotes":""},"class_list":["post-9775","page","type-page","status-publish","hentry"],"_links":{"self":[{"href":"https:\/\/www.topohvar.at\/topo\/wp-json\/wp\/v2\/pages\/9775","targetHints":{"allow":["GET"]}}],"collection":[{"href":"https:\/\/www.topohvar.at\/topo\/wp-json\/wp\/v2\/pages"}],"about":[{"href":"https:\/\/www.topohvar.at\/topo\/wp-json\/wp\/v2\/types\/page"}],"author":[{"embeddable":true,"href":"https:\/\/www.topohvar.at\/topo\/wp-json\/wp\/v2\/users\/1"}],"replies":[{"embeddable":true,"href":"https:\/\/www.topohvar.at\/topo\/wp-json\/wp\/v2\/comments?post=9775"}],"version-history":[{"count":12,"href":"https:\/\/www.topohvar.at\/topo\/wp-json\/wp\/v2\/pages\/9775\/revisions"}],"predecessor-version":[{"id":30792,"href":"https:\/\/www.topohvar.at\/topo\/wp-json\/wp\/v2\/pages\/9775\/revisions\/30792"}],"up":[{"embeddable":true,"href":"https:\/\/www.topohvar.at\/topo\/wp-json\/wp\/v2\/pages\/76"}],"wp:attachment":[{"href":"https:\/\/www.topohvar.at\/topo\/wp-json\/wp\/v2\/media?parent=9775"}],"curies":[{"name":"wp","href":"https:\/\/api.w.org\/{rel}","templated":true}]}}