{"id":9799,"date":"2018-09-05T15:28:15","date_gmt":"2018-09-05T13:28:15","guid":{"rendered":"https:\/\/www.topohvar.at\/?page_id=9799"},"modified":"2025-05-22T11:52:24","modified_gmt":"2025-05-22T09:52:24","slug":"gv-ob-01-1","status":"publish","type":"page","link":"https:\/\/www.topohvar.at\/topo\/orte\/gv\/gv-ob-01-1\/","title":{"rendered":"VELO GRABLJE &#8211; Objekt \u00bbVapnenica na Roskarsnicu\u00ab"},"content":{"rendered":"<p><a name=\"seite_oben\"><\/a><strong><img loading=\"lazy\" decoding=\"async\" class=\"alignnone wp-image-9633 size-large\" src=\"https:\/\/www.topohvar.at\/wp-content\/uploads\/2018\/09\/GV-OB-01-0-1024x503.jpg\" alt=\"\" width=\"640\" height=\"314\" srcset=\"https:\/\/www.topohvar.at\/wp-content\/uploads\/2018\/09\/GV-OB-01-0-1024x503.jpg 1024w, https:\/\/www.topohvar.at\/wp-content\/uploads\/2018\/09\/GV-OB-01-0-300x147.jpg 300w, https:\/\/www.topohvar.at\/wp-content\/uploads\/2018\/09\/GV-OB-01-0-768x377.jpg 768w, https:\/\/www.topohvar.at\/wp-content\/uploads\/2018\/09\/GV-OB-01-0.jpg 1080w\" sizes=\"auto, (max-width: 640px) 100vw, 640px\" \/><\/strong><\/p>\n<p><strong>Ime \/ Name<br \/>\n<\/strong>Objekt \u00bbVapnenica na Roskarsnicu\u00ab \/ Kalkofen auf Roskarnica<\/p>\n<p><strong>Code: <\/strong>GV-OB-01\u00a0 \u00a0 \u00a0 \u00a0 \u00a0 \u00a0 \u00a0 \u00a0 \u00a0 \u00a0 \u00a0 \u00a0 \u00a0 \u00a0 \u00a0 \u00a0<strong><a href=\"https:\/\/www.topohvar.at\/orte\/gv\/gv-og-01-1\/\"><img loading=\"lazy\" decoding=\"async\" class=\"alignnone wp-image-12300 size-full\" src=\"https:\/\/www.topohvar.at\/wp-content\/uploads\/2018\/09\/push-vor-30.jpg\" alt=\"\" width=\"61\" height=\"30\" \/><\/a> <a href=\"https:\/\/www.topohvar.at\/orte\/gv\/gv-ob-04-1\/\"><img loading=\"lazy\" decoding=\"async\" class=\"alignnone wp-image-533 size-full\" src=\"https:\/\/www.topohvar.at\/wp-content\/uploads\/2018\/07\/push-l-30.jpg\" alt=\"\" width=\"61\" height=\"30\" \/><\/a> <a href=\"https:\/\/www.topohvar.at\/orte\/gv\/\"><img loading=\"lazy\" decoding=\"async\" class=\"alignnone wp-image-535 size-full\" src=\"https:\/\/www.topohvar.at\/wp-content\/uploads\/2018\/07\/push-o-30.jpg\" alt=\"\" width=\"61\" height=\"30\" \/><\/a> <a href=\"https:\/\/www.topohvar.at\/orte\/gv\/gv-ob-02-1\/\"><img loading=\"lazy\" decoding=\"async\" class=\"alignnone wp-image-536 size-full\" src=\"https:\/\/www.topohvar.at\/wp-content\/uploads\/2018\/07\/push-r-30.jpg\" alt=\"\" width=\"61\" height=\"30\" \/><\/a> <a href=\"https:\/\/www.topohvar.at\/orte\/gv\/gv-on-01-1\/\"><img loading=\"lazy\" decoding=\"async\" class=\"alignnone wp-image-12299 size-full\" src=\"https:\/\/www.topohvar.at\/wp-content\/uploads\/2018\/09\/push-next-30.jpg\" alt=\"\" width=\"61\" height=\"30\" \/><\/a><\/strong><\/p>\n<hr \/>\n<p><strong>Adresa \/ Adresse<br \/>\n<\/strong>Velo Grablje, Roskarnica<\/p>\n<p><strong>Lokacija \/ Position<a href=\"https:\/\/goo.gl\/maps\/ptB33ZSdBXtSt8N26\"><img loading=\"lazy\" decoding=\"async\" class=\"alignright wp-image-10087\" src=\"https:\/\/www.topohvar.at\/wp-content\/uploads\/2018\/09\/1508.jpg\" alt=\"\" width=\"134\" height=\"100\" \/><\/a><br \/>\n<\/strong><span style=\"color: #3366ff;\"><a style=\"color: #3366ff;\" href=\"https:\/\/goo.gl\/maps\/ptB33ZSdBXtSt8N26\">Latitude: N 43,16734\u00b0\u00a0 \u00a0Longitude: E 16,53726\u00b0<\/a><\/span> <strong><br \/>\n<\/strong>Visina \/ H\u00f6he: 350 m<\/p>\n<p><strong>Katastarska \u010destica \/ Grundst\u00fccke<br \/>\n<\/strong>7459\/72 <div class='content-column one_half'><div style=\"padding-right:6px;\"><p><strong>Datum snimanja \/ Erfassungsdatum<br \/>\n<\/strong>20.05.2013 18:31:51<\/p>\n<hr \/>\n<p><strong>Informacije<\/strong><\/p>\n<p>Vapnenica na Roskarsnicu &#8211; 1914. god.<\/p>\n<p>Paljene vapnenica je prastari, od anti\u010dki vremena, na\u010din za dobivanje vapna, a vapnarstvo je bilo zna\u010dajna privredna grana na hvarskom podru\u010dju. Vapno (kla\u010dina) se do sredine dvadesetog stolje\u0107a koristilo kao vezivna tvar u gra\u0111evinarstvu i bojanja ku\u0107a.<\/p><\/div><\/div><div class='content-column one_half last_column'><div style=\"padding-right:0px;padding-left:6px;\"><p><strong>Stupanj za\u0161tite \/ Schutzstellung<br \/>\n<\/strong>&#8211;<\/p>\n<hr \/>\n<p><strong>Info<\/strong><\/p>\n<p>Kalkofen am Roskarnica aus dem Jahr 1914.<\/p>\n<p>Die Kalkbrennerei als Verfahren zur Herstellung von Kalk ist uralt und stellte eine bedeutende Industrie auf Hvar dar. Kalk (kla\u010dina) wurde bis Mitte des 20. Jahrhunderts als Bindemittel im Bauwesen und zum Bemalen der H\u00e4user verwendet.<\/p><\/div><\/div><div class='clear_column'><\/div><div class='content-column one_half'><div style=\"padding-right:6px;\"><p>Kada je japjenica bila napravljena i spremna za paljenje do\u0161la je mobilizacija za vojsku jer je zapo\u010deo Prvi svjetski rat. I tako je do danas ostao sa\u010duvan ovaj raritetni spomenik tradicijske arhitekture. Arhitektonski oblik vapnenica je vrlo specifi\u010dan i u graditeljskoj je tradiciji starih mediteranskih kultura.<\/p><\/div><\/div><div class='content-column one_half last_column'><div style=\"padding-right:0px;padding-left:6px;\"><p>Als dieser Kalkofen fertiggestellt wurde und bereit f\u00fcr den Brand war, erfolgte die Mobilisierung f\u00fcr die Armee &#8211; es begann der Erste Weltkrieg. So ist das Bauwerk als seltenes Denkmal der traditionellen Architektur erhalten geblieben. Die architektonische Form der Kalk\u00f6fen ist sehr spezifisch in der architektonischen Tradition der antiken Mittelmeerkulturen.<\/p><\/div><\/div><div class='clear_column'><\/div><\/p>\n<p><img loading=\"lazy\" decoding=\"async\" class=\"aligncenter size-full wp-image-69258\" src=\"https:\/\/www.topohvar.at\/wp-content\/uploads\/2024\/07\/gv-ob-01-10.jpg\" alt=\"\" width=\"1080\" height=\"736\" srcset=\"https:\/\/www.topohvar.at\/wp-content\/uploads\/2024\/07\/gv-ob-01-10.jpg 1080w, https:\/\/www.topohvar.at\/wp-content\/uploads\/2024\/07\/gv-ob-01-10-300x204.jpg 300w, https:\/\/www.topohvar.at\/wp-content\/uploads\/2024\/07\/gv-ob-01-10-1024x698.jpg 1024w, https:\/\/www.topohvar.at\/wp-content\/uploads\/2024\/07\/gv-ob-01-10-768x523.jpg 768w\" sizes=\"auto, (max-width: 1080px) 100vw, 1080px\" \/><\/p>\n<div class='content-column one_half'><div style=\"padding-right:6px;\"><p>Vapnenica se gradi postupnim slaganjem neobra\u0111enoga i grubo obra\u0111enoga kamena vapnenca u dva koncentri\u010dna kruga oko sredi\u0161njega kupolastoga lo\u017ei\u0161ta s ulaznim \u00bbvratima\u00ab napravljenima od dvaju bo\u010dnih okomitih i jednoga vodoravnoga kamena. Vrata su dovoljno velika da omogu\u0107uju nesmetano ubacivanje snopova granja, ali istodobno dovoljno malena da \u010duvaju toplinu. Vapnenica se prema vrhu postupno su\u017eava, a visina joj od praga do vrha ne smije biti ve\u0107a od promjera. Na kraju gradnje oko nje se poslo\u017ee okomito usa\u0111eni kolci povezani \u010deli\u010dnom \u017eicom. Vrh se zapuni zemljom i pepelom od prija\u0161nje gradnje kako bi se u unutra\u0161njosti \u0161to bolje o\u010duvala toplina. Naj\u010de\u0161\u0107e se pali u kasno prolje\u0107e, a gradi se i opskrbljuje drvima tijekom zime.<\/p><\/div><\/div><div class='content-column one_half last_column'><div style=\"padding-right:0px;padding-left:6px;\"><p>Der Kalkofen wurde gebaut, indem unbehandelter und grob bearbeiteter Kalkstein in zwei konzentrischen Kreisen um einen zentralen gew\u00f6lbten Herd mit einer Eingangst\u00fcr aus zwei vertikalen und einem horizontalen Stein nach und nach gestapelt wird. Die T\u00fcr ist gro\u00df genug, um Zweige ungehindert b\u00fcndeln zu k\u00f6nnen, aber gleichzeitig klein genug, um W\u00e4rme zu speichern. Der Ofen verj\u00fcngt sich allm\u00e4hlich nach oben, und seine H\u00f6he von der Schwelle bis zur Spitze darf den Durchmesser nicht \u00fcberschreiten. Am Ende der Konstruktion werden vertikal gepflanzte Pf\u00e4hle, die mit Stahlseilen verbunden sind, darum herum angeordnet. Seine Oberseite wird mit Erde und Asche aus einem vorherigen Brand bedeckt, um die W\u00e4rme im Inneren besser zu halten. Er wird meistens im sp\u00e4ten Fr\u00fchling angez\u00fcndet und im Winter gebaut und mit Holz versorgt.<\/p><\/div><\/div><div class='clear_column'><\/div><div class='content-column one_half'><div style=\"padding-right:6px;\"><p>Kao gorivo rabe se snopovi granja sredozemne makije. Vrijeme pe\u010denja ovisi o veli\u010dini vapnenice, a veli\u010dina o broju ljudi koji je grade. Mo\u017ee gorjeti 6\u201314 dana. Na kraju postupka vapnenac se pretvara u \u017eivo vapno, a ono s vodom postaje ga\u0161eno vapno.<\/p><\/div><\/div><div class='content-column one_half last_column'><div style=\"padding-right:0px;padding-left:6px;\"><p>Als Brennstoff werden Garben mediterraner Macchiazweige verwendet. Die Brennzeit h\u00e4ngt von der Gr\u00f6\u00dfe des Kalkofens ab und der Anzahl der Personen, die ihn bauen. Er kann 6-14 Tage brennen. Am Ende des Prozesses wird der Kalkstein zu &#8222;Gebrannten Kalk&#8220; und der mit Wasser zu gel\u00f6schte zu &#8222;Gel\u00f6schten Kalk&#8220;.<\/p><\/div><\/div><div class='clear_column'><\/div><\/p>\n<hr \/>\n<div class='content-column one_half'><div style=\"padding-right:6px;\"><p><img loading=\"lazy\" decoding=\"async\" class=\"aligncenter wp-image-69091 size-full\" src=\"https:\/\/www.topohvar.at\/wp-content\/uploads\/2024\/07\/gv-ob-01-80.jpg\" alt=\"\" width=\"450\" height=\"562\" srcset=\"https:\/\/www.topohvar.at\/wp-content\/uploads\/2024\/07\/gv-ob-01-80.jpg 450w, https:\/\/www.topohvar.at\/wp-content\/uploads\/2024\/07\/gv-ob-01-80-240x300.jpg 240w\" sizes=\"auto, (max-width: 450px) 100vw, 450px\" \/><\/p><\/div><\/div><div class='content-column one_half last_column'><div style=\"padding-right:0px;padding-left:6px;\"><p>&nbsp;<\/p>\n<p style=\"text-align: center;\">Udruga &#8222;Pjover&#8220; iz Velog Grablja na svu sre\u0107u uvijek brine o o\u010duvanju povijesne suhozidne gradnje na otoku Hvaru.<\/p>\n<p style=\"text-align: center;\">&#8211; \/ &#8211;<\/p>\n<p style=\"text-align: center;\">Der Verein &#8222;Pjover&#8220; aus Velo Grablje k\u00fcmmert sich dankenswerter Weise immer wieder um die Erhaltung der historischen Trockensteinbauten auf der Insel Hvar.<\/p><\/div><\/div><div class='clear_column'><\/div><\/p>\n<p style=\"text-align: right;\"><span style=\"color: #3366ff;\"><a style=\"color: #3366ff;\" href=\"#seite_oben\">natrag na vrh \/ Seitenanfang<\/a><\/span><\/p>\n<hr \/>\n<p><strong>Linkovi \/ Links<\/strong><\/p>\n<p><span style=\"color: #3366ff;\"><a style=\"color: #3366ff;\" href=\"https:\/\/www.topohvar.at\/topo\/orte\/gv\/gv-ip-02-1\/\">Informativna plo\u010da \/ Infotafel \u00bbPut Vapnenica \u2013 Sv. Nikole \u2013 Sveta Njedjelja\u00ab<\/a><br \/>\n<a style=\"color: #3366ff;\" href=\"https:\/\/www.pjover.com\/o-nama\/velo-grablje\/\">Udruga\/ Verein &#8222;Pjover&#8220; Velo Grablje<\/a><\/span><\/p>\n<p>Na otoku su sa\u010duvane jo\u0161 dvije vapnenice \/ auf der Insel sind noch weitere zwei Kalk\u00f6fen erhalten:<\/p>\n<p><span style=\"color: #3366ff;\"><a style=\"color: #3366ff;\" href=\"https:\/\/www.topohvar.at\/orte\/br\/br-ob-01-2\/\">Brusje &#8211; Vapnenica \/ Kalkofen in Brusje<\/a>\u00a0<\/span><br \/>\n<a href=\"https:\/\/www.topohvar.at\/orte\/hv\/hv-ob-01-1\/\"><span style=\"color: #3366ff;\">Hvar, Vela Vira &#8211; Vapnenica \/ Kalkofen in Hvar, Vela Vira<\/span><\/a><\/p>\n","protected":false},"excerpt":{"rendered":"<p>Ime \/ Name Objekt \u00bbVapnenica na Roskarsnicu\u00ab \/ Kalkofen auf Roskarnica Code: GV-OB-01\u00a0 \u00a0 \u00a0 \u00a0 \u00a0 \u00a0 \u00a0 \u00a0 \u00a0 \u00a0 \u00a0 \u00a0 \u00a0 \u00a0 \u00a0 \u00a0 Adresa \/ Adresse Velo Grablje, Roskarnica Lokacija \/ Position Latitude: N 43,16734\u00b0\u00a0 &hellip; <a href=\"https:\/\/www.topohvar.at\/topo\/orte\/gv\/gv-ob-01-1\/\">Weiterlesen <span class=\"meta-nav\">&rarr;<\/span><\/a><\/p>\n","protected":false},"author":1,"featured_media":0,"parent":76,"menu_order":0,"comment_status":"closed","ping_status":"closed","template":"","meta":{"footnotes":""},"class_list":["post-9799","page","type-page","status-publish","hentry"],"_links":{"self":[{"href":"https:\/\/www.topohvar.at\/topo\/wp-json\/wp\/v2\/pages\/9799","targetHints":{"allow":["GET"]}}],"collection":[{"href":"https:\/\/www.topohvar.at\/topo\/wp-json\/wp\/v2\/pages"}],"about":[{"href":"https:\/\/www.topohvar.at\/topo\/wp-json\/wp\/v2\/types\/page"}],"author":[{"embeddable":true,"href":"https:\/\/www.topohvar.at\/topo\/wp-json\/wp\/v2\/users\/1"}],"replies":[{"embeddable":true,"href":"https:\/\/www.topohvar.at\/topo\/wp-json\/wp\/v2\/comments?post=9799"}],"version-history":[{"count":25,"href":"https:\/\/www.topohvar.at\/topo\/wp-json\/wp\/v2\/pages\/9799\/revisions"}],"predecessor-version":[{"id":72242,"href":"https:\/\/www.topohvar.at\/topo\/wp-json\/wp\/v2\/pages\/9799\/revisions\/72242"}],"up":[{"embeddable":true,"href":"https:\/\/www.topohvar.at\/topo\/wp-json\/wp\/v2\/pages\/76"}],"wp:attachment":[{"href":"https:\/\/www.topohvar.at\/topo\/wp-json\/wp\/v2\/media?parent=9799"}],"curies":[{"name":"wp","href":"https:\/\/api.w.org\/{rel}","templated":true}]}}