{"id":9815,"date":"2018-09-05T15:45:36","date_gmt":"2018-09-05T13:45:36","guid":{"rendered":"https:\/\/www.topohvar.at\/?page_id=9815"},"modified":"2022-01-02T18:11:31","modified_gmt":"2022-01-02T17:11:31","slug":"gv-og-01-1","status":"publish","type":"page","link":"https:\/\/www.topohvar.at\/topo\/orte\/gv\/gv-og-01-1\/","title":{"rendered":"VELO GRABLJE &#8211; Objekt \u00bbGroblje (novo)\u00ab"},"content":{"rendered":"<p><a name=\"seite_oben\"><\/a><br \/>\n<strong><img loading=\"lazy\" decoding=\"async\" class=\"aligncenter wp-image-23761 size-full\" src=\"https:\/\/www.topohvar.at\/wp-content\/uploads\/2019\/07\/gv-og-01-11.jpg\" alt=\"\" width=\"1080\" height=\"530\" srcset=\"https:\/\/www.topohvar.at\/wp-content\/uploads\/2019\/07\/gv-og-01-11.jpg 1080w, https:\/\/www.topohvar.at\/wp-content\/uploads\/2019\/07\/gv-og-01-11-300x147.jpg 300w, https:\/\/www.topohvar.at\/wp-content\/uploads\/2019\/07\/gv-og-01-11-768x377.jpg 768w, https:\/\/www.topohvar.at\/wp-content\/uploads\/2019\/07\/gv-og-01-11-1024x503.jpg 1024w\" sizes=\"auto, (max-width: 1080px) 100vw, 1080px\" \/><\/strong><\/p>\n<p><strong>Ime \/ Name<br \/>\n<\/strong>Objekt \u00bbGroblje (novo)\u00ab \/ (Neuer) Friedhof<\/p>\n<p><strong>Code: <\/strong>GV-OG-01\u00a0 \u00a0 \u00a0 \u00a0 \u00a0 \u00a0 \u00a0 \u00a0 \u00a0 \u00a0 \u00a0 \u00a0 \u00a0 \u00a0 \u00a0 \u00a0<strong><a href=\"https:\/\/www.topohvar.at\/topo\/orte\/gv\/gv-pu-01-1\/\"><img loading=\"lazy\" decoding=\"async\" class=\"alignnone wp-image-12300 size-full\" src=\"https:\/\/www.topohvar.at\/wp-content\/uploads\/2018\/09\/push-vor-30.jpg\" alt=\"\" width=\"61\" height=\"30\" \/><\/a> <a href=\"https:\/\/www.topohvar.at\/orte\/gv\/\"><img loading=\"lazy\" decoding=\"async\" class=\"alignnone wp-image-535 size-full\" src=\"https:\/\/www.topohvar.at\/wp-content\/uploads\/2018\/07\/push-o-30.jpg\" alt=\"\" width=\"61\" height=\"30\" \/><\/a> <a href=\"https:\/\/www.topohvar.at\/orte\/gv\/gv-ob-01-1\/\"><img loading=\"lazy\" decoding=\"async\" class=\"alignnone wp-image-12299 size-full\" src=\"https:\/\/www.topohvar.at\/wp-content\/uploads\/2018\/09\/push-next-30.jpg\" alt=\"\" width=\"61\" height=\"30\" \/><\/a><\/strong><\/p>\n<hr \/>\n<p><strong>Adresa \/ Adresse<br \/>\n<\/strong>Velo Grablje, Duba\u010dac, groblje<\/p>\n<p><strong>Lokacija \/ Position<img loading=\"lazy\" decoding=\"async\" class=\"alignright wp-image-9984\" src=\"https:\/\/www.topohvar.at\/wp-content\/uploads\/2018\/09\/1178.jpg\" alt=\"\" width=\"133\" height=\"100\" \/><br \/>\n<\/strong><span style=\"color: #3366ff;\"><a style=\"color: #3366ff;\" href=\"https:\/\/goo.gl\/maps\/uVqXwsBmFaBXzt6U7\">Latitude: N 43,16870\u00b0\u00a0 \u00a0Longitude: E 16,52032\u00b0<\/a> <\/span><strong><br \/>\n<\/strong>Visina \/ H\u00f6he: 288 m<\/p>\n<p><strong>Katastarska \u010destica \/ Grundst\u00fccke<br \/>\n<\/strong>*428, 4036, 4051, 4054\u00a0<div class='content-column one_half'><div style=\"padding-right:6px;\"><p><strong>Datum snimanja \/ Erfassungsdatum<br \/>\n<\/strong>23.09.2015 16:40:00<\/p>\n<hr \/>\n<p><strong>Informacije<\/strong><\/p>\n<p>Po\u010detkom 20. stolje\u0107a izgra\u0111eno je novo grobi\u0161te \u201ena Duba\u010dac\u201c.<\/p><\/div><\/div><div class='content-column one_half last_column'><div style=\"padding-right:0px;padding-left:6px;\"><p><strong>Stupanj za\u0161tite \/ Schutzstellung<br \/>\n<\/strong>&#8211;<\/p>\n<hr \/>\n<p><strong>Info<\/strong><\/p>\n<p>Der neue Friedhof wurde dann zu Beginn des 20. Jahrhunderts im Bereich \u201eDuba\u010dac&#8220; errichtet.<\/p><\/div><\/div><div class='clear_column'><\/div><div class='content-column one_half'><div style=\"padding-right:6px;\"><p>U po\u010detku su se svi Grabljani pokopavali (a i kr\u0161avali i vjen\u010davali) u Hvaru, jer u njihom selima nije bilo groblja, a isprava ni crkve ni sve\u0107nika. Pokraj 18. stolje\u0107a\u00a0 nastaju prve grobnice u velograbljskoj crkvi, koje se 1818. g. zbog zdravstvenih propisa prenose ispred iste crkve. To su bila zajedni\u010dka ukopi\u0161ta obaju sela (Velo i Malo Grablje) do pred Prvi svjetski rat.<\/p><\/div><\/div><div class='content-column one_half last_column'><div style=\"padding-right:0px;padding-left:6px;\"><p>Am Anfang waren Begr\u00e4bnisse der Grabljaner (auch Taufen und Heiraten) in Hvar, weil es in den D\u00f6rfern keine Friedh\u00f6fe gab, und weder Kirchen noch Priester gab. Zu Beginn des 18. Jh. wurden die ersten Gr\u00e4ber in der Velograder Kirche errichtet, bis im Jahr 1818 aufgrund gesundheitlicher Vorschriften sie vor die Kirche verlegt wurden, Hier fanden die gemeinsamen Bestattungen f\u00fcr beide D\u00f6rfer (Velo und Malo Grablje) bis zum Ersten Weltkrieg statt.<\/p><\/div><\/div><div class='clear_column'><\/div><div class='content-column one_half'><div style=\"padding-right:6px;\"><p>Iseljeni su Grabljani davali donacije kojima su pomagali ove radove, a \u010dim bi postigli zna\u010dajniji financijski uspjeh u inozemstvu davali su i ve\u0107e pojedina\u010dne donacije.<\/p><\/div><\/div><div class='content-column one_half last_column'><div style=\"padding-right:0px;padding-left:6px;\"><p>Die ausgewanderten Grabljaner gaben Spenden zur Unterst\u00fctzung dieser Arbeiten, und sobald sie im Ausland gr\u00f6\u00dferen finanziellen Erfolg erzielten, stellten sie auch gr\u00f6\u00dfere Einzelspenden zur Verf\u00fcgung.<\/p><\/div><\/div><div class='clear_column'><\/div><div class='content-column one_half'><div style=\"padding-right:6px;\"><p>Prilikom izgradnje novog groblja ure\u0111eno 25 grobnica za odrasle , te njih \u010dak 10 za djecu starosti do 7 godina.<\/p><\/div><\/div><div class='content-column one_half last_column'><div style=\"padding-right:0px;padding-left:6px;\"><p>W\u00e4hrend des Baues des neuen Friedhofs wurden bereits 25 Gr\u00e4ber f\u00fcr Erwachsene und 10 f\u00fcr Kinder bis zu 7 Jahren errichtet.<\/p><\/div><\/div><div class='clear_column'><\/div><div class='content-column one_half'><div style=\"padding-right:6px;\"><p>Na ju\u017enom kraju groblja nalazi se grobljanski kri\u017e sa spomen plo\u010dom pod krovom.<\/p><\/div><\/div><div class='content-column one_half last_column'><div style=\"padding-right:0px;padding-left:6px;\"><p>Am S\u00fcdende des Friedhofes befindet sich unter einem Dach das Friedhofskreuz mit Gedenktafel.<\/p><\/div><\/div><div class='clear_column'><\/div><\/p>\n<p style=\"text-align: right;\"><img loading=\"lazy\" decoding=\"async\" class=\"alignnone size-large wp-image-23006\" src=\"https:\/\/www.topohvar.at\/wp-content\/uploads\/2019\/05\/gv-og-01-10-1024x503.jpg\" alt=\"\" width=\"640\" height=\"314\" srcset=\"https:\/\/www.topohvar.at\/wp-content\/uploads\/2019\/05\/gv-og-01-10-1024x503.jpg 1024w, https:\/\/www.topohvar.at\/wp-content\/uploads\/2019\/05\/gv-og-01-10-300x147.jpg 300w, https:\/\/www.topohvar.at\/wp-content\/uploads\/2019\/05\/gv-og-01-10-768x377.jpg 768w, https:\/\/www.topohvar.at\/wp-content\/uploads\/2019\/05\/gv-og-01-10.jpg 1080w\" sizes=\"auto, (max-width: 640px) 100vw, 640px\" \/><span style=\"color: #3366ff;\"><a style=\"color: #3366ff;\" href=\"#seite_oben\">natrag na vrh \/ Seitenanfang<\/a><\/span><\/p>\n<hr \/>\n<p><strong>Linkovi \/ Links<\/strong><\/p>\n<p><span style=\"color: #3366ff;\"><a style=\"color: #3366ff;\" href=\"https:\/\/www.topohvar.at\/orte\/gv\/gv-is-12-1\/\">Spomen plo\u010da \u00bbObnova groblja\u00ab \/ Gedenktafel \u00fcber die Erneuerung des Friedhofs<\/a><\/span><br \/>\n<span style=\"color: #3366ff;\"><a style=\"color: #3366ff;\" href=\"https:\/\/www.topohvar.at\/orte\/gv\/gv-cp-02-1\/\">Kapela \u00bbna groblju\u00ab \/ Friedhofskapelle<\/a><br \/>\n<a style=\"color: #3366ff;\" href=\"https:\/\/www.topohvar.at\/orte\/gv\/gv-is-07-1\/\">Plo\u010da na grobljanskoj kapeli \/ Tafel an der Friedhofskapelle<\/a><br \/>\n<a href=\"https:\/\/www.topohvar.at\/topo\/orte\/gv\/gv-cz-12-1\/\"><span style=\"color: #3366ff;\">Kri\u017e \u00bbGrobljanski kri\u017e\u00ab \/ Kreuz \u00bbFriedhofskreuz\u00ab<\/span><\/a><br \/>\n<a style=\"color: #3366ff;\" href=\"https:\/\/www.topohvar.at\/topo\/orte\/gv\/gv-is-05-1\/\">Spomen plo\u010da \u00bbKod grobljanskog kri\u017ea\u00ab \/ Gedenktafel beim Friedhofskreuz<\/a><br \/>\n<a style=\"color: #3366ff;\" href=\"https:\/\/www.topohvar.at\/orte\/gv\/gv-mo-01-1\/\">Spomenik stupac \u00bbStaro groblje\u00ab \/ Gedenkstein <em>Alter Friedhof<\/em><\/a><\/span><\/p>\n","protected":false},"excerpt":{"rendered":"<p>Ime \/ Name Objekt \u00bbGroblje (novo)\u00ab \/ (Neuer) Friedhof Code: GV-OG-01\u00a0 \u00a0 \u00a0 \u00a0 \u00a0 \u00a0 \u00a0 \u00a0 \u00a0 \u00a0 \u00a0 \u00a0 \u00a0 \u00a0 \u00a0 \u00a0 Adresa \/ Adresse Velo Grablje, Duba\u010dac, groblje Lokacija \/ Position Latitude: N 43,16870\u00b0\u00a0 \u00a0Longitude: &hellip; <a href=\"https:\/\/www.topohvar.at\/topo\/orte\/gv\/gv-og-01-1\/\">Weiterlesen <span class=\"meta-nav\">&rarr;<\/span><\/a><\/p>\n","protected":false},"author":1,"featured_media":0,"parent":76,"menu_order":0,"comment_status":"closed","ping_status":"closed","template":"","meta":{"footnotes":""},"class_list":["post-9815","page","type-page","status-publish","hentry"],"_links":{"self":[{"href":"https:\/\/www.topohvar.at\/topo\/wp-json\/wp\/v2\/pages\/9815","targetHints":{"allow":["GET"]}}],"collection":[{"href":"https:\/\/www.topohvar.at\/topo\/wp-json\/wp\/v2\/pages"}],"about":[{"href":"https:\/\/www.topohvar.at\/topo\/wp-json\/wp\/v2\/types\/page"}],"author":[{"embeddable":true,"href":"https:\/\/www.topohvar.at\/topo\/wp-json\/wp\/v2\/users\/1"}],"replies":[{"embeddable":true,"href":"https:\/\/www.topohvar.at\/topo\/wp-json\/wp\/v2\/comments?post=9815"}],"version-history":[{"count":18,"href":"https:\/\/www.topohvar.at\/topo\/wp-json\/wp\/v2\/pages\/9815\/revisions"}],"predecessor-version":[{"id":55770,"href":"https:\/\/www.topohvar.at\/topo\/wp-json\/wp\/v2\/pages\/9815\/revisions\/55770"}],"up":[{"embeddable":true,"href":"https:\/\/www.topohvar.at\/topo\/wp-json\/wp\/v2\/pages\/76"}],"wp:attachment":[{"href":"https:\/\/www.topohvar.at\/topo\/wp-json\/wp\/v2\/media?parent=9815"}],"curies":[{"name":"wp","href":"https:\/\/api.w.org\/{rel}","templated":true}]}}

<p><a name="seite_oben"></a><br />
<strong><img loading="lazy" decoding="async" class="aligncenter wp-image-23761 size-full" src="https://www.topohvar.at/wp-content/uploads/2019/07/gv-og-01-11.jpg" alt="" width="1080" height="530" srcset="https://www.topohvar.at/wp-content/uploads/2019/07/gv-og-01-11.jpg 1080w, https://www.topohvar.at/wp-content/uploads/2019/07/gv-og-01-11-300x147.jpg 300w, https://www.topohvar.at/wp-content/uploads/2019/07/gv-og-01-11-768x377.jpg 768w, https://www.topohvar.at/wp-content/uploads/2019/07/gv-og-01-11-1024x503.jpg 1024w" sizes="auto, (max-width: 1080px) 100vw, 1080px" /></strong></p>
<p><strong>Ime / Name<br />
</strong>Objekt »Groblje (novo)« / (Neuer) Friedhof</p>
<p><strong>Code: </strong>GV-OG-01                               <strong><a href="https://www.topohvar.at/topo/orte/gv/gv-pu-01-1/"><img loading="lazy" decoding="async" class="alignnone wp-image-12300 size-full" src="https://www.topohvar.at/wp-content/uploads/2018/09/push-vor-30.jpg" alt="" width="61" height="30" /></a> <a href="https://www.topohvar.at/orte/gv/"><img loading="lazy" decoding="async" class="alignnone wp-image-535 size-full" src="https://www.topohvar.at/wp-content/uploads/2018/07/push-o-30.jpg" alt="" width="61" height="30" /></a> <a href="https://www.topohvar.at/orte/gv/gv-ob-01-1/"><img loading="lazy" decoding="async" class="alignnone wp-image-12299 size-full" src="https://www.topohvar.at/wp-content/uploads/2018/09/push-next-30.jpg" alt="" width="61" height="30" /></a></strong></p>
<hr />
<p><strong>Adresa / Adresse<br />
</strong>Velo Grablje, Dubačac, groblje</p>
<p><strong>Lokacija / Position<img loading="lazy" decoding="async" class="alignright wp-image-9984" src="https://www.topohvar.at/wp-content/uploads/2018/09/1178.jpg" alt="" width="133" height="100" /><br />
</strong><span style="color: #3366ff;"><a style="color: #3366ff;" href="https://goo.gl/maps/uVqXwsBmFaBXzt6U7">Latitude: N 43,16870°   Longitude: E 16,52032°</a> </span><strong><br />
</strong>Visina / Höhe: 288 m</p>
<p><strong>Katastarska čestica / Grundstücke<br />
</strong>*428, 4036, 4051, 4054 <div class='content-column one_half'><div style="padding-right:6px;"><p><strong>Datum snimanja / Erfassungsdatum<br />
</strong>23.09.2015 16:40:00</p>
<hr />
<p><strong>Informacije</strong></p>
<p>Početkom 20. stoljeća izgrađeno je novo grobište „na Dubačac“.</p></div></div><div class='content-column one_half last_column'><div style="padding-right:0px;padding-left:6px;"><p><strong>Stupanj zaštite / Schutzstellung<br />
</strong>&#8211;</p>
<hr />
<p><strong>Info</strong></p>
<p>Der neue Friedhof wurde dann zu Beginn des 20. Jahrhunderts im Bereich „Dubačac&#8220; errichtet.</p></div></div><div class='clear_column'></div><div class='content-column one_half'><div style="padding-right:6px;"><p>U početku su se svi Grabljani pokopavali (a i kršavali i vjenčavali) u Hvaru, jer u njihom selima nije bilo groblja, a isprava ni crkve ni svećnika. Pokraj 18. stoljeća  nastaju prve grobnice u velograbljskoj crkvi, koje se 1818. g. zbog zdravstvenih propisa prenose ispred iste crkve. To su bila zajednička ukopišta obaju sela (Velo i Malo Grablje) do pred Prvi svjetski rat.</p></div></div><div class='content-column one_half last_column'><div style="padding-right:0px;padding-left:6px;"><p>Am Anfang waren Begräbnisse der Grabljaner (auch Taufen und Heiraten) in Hvar, weil es in den Dörfern keine Friedhöfe gab, und weder Kirchen noch Priester gab. Zu Beginn des 18. Jh. wurden die ersten Gräber in der Velograder Kirche errichtet, bis im Jahr 1818 aufgrund gesundheitlicher Vorschriften sie vor die Kirche verlegt wurden, Hier fanden die gemeinsamen Bestattungen für beide Dörfer (Velo und Malo Grablje) bis zum Ersten Weltkrieg statt.</p></div></div><div class='clear_column'></div><div class='content-column one_half'><div style="padding-right:6px;"><p>Iseljeni su Grabljani davali donacije kojima su pomagali ove radove, a čim bi postigli značajniji financijski uspjeh u inozemstvu davali su i veće pojedinačne donacije.</p></div></div><div class='content-column one_half last_column'><div style="padding-right:0px;padding-left:6px;"><p>Die ausgewanderten Grabljaner gaben Spenden zur Unterstützung dieser Arbeiten, und sobald sie im Ausland größeren finanziellen Erfolg erzielten, stellten sie auch größere Einzelspenden zur Verfügung.</p></div></div><div class='clear_column'></div><div class='content-column one_half'><div style="padding-right:6px;"><p>Prilikom izgradnje novog groblja uređeno 25 grobnica za odrasle , te njih čak 10 za djecu starosti do 7 godina.</p></div></div><div class='content-column one_half last_column'><div style="padding-right:0px;padding-left:6px;"><p>Während des Baues des neuen Friedhofs wurden bereits 25 Gräber für Erwachsene und 10 für Kinder bis zu 7 Jahren errichtet.</p></div></div><div class='clear_column'></div><div class='content-column one_half'><div style="padding-right:6px;"><p>Na južnom kraju groblja nalazi se grobljanski križ sa spomen pločom pod krovom.</p></div></div><div class='content-column one_half last_column'><div style="padding-right:0px;padding-left:6px;"><p>Am Südende des Friedhofes befindet sich unter einem Dach das Friedhofskreuz mit Gedenktafel.</p></div></div><div class='clear_column'></div></p>
<p style="text-align: right;"><img loading="lazy" decoding="async" class="alignnone size-large wp-image-23006" src="https://www.topohvar.at/wp-content/uploads/2019/05/gv-og-01-10-1024x503.jpg" alt="" width="640" height="314" srcset="https://www.topohvar.at/wp-content/uploads/2019/05/gv-og-01-10-1024x503.jpg 1024w, https://www.topohvar.at/wp-content/uploads/2019/05/gv-og-01-10-300x147.jpg 300w, https://www.topohvar.at/wp-content/uploads/2019/05/gv-og-01-10-768x377.jpg 768w, https://www.topohvar.at/wp-content/uploads/2019/05/gv-og-01-10.jpg 1080w" sizes="auto, (max-width: 640px) 100vw, 640px" /><span style="color: #3366ff;"><a style="color: #3366ff;" href="#seite_oben">natrag na vrh / Seitenanfang</a></span></p>
<hr />
<p><strong>Linkovi / Links</strong></p>
<p><span style="color: #3366ff;"><a style="color: #3366ff;" href="https://www.topohvar.at/orte/gv/gv-is-12-1/">Spomen ploča »Obnova groblja« / Gedenktafel über die Erneuerung des Friedhofs</a></span><br />
<span style="color: #3366ff;"><a style="color: #3366ff;" href="https://www.topohvar.at/orte/gv/gv-cp-02-1/">Kapela »na groblju« / Friedhofskapelle</a><br />
<a style="color: #3366ff;" href="https://www.topohvar.at/orte/gv/gv-is-07-1/">Ploča na grobljanskoj kapeli / Tafel an der Friedhofskapelle</a><br />
<a href="https://www.topohvar.at/topo/orte/gv/gv-cz-12-1/"><span style="color: #3366ff;">Križ »Grobljanski križ« / Kreuz »Friedhofskreuz«</span></a><br />
<a style="color: #3366ff;" href="https://www.topohvar.at/topo/orte/gv/gv-is-05-1/">Spomen ploča »Kod grobljanskog križa« / Gedenktafel beim Friedhofskreuz</a><br />
<a style="color: #3366ff;" href="https://www.topohvar.at/orte/gv/gv-mo-01-1/">Spomenik stupac »Staro groblje« / Gedenkstein <em>Alter Friedhof</em></a></span></p>

<p>Ime / Name Objekt »Groblje (novo)« / (Neuer) Friedhof Code: GV-OG-01                                Adresa / Adresse Velo Grablje, Dubačac, groblje Lokacija / Position Latitude: N 43,16870°   Longitude: &hellip; <a href="https://www.topohvar.at/topo/orte/gv/gv-og-01-1/">Weiterlesen <span class="meta-nav">&rarr;</span></a></p>
