{"id":990,"date":"2018-07-28T12:14:55","date_gmt":"2018-07-28T10:14:55","guid":{"rendered":"https:\/\/www.topohvar.at\/?page_id=990"},"modified":"2021-08-24T16:59:29","modified_gmt":"2021-08-24T14:59:29","slug":"br-is-02-2","status":"publish","type":"page","link":"https:\/\/www.topohvar.at\/topo\/orte\/br\/br-is-02-2\/","title":{"rendered":"BRUSJE &#8211; Spomen plo\u010da \u00bbMate Hraste\u00ab"},"content":{"rendered":"<p><a name=\"seite_oben\"><\/a><br \/>\n<strong><img loading=\"lazy\" decoding=\"async\" class=\"alignnone wp-image-1008 size-large\" src=\"https:\/\/www.topohvar.at\/wp-content\/uploads\/2018\/07\/BR-IS-02-1-1024x503.jpg\" alt=\"\" width=\"640\" height=\"314\" srcset=\"https:\/\/www.topohvar.at\/wp-content\/uploads\/2018\/07\/BR-IS-02-1-1024x503.jpg 1024w, https:\/\/www.topohvar.at\/wp-content\/uploads\/2018\/07\/BR-IS-02-1-300x147.jpg 300w, https:\/\/www.topohvar.at\/wp-content\/uploads\/2018\/07\/BR-IS-02-1-768x377.jpg 768w\" sizes=\"auto, (max-width: 640px) 100vw, 640px\" \/><\/strong><\/p>\n<p><strong>Ime \/ Name<br \/>\n<\/strong>Spomen plo\u010da \u00bbMate Hraste\u00ab \/ Gedenktafel \u00bbMate Hraste\u00ab<\/p>\n<p><strong>Code: <\/strong>BR-IS-02\u00a0 \u00a0 \u00a0 \u00a0 \u00a0 \u00a0 \u00a0 \u00a0 \u00a0 \u00a0 \u00a0 \u00a0 \u00a0 \u00a0 \u00a0 \u00a0 \u00a0 \u00a0\u00a0<a href=\"https:\/\/www.topohvar.at\/orte\/br\/br-ip-01-2\/\"><img loading=\"lazy\" decoding=\"async\" class=\"alignnone wp-image-12300 size-full\" src=\"https:\/\/www.topohvar.at\/wp-content\/uploads\/2018\/09\/push-vor-30.jpg\" alt=\"\" width=\"61\" height=\"30\" \/><\/a>\u00a0<strong><a href=\"https:\/\/www.topohvar.at\/orte\/br\/br-is-10-2\/\"><img loading=\"lazy\" decoding=\"async\" class=\"alignnone wp-image-533 size-full\" src=\"https:\/\/www.topohvar.at\/wp-content\/uploads\/2018\/07\/push-l-30.jpg\" alt=\"\" width=\"61\" height=\"30\" \/><\/a> <a href=\"https:\/\/www.topohvar.at\/orte\/br\/\"><img loading=\"lazy\" decoding=\"async\" class=\"alignnone wp-image-535 size-full\" src=\"https:\/\/www.topohvar.at\/wp-content\/uploads\/2018\/07\/push-o-30.jpg\" alt=\"\" width=\"61\" height=\"30\" \/><\/a> <a href=\"https:\/\/www.topohvar.at\/orte\/br\/br-is-11-2\/\"><img loading=\"lazy\" decoding=\"async\" class=\"alignnone wp-image-536 size-full\" src=\"https:\/\/www.topohvar.at\/wp-content\/uploads\/2018\/07\/push-r-30.jpg\" alt=\"\" width=\"61\" height=\"30\" \/><\/a><\/strong><\/p>\n<hr \/>\n<p><strong>Adresa \/ Adresse<br \/>\n<\/strong>Brusje,\u00a0Mandra\u010d 15<\/p>\n<p><strong>Lokacija<\/strong><strong> \/ Position<a href=\"https:\/\/goo.gl\/maps\/4ZMsUuGXqCoxhERdA\"><img loading=\"lazy\" decoding=\"async\" class=\"alignright wp-image-819\" src=\"https:\/\/www.topohvar.at\/wp-content\/uploads\/2018\/07\/0052.jpg\" alt=\"\" width=\"134\" height=\"100\" \/><\/a><br \/>\n<\/strong><span style=\"color: #3366ff;\"><a style=\"color: #3366ff;\" href=\"https:\/\/goo.gl\/maps\/4ZMsUuGXqCoxhERdA\">Latitude: N 43,19180\u00b0\u00a0 \u00a0Longitude: E 16,48869\u00b0<\/a> <\/span><strong><br \/>\n<\/strong>Visina \/ H\u00f6he: 309 m<\/p>\n<p><strong>Katastarska \u010destica<\/strong><strong> \/ Grundst\u00fccke<br \/>\n<\/strong>*119\/2<div class='content-column one_half'><div style=\"padding-right:6px;\"><p><strong>Datum snimanja \/ Erfassungsdatum<br \/>\n<\/strong>19.05.2014 10:03:15<\/p>\n<hr \/>\n<p><strong>Informacije<\/strong><\/p>\n<p>Na zidu ku\u0107e u kojoj je ro\u0111en Mate Hraste, je plaketa sa sljede\u0107im natpisom:<\/p><\/div><\/div><div class='content-column one_half last_column'><div style=\"padding-right:0px;padding-left:6px;\"><p><strong>Stupanj za\u0161tite<\/strong><strong> \/ Schutzstellung<br \/>\n<\/strong>&#8211;<\/p>\n<hr \/>\n<p><strong>Info<\/strong><\/p>\n<p>Die Gedenktafel befindet sich an der Hauswand des Geburtshauses von Mate Hraste mit folgender Inschrift:<\/p><\/div><\/div><div class='clear_column'><\/div><div class='content-column one_half'><div style=\"padding-right:6px;\"><p style=\"text-align: center;\">U OVOJ SE KU\u0106I RODIO<br \/>\nAKADEMIK<br \/>\n<strong>MATE HRASTE<\/strong><br \/>\n(1897 \u2013 1970)<br \/>\nZASLU\u017dNI HRVATSKI FILOLOG.<\/p>\n<p style=\"padding-left: 60px;\">U POVODU DESETE OBLJETNICE SMRTI<br \/>\nSPOMEN \u2013 PLO\u010cU PODI\u017dE<br \/>\nHRVATSKO FILOLO\u0160KO DRU\u0160TVO<\/p><\/div><\/div><div class='content-column one_half last_column'><div style=\"padding-right:0px;padding-left:6px;\"><p style=\"text-align: center;\">An diesem Ort wurde geboren<br \/>\nder Akademiker<br \/>\n<strong>Mate Hraste<\/strong><br \/>\n(1897 &#8211; 1970)<br \/>\nverdienter kroatischer Philologie.<\/p>\n<p style=\"padding-left: 60px;\">Anl\u00e4sslich des 10. Todestages<br \/>\nwurde die\u00a0Gedenktafel errichtet<br \/>\nKroatische Philologische Gesellschaft<\/p><\/div><\/div><div class='clear_column'><\/div><\/p>\n<hr \/>\n<div class='content-column one_half'><div style=\"padding-right:6px;\"><p><strong>Mate Hraste<\/strong><br \/>\n*Brusje, 25.1.1897., +Zagreb, 29.11.1970.<\/p><\/div><\/div><div class='content-column one_half last_column'><div style=\"padding-right:0px;padding-left:6px;\"><p><strong>Mate Hraste<\/strong><br \/>\ngeboren 25. 1. 1897 in Brusje, gestorben 29. 11. 1970.<\/p><\/div><\/div><div class='clear_column'><\/div><div class='content-column one_half'><div style=\"padding-right:6px;\"><p>Hrvatski jezikoslovac, sveu\u010dili\u0161ni profesor i akademik HAZU. Posvetio se prou\u010davanju hrvatskih narje\u010dja (prvenstveno \u010dakavskog) i povijesti jezika, 1938. godine u Beogradu postaje doktor jezikoslovlja analizom govora \u017eitelja otoka Bra\u010da.Radio je kao srednjo\u0161kolski profesor u Srijemskoj Mitrovici, Sisku i Petrinji.<\/p><\/div><\/div><div class='content-column one_half last_column'><div style=\"padding-right:0px;padding-left:6px;\"><p>Kroatischer Linguist, Universit\u00e4tsprofessor und Mitglied der Kroatischen Akademie der Wissenschaften. Er widmete sich dem Studium kroatischer Dialekte (vor allem \u010dakavskog) und der Geschichte der Sprache. Im Jahr 1938 wurde er in Belgrad zum Doktor der Linguistik, der Analyse der Sprache der Bewohner der Insel Bra\u010d. Er arbeitete als Gymnasiallehrer in Sremska Mitrovic, Sisak und Petrinja.<\/p><\/div><\/div><div class='clear_column'><\/div><div class='content-column one_third'><div style=\"padding-right:6px;\"><p>1946. godine postaje docent na Katedri za hrvatski ili srpski jezik na Filozofskom fakultetu u Zagrebu. Od 1955. godine do umirovljenja 1965. redovni je profesor na toj katedri. Akademik JAZU (danas HAZU) od 1961. godine.<\/p><\/div><\/div><div class='content-column one_third'><div style=\"padding-right:6px;\"><p><img loading=\"lazy\" decoding=\"async\" class=\"aligncenter wp-image-34408\" src=\"https:\/\/www.topohvar.at\/wp-content\/uploads\/2020\/03\/br-is-02-17-300x300.jpg\" alt=\"\" width=\"195\" height=\"195\" srcset=\"https:\/\/www.topohvar.at\/wp-content\/uploads\/2020\/03\/br-is-02-17-300x300.jpg 300w, https:\/\/www.topohvar.at\/wp-content\/uploads\/2020\/03\/br-is-02-17-150x150.jpg 150w, https:\/\/www.topohvar.at\/wp-content\/uploads\/2020\/03\/br-is-02-17.jpg 470w\" sizes=\"auto, (max-width: 195px) 100vw, 195px\" \/><\/p><\/div><\/div><div class='content-column one_third last_column'><div style=\"padding-right:0px;padding-left:6px;\"><p>Im Jahr 1946 wurde er Assistenzprofessor am Institut f\u00fcr kroatische und serbische Sprache an der Philosophischen Fakult\u00e4t in Zagreb. Von 1955 bis zu seiner Pensionierung im Jahr 1965 war er Professor an der Abteilung. Mitglied der Jugoslawischen Akademie der Wissenschaften (heute Kroatische Akademie der Wissenschaften) war er seit 1961.<\/p><\/div><\/div><div class='clear_column'><\/div><\/p>\n<p style=\"text-align: center;\"><em>(Izvor \/ Quelle: Wikipedija)<\/em><\/p>\n<p style=\"text-align: right;\"><a href=\"#seite_oben\">natrag na vrh \/ Seitenanfang<\/a><\/p>\n<hr \/>\n<p><strong>Linkovi \/ Links<\/strong><\/p>\n<p><span style=\"color: #3366ff;\"><a style=\"color: #3366ff;\" href=\"https:\/\/www.topohvar.at\/topo\/orte\/br\/br-tg-05-2\">Rodna ku\u0107a \/ Geburtshaus \u00bbMate Hraste\u00ab<\/a><\/span><\/p>\n","protected":false},"excerpt":{"rendered":"<p>Ime \/ Name Spomen plo\u010da \u00bbMate Hraste\u00ab \/ Gedenktafel \u00bbMate Hraste\u00ab Code: BR-IS-02\u00a0 \u00a0 \u00a0 \u00a0 \u00a0 \u00a0 \u00a0 \u00a0 \u00a0 \u00a0 \u00a0 \u00a0 \u00a0 \u00a0 \u00a0 \u00a0 \u00a0 \u00a0\u00a0\u00a0 Adresa \/ Adresse Brusje,\u00a0Mandra\u010d 15 Lokacija \/ Position Latitude: N &hellip; <a href=\"https:\/\/www.topohvar.at\/topo\/orte\/br\/br-is-02-2\/\">Weiterlesen <span class=\"meta-nav\">&rarr;<\/span><\/a><\/p>\n","protected":false},"author":1,"featured_media":0,"parent":65,"menu_order":0,"comment_status":"closed","ping_status":"closed","template":"","meta":{"footnotes":""},"class_list":["post-990","page","type-page","status-publish","hentry"],"_links":{"self":[{"href":"https:\/\/www.topohvar.at\/topo\/wp-json\/wp\/v2\/pages\/990","targetHints":{"allow":["GET"]}}],"collection":[{"href":"https:\/\/www.topohvar.at\/topo\/wp-json\/wp\/v2\/pages"}],"about":[{"href":"https:\/\/www.topohvar.at\/topo\/wp-json\/wp\/v2\/types\/page"}],"author":[{"embeddable":true,"href":"https:\/\/www.topohvar.at\/topo\/wp-json\/wp\/v2\/users\/1"}],"replies":[{"embeddable":true,"href":"https:\/\/www.topohvar.at\/topo\/wp-json\/wp\/v2\/comments?post=990"}],"version-history":[{"count":18,"href":"https:\/\/www.topohvar.at\/topo\/wp-json\/wp\/v2\/pages\/990\/revisions"}],"predecessor-version":[{"id":51447,"href":"https:\/\/www.topohvar.at\/topo\/wp-json\/wp\/v2\/pages\/990\/revisions\/51447"}],"up":[{"embeddable":true,"href":"https:\/\/www.topohvar.at\/topo\/wp-json\/wp\/v2\/pages\/65"}],"wp:attachment":[{"href":"https:\/\/www.topohvar.at\/topo\/wp-json\/wp\/v2\/media?parent=990"}],"curies":[{"name":"wp","href":"https:\/\/api.w.org\/{rel}","templated":true}]}}